04-06 14:24:29.292 4552 4552 W VideoCapabilities: Unrecognized profile/level 1/32
for video/mp4v-es
04-06 14:24:29.312 4552 4552 W ExoPlayer:Dummy: type=1400 audit(0.0:4743): avc:
denied { read } for name="u:object_r:debug_bq_dump_prop:s0" dev="tmpfs" ino=92
scontext=u:r:untrusted_app:s0:c225,c256,c512,c768
tcontext=u:object_r:debug_bq_dump_prop:s0 tclass=file permissive=0
04-06 14:24:29.316 4552 5640 E libc : Access denied finding property
"vendor.debug.bq.dump"
04-06 14:24:29.316 4552 5640 E libc : Access denied finding property
"vendor.debug.bq.dump"
04-06 14:24:29.316 4552 5640 E libc : Access denied finding property
"vendor.debug.bq.dump"
04-06 14:24:29.317 4552 5640 E GraphicExt:
GraphicExtModuleLoader::CreateGraphicExtInstance false
04-06 14:24:29.317 4552 5629 E GraphicExt:
GraphicExtModuleLoader::CreateGraphicExtInstance false
04-06 14:24:29.320 4552 5632 E MtkACodec: setConfig(OMX_CONFIG_ROTATIONTYPE)
returned error 0xfffffc0e
04-06 14:24:29.320 4552 5632 E ACodec : [OMX.MTK.VIDEO.DECODER.AVC] failed to
setViLTEParameters 1
04-06 14:24:29.343 4552 5632 W ACodec : [OMX.MTK.VIDEO.DECODER.AVC] setting
nBufferCountActual to 6 failed: -22
04-06 14:24:29.366 4552 5632 W ACodec : [OMX.MTK.VIDEO.DECODER.AVC] setting
nBufferCountActual to 18 failed: -22
04-06 14:24:29.379 4552 5641 W Codec2Client: query -- param skipped: index =
1107298332.
04-06 14:24:29.379 4552 5641 W CCodec : This behavior is subject to change. It
is recommended that app developers double check whether the requested max input
size is in reasonable range.
04-06 14:24:29.380 4552 5641 W Codec2Client: query -- param skipped: index =
1342179345.
04-06 14:24:29.380 4552 5641 W Codec2Client: query -- param skipped: index =
2415921170.
04-06 14:24:29.380 4552 5641 W Codec2Client: query -- param skipped: index =
1610614798.
04-06 14:24:29.529 4552 5641 W Codec2Client: query -- param skipped: index =
1342179345.
04-06 14:24:29.529 4552 5641 W Codec2Client: query -- param skipped: index =
2415921170.
04-06 14:24:29.529 4552 5641 W Codec2Client: query -- param skipped: index =
1610614798.
04-06 14:24:29.551 4552 4552 E libc : Access denied finding property
"vendor.debug.bq.dump"
04-06 14:24:29.551 4552 4552 E libc : Access denied finding property
"vendor.debug.bq.dump"
04-06 14:24:29.551 4552 4552 E libc : Access denied finding property
"vendor.debug.bq.dump"
04-06 14:24:29.551 4552 4552 E GraphicExt:
GraphicExtModuleLoader::CreateGraphicExtInstance false
04-06 14:24:29.551 4552 4552 E GraphicExt:
GraphicExtModuleLoader::CreateGraphicExtInstance false
04-06 14:24:29.558 4552 4552 W Looper : Slow Looper main: doFrame is 375ms late
because of 2 msg, msg 1 took 380ms (seq=1213 h=android.os.Handler c=X.0jz)
04-06 14:24:29.571 4552 5641 W Codec2Client: query -- param skipped: index =
1342179345.
04-06 14:24:29.571 4552 5641 W Codec2Client: query -- param skipped: index =
2415921170.
04-06 14:24:29.571 4552 5641 W Codec2Client: query -- param skipped: index =
1610614798.
04-06 14:24:29.572 4552 5336 E DRM_DCF_DECODER_JNI: nativeDecryptDcfFile: failed
to openDecryptSession, trigger showDrmDialogIfNeed
04-06 14:24:29.575 4552 5336 E DRM/DcfDecoder: decodeDrmImage native decrypt
failed
04-06 14:24:29.611 4552 5641 W Codec2Client: query -- param skipped: index =
1342179345.
04-06 14:24:29.611 4552 5641 W Codec2Client: query -- param skipped: index =
2415921170.
04-06 14:24:29.611 4552 5641 W Codec2Client: query -- param skipped: index =
1610614798.
04-06 14:24:29.624 4552 5629 E GraphicExt:
GraphicExtModuleLoader::CreateGraphicExtInstance false
04-06 14:24:29.625 4552 5632 W ACodec : Failed to set ANW_HWComposer to OMX,
ignoring (-2147483648)
04-06 14:24:29.673 4552 4884 W RefBase : CallStack::getCurrentInternal not
linked, returning null
04-06 14:24:29.673 4552 4884 W RefBase : CallStack::logStackInternal not linked
04-06 14:24:29.678 4552 4577 W RefBase : CallStack::getCurrentInternal not
linked, returning null
04-06 14:24:29.678 4552 4577 W RefBase : CallStack::logStackInternal not linked
04-06 14:24:31.927 4552 4552 E ArmVmp : Match on catch block at 0x0a in for 0xc9
04-06 14:24:31.929 4552 4652 W System : ClassLoader referenced unknown path:
system/framework/mediatek-cta.jar
04-06 14:24:31.930 4552 4552 E ArmVmp : Match on catch block at 0x0a in for 0xc5
04-06 14:24:31.963 4552 4552 E GraphicExt:
GraphicExtModuleLoader::CreateGraphicExtInstance false
04-06 14:24:31.991 4552 4652 W System : ClassLoader referenced unknown path:
system/framework/mediatek-cta.jar
04-06 14:24:32.007 4552 4552 E ArmVmp : Match on catch block at 0xc3 in for 0xa9
04-06 14:24:32.009 4552 4552 E ArmVmp : Match on catch block at 0xc3 in for 0xa1
04-06 14:24:32.088 4552 4552 E ArmVmp : Match on catch block at 0xc3 in for 0xa1
04-06 14:24:32.093 4552 4552 E ArmVmp : Match on catch block at 0xc3 in for 0xa5
04-06 14:24:32.127 4552 4552 E ArmVmp : Match on catch block at 0xc3 in for 0xa9
04-06 14:24:32.131 4552 4552 E ArmVmp : Match on catch block at 0xc3 in for 0xa1
04-06 14:24:32.149 4552 4552 E ArmVmp : Match on catch block at 0xc3 in for 0xa5
04-06 14:24:32.152 4552 4552 E ArmVmp : Match on catch block at 0xc3 in for 0xa9
04-06 14:24:32.205 4552 5734 W OMXUtils: do not know color format 0x7f000200 =
2130706944
04-06 14:24:32.205 4552 5734 W OMXUtils: do not know color format 0x7f000789 =
2130708361
04-06 14:24:32.209 4552 5734 W OMXUtils: do not know color format 0x7f000789 =
2130708361
04-06 14:24:32.211 4552 5730 W H2BGraphicBufferProducer: getConsumerUsage is not
fully supported
04-06 14:24:32.212 4552 5730 E GraphicExt:
GraphicExtModuleLoader::CreateGraphicExtInstance false
04-06 14:24:32.245 4552 4552 E ArmVmp : Match on catch block at 0xc3 in for 0xa5
04-06 14:24:32.250 4552 4552 E ArmVmp : Match on catch block at 0xc3 in for 0xa9
04-06 14:24:32.259 4552 4552 E ArmVmp : Match on catch block at 0xc3 in for 0xa9
04-06 14:24:32.262 4552 4552 E ArmVmp : Match on catch block at 0xc3 in for 0xa1
04-06 14:24:32.275 4552 5730 E libc : Access denied finding property
"vendor.debug.bq.dump"
04-06 14:24:32.276 4552 5730 E libc : Access denied finding property
"vendor.debug.bq.dump"
04-06 14:24:32.276 4552 5730 E libc : Access denied finding property
"vendor.debug.bq.dump"
04-06 14:24:32.292 4552 5730 E GraphicExt:
GraphicExtModuleLoader::CreateGraphicExtInstance false
04-06 14:24:32.305 4552 5730 E GraphicExt:
GraphicExtModuleLoader::CreateGraphicExtInstance false
04-06 14:24:32.323 4552 5751 W ACodec : [OMX.MTK.VIDEO.DECODER.AVC] setting
nBufferCountActual to 6 failed: -22
04-06 14:24:32.342 4552 5751 W ACodec : [OMX.MTK.VIDEO.DECODER.AVC] setting
nBufferCountActual to 21 failed: -22
04-06 14:24:32.425 4552 4552 E ArmVmp : Match on catch block at 0xc3 in for 0xa1
04-06 14:24:32.429 4552 4552 E ArmVmp : Match on catch block at 0xc3 in for 0xa5
04-06 14:24:32.474 4552 4755 W RefBase : CallStack::getCurrentInternal not
linked, returning null
04-06 14:24:32.474 4552 4755 W RefBase : CallStack::logStackInternal not linked
04-06 14:24:32.490 4552 5629 E GraphicExt:
GraphicExtModuleLoader::CreateGraphicExtInstance false
04-06 14:24:32.491 4552 5632 W ACodec : Failed to set ANW_HWComposer to OMX,
ignoring (-2147483648)
04-06 14:24:32.581 4552 5641 W Codec2Client: query -- param skipped: index =
1342179345.
04-06 14:24:32.581 4552 5641 W Codec2Client: query -- param skipped: index =
2415921170.
04-06 14:24:32.581 4552 5641 W Codec2Client: query -- param skipped: index =
1610614798.
04-06 14:24:32.656 4552 4552 W Activity: Slow Operation: Activity
com.mbwhatsapp/.mediacomposer.MediaComposerActivity onDestroy took 168ms
04-06 14:24:32.676 4552 4552 E ArmVmp : Match on catch block at 0xc3 in for 0xa5
04-06 14:24:32.680 4552 4552 E ArmVmp : Match on catch block at 0xc3 in for 0xa9
04-06 14:24:32.743 4552 4552 E ArmVmp : Match on catch block at 0xc3 in for 0xa5
04-06 14:24:32.745 4552 4552 E ArmVmp : Match on catch block at 0xc3 in for 0xa9
04-06 14:24:32.758 4552 4552 E ArmVmp : Match on catch block at 0xc3 in for 0xa9
04-06 14:24:32.760 4552 4552 E ArmVmp : Match on catch block at 0xc3 in for 0xa1
04-06 14:24:32.779 4552 4552 E ArmVmp : Match on catch block at 0xc3 in for 0xa5
04-06 14:24:32.781 4552 4552 E ArmVmp : Match on catch block at 0xc3 in for 0xa9
04-06 14:24:32.793 4552 4552 E ArmVmp : Match on catch block at 0xc3 in for 0xa1
04-06 14:24:32.797 4552 4552 E ArmVmp : Match on catch block at 0xc3 in for 0xa5
04-06 14:24:32.819 4552 4552 E ArmVmp : Match on catch block at 0xc3 in for 0xa1
04-06 14:24:32.823 4552 4552 E ArmVmp : Match on catch block at 0xc3 in for 0xa5
04-06 14:24:32.827 4552 4552 E ArmVmp : Match on catch block at 0xc3 in for 0xa5
04-06 14:24:32.832 4552 4552 E ArmVmp : Match on catch block at 0xc3 in for 0xa9
04-06 14:24:32.842 4552 4552 E ArmVmp : Match on catch block at 0xc3 in for 0xa9
04-06 14:24:32.847 4552 4552 E ArmVmp : Match on catch block at 0xc3 in for 0xa1
04-06 14:24:32.873 4552 4552 E ArmVmp : Match on catch block at 0xc3 in for 0xa9
04-06 14:24:32.879 4552 4552 E ArmVmp : Match on catch block at 0xc3 in for 0xa1
04-06 14:24:32.887 4552 4552 E ArmVmp : Match on catch block at 0xc3 in for 0xa9
04-06 14:24:32.890 4552 4552 E ArmVmp : Match on catch block at 0xc3 in for 0xa1
04-06 14:24:32.910 4552 4552 E ArmVmp : Match on catch block at 0xc3 in for 0xa1
04-06 14:24:32.914 4552 4552 E ArmVmp : Match on catch block at 0xc3 in for 0xa5
04-06 14:24:32.915 4552 5730 W RefBase : CallStack::getCurrentInternal not
linked, returning null
04-06 14:24:32.915 4552 5730 W RefBase : CallStack::logStackInternal not linked
04-06 14:24:32.925 4552 4552 E ArmVmp : Match on catch block at 0xc3 in for 0xa5
04-06 14:24:32.927 4552 4552 E ArmVmp : Match on catch block at 0xc3 in for 0xa9
04-06 14:24:32.943 4552 4552 E ArmVmp : Match on catch block at 0xc3 in for 0xa9
04-06 14:24:32.946 4552 4552 E ArmVmp : Match on catch block at 0xc3 in for 0xa1
04-06 14:24:32.959 4552 4552 E ArmVmp : Match on catch block at 0xc3 in for 0xa1
04-06 14:24:32.963 4552 4552 E ArmVmp : Match on catch block at 0xc3 in for 0xa5
04-06 14:24:32.976 4552 4552 E ArmVmp : Match on catch block at 0xc3 in for 0xa5
04-06 14:24:32.979 4552 4552 E ArmVmp : Match on catch block at 0xc3 in for 0xa9
04-06 14:24:32.995 4552 4552 E ArmVmp : Match on catch block at 0xc3 in for 0xa9
04-06 14:24:33.000 4552 4552 E ArmVmp : Match on catch block at 0xc3 in for 0xa1
04-06 14:24:33.009 4552 4552 E ArmVmp : Match on catch block at 0xc3 in for 0xa1
04-06 14:24:33.013 4552 4552 E ArmVmp : Match on catch block at 0xc3 in for 0xa5
04-06 14:24:33.026 4552 4552 E ArmVmp : Match on catch block at 0xc3 in for 0xa5
04-06 14:24:33.030 4552 4552 E ArmVmp : Match on catch block at 0xc3 in for 0xa9
04-06 14:24:33.043 4552 4552 E ArmVmp : Match on catch block at 0xc3 in for 0xa9
04-06 14:24:33.047 4552 4552 E ArmVmp : Match on catch block at 0xc3 in for 0xa1
04-06 14:24:33.059 4552 4552 E ArmVmp : Match on catch block at 0xc3 in for 0xa1
04-06 14:24:33.062 4552 4552 E ArmVmp : Match on catch block at 0xc3 in for 0xa5
04-06 14:24:33.076 4552 4552 E ArmVmp : Match on catch block at 0xc3 in for 0xa9
04-06 14:24:33.079 4552 4552 E ArmVmp : Match on catch block at 0xc3 in for 0xa1
04-06 14:24:33.177 4552 4552 E ArmVmp : Match on catch block at 0xc3 in for 0xa1
04-06 14:24:33.181 4552 4552 E ArmVmp : Match on catch block at 0xc3 in for 0xa5
04-06 14:24:33.422 4552 4552 E ArmVmp : Match on catch block at 0xc3 in for 0xa1
04-06 14:24:33.426 4552 4552 E ArmVmp : Match on catch block at 0xc3 in for 0xa5
04-06 14:24:33.442 4552 4552 E ArmVmp : Match on catch block at 0xc3 in for 0xa1
04-06 14:24:33.447 4552 4552 E ArmVmp : Match on catch block at 0xc3 in for 0xa5
04-06 14:24:33.460 4552 4552 E ArmVmp : Match on catch block at 0xc3 in for 0xa5
04-06 14:24:33.465 4552 4552 E ArmVmp : Match on catch block at 0xc3 in for 0xa9
04-06 14:24:33.477 4552 4552 E ArmVmp : Match on catch block at 0xc3 in for 0xa9
04-06 14:24:33.479 4552 4552 E ArmVmp : Match on catch block at 0xc3 in for 0xa1
04-06 14:24:33.493 4552 4552 E ArmVmp : Match on catch block at 0xc3 in for 0xa1
04-06 14:24:33.498 4552 4552 E ArmVmp : Match on catch block at 0xc3 in for 0xa5
04-06 14:24:33.510 4552 4552 E ArmVmp : Match on catch block at 0xc3 in for 0xa5
04-06 14:24:33.515 4552 4552 E ArmVmp : Match on catch block at 0xc3 in for 0xa9
04-06 14:24:33.530 4552 4552 E ArmVmp : Match on catch block at 0xc3 in for 0xa9
04-06 14:24:33.535 4552 4552 E ArmVmp : Match on catch block at 0xc3 in for 0xa1
04-06 14:24:33.559 4552 4552 E ArmVmp : Match on catch block at 0xc3 in for 0xa1
04-06 14:24:33.563 4552 4552 E ArmVmp : Match on catch block at 0xc3 in for 0xa5
04-06 14:24:33.575 4552 4552 E ArmVmp : Match on catch block at 0xc3 in for 0xa5
04-06 14:24:33.578 4552 4552 E ArmVmp : Match on catch block at 0xc3 in for 0xa9
04-06 14:24:33.592 4552 4552 E ArmVmp : Match on catch block at 0xc3 in for 0xa9
04-06 14:24:33.595 4552 4552 E ArmVmp : Match on catch block at 0xc3 in for 0xa1
04-06 14:24:33.610 4552 4552 E ArmVmp : Match on catch block at 0xc3 in for 0xa1
04-06 14:24:33.613 4552 4552 E ArmVmp : Match on catch block at 0xc3 in for 0xa5
04-06 14:24:33.627 4552 4552 E ArmVmp : Match on catch block at 0xc3 in for 0xa5
04-06 14:24:33.630 4552 4552 E ArmVmp : Match on catch block at 0xc3 in for 0xa9
04-06 14:24:33.794 4552 4552 E ArmVmp : Match on catch block at 0xc3 in for 0xa9
04-06 14:24:33.799 4552 4552 E ArmVmp : Match on catch block at 0xc3 in for 0xa1
04-06 14:24:33.877 4552 4552 E ArmVmp : Match on catch block at 0xc3 in for 0xa1
04-06 14:24:33.882 4552 4552 E ArmVmp : Match on catch block at 0xc3 in for 0xa5
04-06 14:24:34.078 4552 4552 E ArmVmp : Match on catch block at 0xc3 in for 0xa9
04-06 14:24:34.083 4552 4552 E ArmVmp : Match on catch block at 0xc3 in for 0xa1
04-06 14:24:34.093 4552 4552 E ArmVmp : Match on catch block at 0xc3 in for 0xa1
04-06 14:24:34.097 4552 4552 E ArmVmp : Match on catch block at 0xc3 in for 0xa5
04-06 14:24:34.210 4552 4552 E ArmVmp : Match on catch block at 0xc3 in for 0xa5
04-06 14:24:34.215 4552 4552 E ArmVmp : Match on catch block at 0xc3 in for 0xa9
04-06 14:24:34.277 4552 4552 E ArmVmp : Match on catch block at 0xc3 in for 0xa9
04-06 14:24:34.282 4552 4552 E ArmVmp : Match on catch block at 0xc3 in for 0xa1
04-06 14:24:34.460 4552 4552 E ArmVmp : Match on catch block at 0xc3 in for 0xa1
04-06 14:24:34.465 4552 4552 E ArmVmp : Match on catch block at 0xc3 in for 0xa5
04-06 14:24:34.477 4552 4552 E ArmVmp : Match on catch block at 0xc3 in for 0xa5
04-06 14:24:34.481 4552 4552 E ArmVmp : Match on catch block at 0xc3 in for 0xa9
04-06 14:24:34.493 4552 4552 E ArmVmp : Match on catch block at 0xc3 in for 0xa9
04-06 14:24:34.498 4552 4552 E ArmVmp : Match on catch block at 0xc3 in for 0xa1
04-06 14:24:34.507 4552 4621 E SQLiteDatabase: Error inserting transferred=0
media_job_uuid=670cad83-c864-4d05-ac41-3b34572e2b9f transcoded=1 gif_attribution=0
first_scan_length=0 direct_path=null thumbnail_height_width_ratio=2.1818182
is_animated_sticker=0 file_hash=null
file_path=/data/user/0/com.mbwhatsapp/files/.Shared/70f4daff-bccc-4549-af61-
f06380508a5b.mp4 file_size=72310318 partial_media_hash=null face_x=0 face_y=0
height=0 trim_to=0 media_key_timestamp=0 message_url=null media_caption=null
trim_from=0 mime_type=null partial_media_enc_hash=null width=0
original_file_hash=null has_streaming_sidecar=0 autotransfer_retry_enabled=1
media_upload_handle=null message_row_id=60 multicast_id=null enc_file_hash=null
mute_video=0 page_count=0 first_scan_sidecar=null suspicious_content=0
file_length=72310318 media_name=70f4daff-bccc-4549-af61-f06380508a5b.mp4
media_duration=48 chat_row_id=8 media_key=null
04-06 14:24:34.507 4552 4621 E SQLiteDatabase:
android.database.sqlite.SQLiteConstraintException: UNIQUE constraint failed:
message_media.message_row_id (code 1555 SQLITE_CONSTRAINT_PRIMARYKEY)
04-06 14:24:34.507 4552 4621 E SQLiteDatabase: at
android.database.sqlite.SQLiteConnection.nativeExecuteForLastInsertedRowId(Native
Method)
04-06 14:24:34.507 4552 4621 E SQLiteDatabase: at
android.database.sqlite.SQLiteConnection.executeForLastInsertedRowId(SQLiteConnecti
on.java:879)
04-06 14:24:34.507 4552 4621 E SQLiteDatabase: at
android.database.sqlite.SQLiteSession.executeForLastInsertedRowId(SQLiteSession.jav
a:790)
04-06 14:24:34.507 4552 4621 E SQLiteDatabase: at
android.database.sqlite.SQLiteStatement.executeInsert(SQLiteStatement.java:88)
04-06 14:24:34.507 4552 4621 E SQLiteDatabase: at
android.database.sqlite.SQLiteDatabase.insertWithOnConflict(SQLiteDatabase.java:159
9)
04-06 14:24:34.507 4552 4621 E SQLiteDatabase: at
android.database.sqlite.SQLiteDatabase.insert(SQLiteDatabase.java:1468)
04-06 14:24:34.507 4552 4621 E SQLiteDatabase: at X.2tm.A08(Unknown
Source:6)
04-06 14:24:34.507 4552 4621 E SQLiteDatabase: at X.35Y.A07(Unknown
Source:212)
04-06 14:24:34.507 4552 4621 E SQLiteDatabase: at X.3QF.A14(Unknown
Source:470)
04-06 14:24:34.507 4552 4621 E SQLiteDatabase: at X.3gU.run(Unknown
Source:982)
04-06 14:24:34.507 4552 4621 E SQLiteDatabase: at
android.os.Handler.handleCallback(Handler.java:914)
04-06 14:24:34.507 4552 4621 E SQLiteDatabase: at
android.os.Handler.dispatchMessage(Handler.java:100)
04-06 14:24:34.507 4552 4621 E SQLiteDatabase: at
X.0zq.dispatchMessage(Unknown Source:4)
04-06 14:24:34.507 4552 4621 E SQLiteDatabase: at
android.os.Looper.loop(Looper.java:224)
04-06 14:24:34.507 4552 4621 E SQLiteDatabase: at
android.os.HandlerThread.run(HandlerThread.java:67)
04-06 14:24:34.509 4552 4552 E ArmVmp : Match on catch block at 0xc3 in for 0xa1
04-06 14:24:34.513 4552 4552 E ArmVmp : Match on catch block at 0xc3 in for 0xa5
04-06 14:24:34.534 4552 4552 E ArmVmp : Match on catch block at 0xc3 in for 0xa1
04-06 14:24:34.537 4552 4552 E ArmVmp : Match on catch block at 0xc3 in for 0xa5
04-06 14:24:34.555 4552 4552 E ArmVmp : Match on catch block at 0xc3 in for 0xa1
04-06 14:24:34.558 4552 4552 E ArmVmp : Match on catch block at 0xc3 in for 0xa5
04-06 14:24:34.564 4552 4552 E ArmVmp : Match on catch block at 0xc3 in for 0xa1
04-06 14:24:34.568 4552 4552 E ArmVmp : Match on catch block at 0xc3 in for 0xa5
04-06 14:24:34.627 4552 4552 E ArmVmp : Match on catch block at 0xc3 in for 0xa5
04-06 14:24:34.632 4552 4552 E ArmVmp : Match on catch block at 0xc3 in for 0xa9
04-06 14:24:34.638 4552 4577 W RefBase : CallStack::getCurrentInternal not
linked, returning null
04-06 14:24:34.638 4552 4577 W RefBase : CallStack::logStackInternal not linked
04-06 14:24:34.748 4552 4552 E ArmVmp : Match on catch block at 0xc3 in for 0xa5
04-06 14:24:34.753 4552 4552 E ArmVmp : Match on catch block at 0xc3 in for 0xa9
04-06 14:24:34.754 4552 4577 W RefBase : CallStack::getCurrentInternal not
linked, returning null
04-06 14:24:34.754 4552 4577 W RefBase : CallStack::logStackInternal not linked
04-06 14:24:34.756 4552 4577 W RefBase : CallStack::getCurrentInternal not
linked, returning null
04-06 14:24:34.756 4552 4577 W RefBase : CallStack::logStackInternal not linked
04-06 14:24:34.756 4552 4577 W RefBase : CallStack::getCurrentInternal not
linked, returning null
04-06 14:24:34.756 4552 4577 W RefBase : CallStack::logStackInternal not linked
04-06 14:24:34.763 4552 4552 E ArmVmp : Match on catch block at 0xc3 in for 0xa9
04-06 14:24:34.767 4552 4552 E ArmVmp : Match on catch block at 0xc3 in for 0xa1
04-06 14:24:34.792 4552 4552 E ArmVmp : Match on catch block at 0xc3 in for 0xa1
04-06 14:24:34.795 4552 4552 E ArmVmp : Match on catch block at 0xc3 in for 0xa5
04-06 14:24:34.910 4552 4552 E ArmVmp : Match on catch block at 0xc3 in for 0xa5
04-06 14:24:34.913 4552 4552 E ArmVmp : Match on catch block at 0xc3 in for 0xa9
04-06 14:24:34.926 4552 4552 E ArmVmp : Match on catch block at 0xc3 in for 0xa9
04-06 14:24:34.929 4552 4552 E ArmVmp : Match on catch block at 0xc3 in for 0xa1
04-06 14:24:35.042 4552 4552 E ArmVmp : Match on catch block at 0xc3 in for 0xa9
04-06 14:24:35.047 4552 4552 E ArmVmp : Match on catch block at 0xc3 in for 0xa1
04-06 14:24:35.078 4552 4552 E ArmVmp : Match on catch block at 0xc3 in for 0xa5
04-06 14:24:35.083 4552 4552 E ArmVmp : Match on catch block at 0xc3 in for 0xa9
04-06 14:24:35.181 4552 5803 W com.mbwhatsapp: ClassLoaderContext type mismatch.
expected=PCL, found=DLC (PCL[] | DLC[];PCL[/data/app/com.mbwhatsapp-
6AtUH7NEZ_6zGfU8JkM7XA==/base.apk*1416788599:/data/app/com.mbwhatsapp-
6AtUH7NEZ_6zGfU8JkM7XA==/base.apk!classes2.dex*1195520896:/data/app/com.mbwhatsapp-
6AtUH7NEZ_6zGfU8JkM7XA==/base.apk!classes3.dex*3411973279:/data/app/com.mbwhatsapp-
6AtUH7NEZ_6zGfU8JkM7XA==/base.apk!classes4.dex*139949962:/data/app/com.mbwhatsapp-
6AtUH7NEZ_6zGfU8JkM7XA==/base.apk!classes5.dex*3810408200:/data/app/com.mbwhatsapp-
6AtUH7NEZ_6zGfU8JkM7XA==/base.apk!classes6.dex*3828114170:/data/app/com.mbwhatsapp-
6AtUH7NEZ_6zGfU8JkM7XA==/base.apk!classes7.dex*3896375018:/data/app/com.mbwhatsapp-
6AtUH7NEZ_6zGfU8JkM7XA==/base.apk!classes8.dex*4284976671]{PCL[/system/framework/
org.apache.http.legacy.jar*1503167394]})
04-06 14:24:35.188 4552 5803 W com.mbwhatsapp: Found duplicate classes, falling
back to extracting from APK :
/data/user_de/0/com.google.android.gms/app_chimera/m/0000000b/CronetDynamite.apk
04-06 14:24:35.188 4552 5803 W com.mbwhatsapp: NOTE: This wastes RAM and hurts
startup performance.
04-06 14:24:35.188 4552 5803 W com.mbwhatsapp: Found duplicated class when
checking oat files: 'Landroid/support/v4/graphics/drawable/IconCompatParcelizer;'
in /data/app/com.mbwhatsapp-6AtUH7NEZ_6zGfU8JkM7XA==/base.apk and
/data/user_de/0/com.google.android.gms/app_chimera/m/0000000b/CronetDynamite.apk
04-06 14:24:35.188 4552 5803 W com.mbwhatsapp:
04-06 14:24:35.222 4552 5789 W linker : Warning:
"/data/user_de/0/com.google.android.gms/app_chimera/m/0000000b/CronetDynamite.apk!/
lib/arm64-v8a/libcronet.121.0.6167.71.so" unused DT entry: unknown processor-
specific (type 0x70000001 arg 0x0) (ignoring)
04-06 14:24:35.261 4552 5810 E chromium:
[0406/142435.261270:ERROR:cronet_context.cc(158)] Invalid QUIC hint
host: .whatsapp.com
04-06 14:24:35.261 4552 5810 E chromium:
[0406/142435.261324:ERROR:cronet_context.cc(158)] Invalid QUIC hint
host: .cdninstagram.com
04-06 14:24:35.261 4552 5810 E chromium:
[0406/142435.261337:ERROR:cronet_context.cc(158)] Invalid QUIC hint
host: .fbcdn.net
04-06 14:24:35.261 4552 5810 E chromium:
[0406/142435.261345:ERROR:cronet_context.cc(158)] Invalid QUIC hint
host: .facebook.com
04-06 14:24:35.261 4552 5810 E chromium:
[0406/142435.261354:ERROR:cronet_context.cc(158)] Invalid QUIC hint
host: .instagram.com
04-06 14:24:35.261 4552 5810 E chromium:
[0406/142435.261362:ERROR:cronet_context.cc(158)] Invalid QUIC hint
host: .whatsapp.net
04-06 14:24:35.264 4552 5789 W System : ClassLoader referenced unknown path:
system/framework/mediatek-cta.jar
04-06 14:24:35.288 4552 5789 W System : ClassLoader referenced unknown path:
system/framework/mediatek-cta.jar
04-06 14:24:35.342 4552 4552 E ArmVmp : Match on catch block at 0xc3 in for 0xa9
04-06 14:24:35.344 4552 4552 E ArmVmp : Match on catch block at 0xc3 in for 0xa1
04-06 14:24:35.365 4552 4552 E ArmVmp : Match on catch block at 0xc3 in for 0xa5
04-06 14:24:35.370 4552 4552 E ArmVmp : Match on catch block at 0xc3 in for 0xa9
04-06 14:24:35.381 4552 4552 E ArmVmp : Match on catch block at 0xc3 in for 0xa5
04-06 14:24:35.385 4552 4552 E ArmVmp : Match on catch block at 0xc3 in for 0xa9
04-06 14:24:35.403 4552 4552 E ArmVmp : Match on catch block at 0xc3 in for 0xa9
04-06 14:24:35.406 4552 4552 E ArmVmp : Match on catch block at 0xc3 in for 0xa1
04-06 14:24:35.424 4552 4552 E ArmVmp : Match on catch block at 0xc3 in for 0xa9
04-06 14:24:35.427 4552 4552 E ArmVmp : Match on catch block at 0xc3 in for 0xa1
04-06 14:24:35.435 4552 4552 E ArmVmp : Match on catch block at 0xc3 in for 0xa1
04-06 14:24:35.438 4552 4552 E ArmVmp : Match on catch block at 0xc3 in for 0xa5
04-06 14:24:35.442 4552 4552 E ArmVmp : Match on catch block at 0xc3 in for 0xa5
04-06 14:24:35.446 4552 4552 E ArmVmp : Match on catch block at 0xc3 in for 0xa9
04-06 14:24:35.459 4552 4552 E ArmVmp : Match on catch block at 0xc3 in for 0xa5
04-06 14:24:35.462 4552 4552 E ArmVmp : Match on catch block at 0xc3 in for 0xa9
04-06 14:24:35.475 4552 4552 E ArmVmp : Match on catch block at 0xc3 in for 0xa9
04-06 14:24:35.478 4552 4552 E ArmVmp : Match on catch block at 0xc3 in for 0xa1
04-06 14:24:35.493 4552 4552 E ArmVmp : Match on catch block at 0xc3 in for 0xa1
04-06 14:24:35.497 4552 4552 E ArmVmp : Match on catch block at 0xc3 in for 0xa5
04-06 14:24:35.510 4552 4552 E ArmVmp : Match on catch block at 0xc3 in for 0xa5
04-06 14:24:35.513 4552 4552 E ArmVmp : Match on catch block at 0xc3 in for 0xa9
04-06 14:24:35.527 4552 4552 E ArmVmp : Match on catch block at 0xc3 in for 0xa9
04-06 14:24:35.530 4552 4552 E ArmVmp : Match on catch block at 0xc3 in for 0xa1
04-06 14:24:35.544 4552 4552 E ArmVmp : Match on catch block at 0xc3 in for 0xa1
04-06 14:24:35.549 4552 4552 E ArmVmp : Match on catch block at 0xc3 in for 0xa5
04-06 14:24:35.559 4552 4552 E ArmVmp : Match on catch block at 0xc3 in for 0xa5
04-06 14:24:35.562 4552 4552 E ArmVmp : Match on catch block at 0xc3 in for 0xa9
04-06 14:24:35.662 4552 4552 E ArmVmp : Match on catch block at 0xc3 in for 0xa1
04-06 14:24:35.667 4552 4552 E ArmVmp : Match on catch block at 0xc3 in for 0xa5
04-06 14:24:35.698 4552 4552 E ArmVmp : Match on catch block at 0xc3 in for 0xa9
04-06 14:24:35.703 4552 4552 E ArmVmp : Match on catch block at 0xc3 in for 0xa1
04-06 14:24:35.710 4552 5409 W MediaPlayer: Use of stream types is deprecated for
operations other than volume control
04-06 14:24:35.710 4552 5409 W MediaPlayer: See the documentation of
setAudioStreamType() for what to use instead with android.media.AudioAttributes to
qualify your playback use case
04-06 14:24:35.712 4552 4552 E ArmVmp : Match on catch block at 0xc3 in for 0xa9
04-06 14:24:35.717 4552 4552 E ArmVmp : Match on catch block at 0xc3 in for 0xa1
04-06 14:24:35.725 4552 4552 E ArmVmp : Match on catch block at 0xc3 in for 0xa1
04-06 14:24:35.730 4552 4552 E ArmVmp : Match on catch block at 0xc3 in for 0xa5
04-06 14:24:35.742 4552 4552 E ArmVmp : Match on catch block at 0xc3 in for 0xa5
04-06 14:24:35.746 4552 4552 E ArmVmp : Match on catch block at 0xc3 in for 0xa9
04-06 14:24:35.761 4552 4552 E ArmVmp : Match on catch block at 0xc3 in for 0xa9
04-06 14:24:35.766 4552 4552 E ArmVmp : Match on catch block at 0xc3 in for 0xa1
04-06 14:24:35.778 4552 4552 E ArmVmp : Match on catch block at 0xc3 in for 0xa1
04-06 14:24:35.781 4552 4552 E ArmVmp : Match on catch block at 0xc3 in for 0xa5
04-06 14:24:35.792 4552 4552 E ArmVmp : Match on catch block at 0xc3 in for 0xa5
04-06 14:24:35.795 4552 4552 E ArmVmp : Match on catch block at 0xc3 in for 0xa9
04-06 14:24:35.809 4552 4552 E ArmVmp : Match on catch block at 0xc3 in for 0xa9
04-06 14:24:35.812 4552 4552 E ArmVmp : Match on catch block at 0xc3 in for 0xa1
04-06 14:24:35.826 4552 4552 E ArmVmp : Match on catch block at 0xc3 in for 0xa1
04-06 14:24:35.830 4552 4552 E ArmVmp : Match on catch block at 0xc3 in for 0xa5
04-06 14:24:35.843 4552 4552 E ArmVmp : Match on catch block at 0xc3 in for 0xa5
04-06 14:24:35.846 4552 4552 E ArmVmp : Match on catch block at 0xc3 in for 0xa9
04-06 14:24:35.860 4552 4552 E ArmVmp : Match on catch block at 0xc3 in for 0xa9
04-06 14:24:35.863 4552 4552 E ArmVmp : Match on catch block at 0xc3 in for 0xa1
04-06 14:24:35.876 4552 4552 E ArmVmp : Match on catch block at 0xc3 in for 0xa1
04-06 14:24:35.879 4552 4552 E ArmVmp : Match on catch block at 0xc3 in for 0xa5
04-06 14:24:35.976 4552 4552 E ArmVmp : Match on catch block at 0xc3 in for 0xa5
04-06 14:24:35.980 4552 4552 E ArmVmp : Match on catch block at 0xc3 in for 0xa9
04-06 14:24:35.994 4552 4552 E ArmVmp : Match on catch block at 0xc3 in for 0xa1
04-06 14:24:35.999 4552 4552 E ArmVmp : Match on catch block at 0xc3 in for 0xa5
04-06 14:24:36.059 4552 4552 E ArmVmp : Match on catch block at 0xc3 in for 0xa5
04-06 14:24:36.066 4552 4552 E ArmVmp : Match on catch block at 0xc3 in for 0xa9
04-06 14:24:36.078 4552 4552 E ArmVmp : Match on catch block at 0xc3 in for 0xa1
04-06 14:24:36.082 4552 4552 E ArmVmp : Match on catch block at 0xc3 in for 0xa5
04-06 14:24:36.148 4552 4552 E ArmVmp : Match on catch block at 0xc3 in for 0xa5
04-06 14:24:36.154 4552 4552 E ArmVmp : Match on catch block at 0xc3 in for 0xa9
04-06 14:24:36.171 4552 4552 E ArmVmp : Match on catch block at 0xc3 in for 0xa5
04-06 14:24:36.174 4552 4552 E ArmVmp : Match on catch block at 0xc3 in for 0xa9
04-06 14:24:36.182 4552 4552 E ArmVmp : Match on catch block at 0xc3 in for 0xa5
04-06 14:24:36.187 4552 4552 E ArmVmp : Match on catch block at 0xc3 in for 0xa9
04-06 14:24:36.227 4552 4552 E ArmVmp : Match on catch block at 0xc3 in for 0xa9
04-06 14:24:36.232 4552 4552 E ArmVmp : Match on catch block at 0xc3 in for 0xa1
04-06 14:24:36.311 4552 4552 E ArmVmp : Match on catch block at 0xc3 in for 0xa9
04-06 14:24:36.317 4552 4552 E ArmVmp : Match on catch block at 0xc3 in for 0xa1
04-06 14:24:36.323 4552 5409 W MediaPlayer: Use of stream types is deprecated for
operations other than volume control
04-06 14:24:36.323 4552 5409 W MediaPlayer: See the documentation of
setAudioStreamType() for what to use instead with android.media.AudioAttributes to
qualify your playback use case
04-06 14:24:36.377 4552 4552 E ArmVmp : Match on catch block at 0xc3 in for 0xa1
04-06 14:24:36.382 4552 4552 E ArmVmp : Match on catch block at 0xc3 in for 0xa5
04-06 14:24:36.513 4552 4552 E ArmVmp : Match on catch block at 0xc3 in for 0xa5
04-06 14:24:36.518 4552 4552 E ArmVmp : Match on catch block at 0xc3 in for 0xa9
04-06 14:24:36.726 4552 4552 E ArmVmp : Match on catch block at 0xc3 in for 0xa9
04-06 14:24:36.729 4552 4552 E ArmVmp : Match on catch block at 0xc3 in for 0xa1
04-06 14:24:36.743 4552 4552 E ArmVmp : Match on catch block at 0xc3 in for 0xa5
04-06 14:24:36.745 4552 4552 E ArmVmp : Match on catch block at 0xc3 in for 0xa9
04-06 14:24:36.828 4552 4552 E ArmVmp : Match on catch block at 0xc3 in for 0xa9
04-06 14:24:36.833 4552 4552 E ArmVmp : Match on catch block at 0xc3 in for 0xa1
04-06 14:24:36.961 4552 4552 E ArmVmp : Match on catch block at 0xc3 in for 0xa1
04-06 14:24:36.966 4552 4552 E ArmVmp : Match on catch block at 0xc3 in for 0xa5
04-06 14:24:37.044 4552 4552 E ArmVmp : Match on catch block at 0xc3 in for 0xa9
04-06 14:24:37.050 4552 4552 E ArmVmp : Match on catch block at 0xc3 in for 0xa1
04-06 14:24:37.077 4552 4552 E ArmVmp : Match on catch block at 0xc3 in for 0xa1
04-06 14:24:37.083 4552 4552 E ArmVmp : Match on catch block at 0xc3 in for 0xa5
04-06 14:24:37.095 4552 4552 E ArmVmp : Match on catch block at 0xc3 in for 0xa9
04-06 14:24:37.100 4552 4552 E ArmVmp : Match on catch block at 0xc3 in for 0xa1
04-06 14:24:37.177 4552 4552 E ArmVmp : Match on catch block at 0xc3 in for 0xa1
04-06 14:24:37.181 4552 4552 E ArmVmp : Match on catch block at 0xc3 in for 0xa5
04-06 14:24:37.259 4552 4552 E ArmVmp : Match on catch block at 0xc3 in for 0xa5
04-06 14:24:37.264 4552 4552 E ArmVmp : Match on catch block at 0xc3 in for 0xa9
04-06 14:24:37.393 4552 4552 E ArmVmp : Match on catch block at 0xc3 in for 0xa9
04-06 14:24:37.396 4552 4552 E ArmVmp : Match on catch block at 0xc3 in for 0xa1
04-06 14:24:37.446 4552 4552 E ArmVmp : Match on catch block at 0xc3 in for 0xa5
04-06 14:24:37.452 4552 4552 E ArmVmp : Match on catch block at 0xc3 in for 0xa9
04-06 14:24:37.609 4552 4552 E ArmVmp : Match on catch block at 0xc3 in for 0xa9
04-06 14:24:37.614 4552 4552 E ArmVmp : Match on catch block at 0xc3 in for 0xa1
04-06 14:24:37.661 4552 4552 E ArmVmp : Match on catch block at 0xc3 in for 0xa1
04-06 14:24:37.668 4552 4552 E ArmVmp : Match on catch block at 0xc3 in for 0xa5
04-06 14:24:37.760 4552 4552 E ArmVmp : Match on catch block at 0xc3 in for 0xa9
04-06 14:24:37.764 4552 4552 E ArmVmp : Match on catch block at 0xc3 in for 0xa1
04-06 14:24:37.776 4552 4552 E ArmVmp : Match on catch block at 0xc3 in for 0xa1
04-06 14:24:37.780 4552 4552 E ArmVmp : Match on catch block at 0xc3 in for 0xa5
04-06 14:24:37.794 4552 4552 E ArmVmp : Match on catch block at 0xc3 in for 0xa5
04-06 14:24:37.801 4552 4552 E ArmVmp : Match on catch block at 0xc3 in for 0xa9
04-06 14:24:37.810 4552 4552 E ArmVmp : Match on catch block at 0xc3 in for 0xa9
04-06 14:24:37.817 4552 4552 E ArmVmp : Match on catch block at 0xc3 in for 0xa1
04-06 14:24:37.826 4552 4552 E ArmVmp : Match on catch block at 0xc3 in for 0xa1
04-06 14:24:37.831 4552 4552 E ArmVmp : Match on catch block at 0xc3 in for 0xa5
04-06 14:24:37.844 4552 4552 E ArmVmp : Match on catch block at 0xc3 in for 0xa5
04-06 14:24:37.850 4552 4552 E ArmVmp : Match on catch block at 0xc3 in for 0xa9
04-06 14:24:37.862 4552 4552 E ArmVmp : Match on catch block at 0xc3 in for 0xa9
04-06 14:24:37.868 4552 4552 E ArmVmp : Match on catch block at 0xc3 in for 0xa1
04-06 14:24:37.881 4552 4552 E ArmVmp : Match on catch block at 0xc3 in for 0xa1
04-06 14:24:37.889 4552 4552 E ArmVmp : Match on catch block at 0xc3 in for 0xa5
04-06 14:24:37.897 4552 4552 E ArmVmp : Match on catch block at 0xc3 in for 0xa5
04-06 14:24:37.902 4552 4552 E ArmVmp : Match on catch block at 0xc3 in for 0xa9
04-06 14:24:37.909 4552 4552 E ArmVmp : Match on catch block at 0xc3 in for 0xa9
04-06 14:24:37.915 4552 4552 E ArmVmp : Match on catch block at 0xc3 in for 0xa1
04-06 14:24:37.929 4552 4552 E ArmVmp : Match on catch block at 0xc3 in for 0xa1
04-06 14:24:37.934 4552 4552 E ArmVmp : Match on catch block at 0xc3 in for 0xa5
04-06 14:24:37.944 4552 4552 E ArmVmp : Match on catch block at 0xc3 in for 0xa5
04-06 14:24:37.951 4552 4552 E ArmVmp : Match on catch block at 0xc3 in for 0xa9
04-06 14:24:37.962 4552 4552 E ArmVmp : Match on catch block at 0xc3 in for 0xa9
04-06 14:24:37.969 4552 4552 E ArmVmp : Match on catch block at 0xc3 in for 0xa1
04-06 14:24:37.978 4552 4552 E ArmVmp : Match on catch block at 0xc3 in for 0xa1
04-06 14:24:37.983 4552 4552 E ArmVmp : Match on catch block at 0xc3 in for 0xa5
04-06 14:24:37.996 4552 4552 E ArmVmp : Match on catch block at 0xc3 in for 0xa5
04-06 14:24:38.001 4552 4552 E ArmVmp : Match on catch block at 0xc3 in for 0xa9
04-06 14:24:38.011 4552 4552 E ArmVmp : Match on catch block at 0xc3 in for 0xa9
04-06 14:24:38.016 4552 4552 E ArmVmp : Match on catch block at 0xc3 in for 0xa1
04-06 14:24:38.028 4552 4552 E ArmVmp : Match on catch block at 0xc3 in for 0xa1
04-06 14:24:38.033 4552 4552 E ArmVmp : Match on catch block at 0xc3 in for 0xa5
04-06 14:24:38.060 4552 4552 E ArmVmp : Match on catch block at 0xc3 in for 0xa5
04-06 14:24:38.064 4552 4552 E ArmVmp : Match on catch block at 0xc3 in for 0xa9
04-06 14:24:38.079 4552 4552 E ArmVmp : Match on catch block at 0xc3 in for 0xa9
04-06 14:24:38.083 4552 4552 E ArmVmp : Match on catch block at 0xc3 in for 0xa1
04-06 14:24:38.094 4552 4552 E ArmVmp : Match on catch block at 0xc3 in for 0xa5
04-06 14:24:38.097 4552 4552 E ArmVmp : Match on catch block at 0xc3 in for 0xa9
04-06 14:24:38.110 4552 4552 E ArmVmp : Match on catch block at 0xc3 in for 0xa9
04-06 14:24:38.115 4552 4552 E ArmVmp : Match on catch block at 0xc3 in for 0xa1
04-06 14:24:38.127 4552 4552 E ArmVmp : Match on catch block at 0xc3 in for 0xa1
04-06 14:24:38.132 4552 4552 E ArmVmp : Match on catch block at 0xc3 in for 0xa5
04-06 14:24:38.146 4552 4552 E ArmVmp : Match on catch block at 0xc3 in for 0xa9
04-06 14:24:38.150 4552 4552 E ArmVmp : Match on catch block at 0xc3 in for 0xa1
04-06 14:24:38.161 4552 4552 E ArmVmp : Match on catch block at 0xc3 in for 0xa1
04-06 14:24:38.165 4552 4552 E ArmVmp : Match on catch block at 0xc3 in for 0xa5
04-06 14:24:38.177 4552 4552 E ArmVmp : Match on catch block at 0xc3 in for 0xa5
04-06 14:24:38.184 4552 4552 E ArmVmp : Match on catch block at 0xc3 in for 0xa9
04-06 14:24:38.195 4552 4552 E ArmVmp : Match on catch block at 0xc3 in for 0xa9
04-06 14:24:38.202 4552 4552 E ArmVmp : Match on catch block at 0xc3 in for 0xa1
04-06 14:24:38.211 4552 4552 E ArmVmp : Match on catch block at 0xc3 in for 0xa1
04-06 14:24:38.217 4552 4552 E ArmVmp : Match on catch block at 0xc3 in for 0xa5
04-06 14:24:38.228 4552 4552 E ArmVmp : Match on catch block at 0xc3 in for 0xa5
04-06 14:24:38.234 4552 4552 E ArmVmp : Match on catch block at 0xc3 in for 0xa9
04-06 14:24:38.252 4552 4552 E ArmVmp : Match on catch block at 0xc3 in for 0xa9
04-06 14:24:38.256 4552 4552 E ArmVmp : Match on catch block at 0xc3 in for 0xa1
04-06 14:24:38.261 4552 4552 E ArmVmp : Match on catch block at 0xc3 in for 0xa1
04-06 14:24:38.265 4552 4552 E ArmVmp : Match on catch block at 0xc3 in for 0xa5
04-06 14:24:38.277 4552 4552 E ArmVmp : Match on catch block at 0xc3 in for 0xa5
04-06 14:24:38.282 4552 4552 E ArmVmp : Match on catch block at 0xc3 in for 0xa9
04-06 14:24:38.294 4552 4552 E ArmVmp : Match on catch block at 0xc3 in for 0xa9
04-06 14:24:38.299 4552 4552 E ArmVmp : Match on catch block at 0xc3 in for 0xa1
04-06 14:24:38.311 4552 4552 E ArmVmp : Match on catch block at 0xc3 in for 0xa1
04-06 14:24:38.316 4552 4552 E ArmVmp : Match on catch block at 0xc3 in for 0xa5
04-06 14:24:38.327 4552 4552 E ArmVmp : Match on catch block at 0xc3 in for 0xa5
04-06 14:24:38.335 4552 4552 E ArmVmp : Match on catch block at 0xc3 in for 0xa9
04-06 14:24:38.344 4552 4552 E ArmVmp : Match on catch block at 0xc3 in for 0xa9
04-06 14:24:38.349 4552 4552 E ArmVmp : Match on catch block at 0xc3 in for 0xa1
04-06 14:24:38.363 4552 4552 E ArmVmp : Match on catch block at 0xc3 in for 0xa1
04-06 14:24:38.368 4552 4552 E ArmVmp : Match on catch block at 0xc3 in for 0xa5
04-06 14:24:38.378 4552 4552 E ArmVmp : Match on catch block at 0xc3 in for 0xa5
04-06 14:24:38.384 4552 4552 E ArmVmp : Match on catch block at 0xc3 in for 0xa9
04-06 14:24:38.395 4552 4552 E ArmVmp : Match on catch block at 0xc3 in for 0xa9
04-06 14:24:38.401 4552 4552 E ArmVmp : Match on catch block at 0xc3 in for 0xa1
04-06 14:24:38.416 4552 4552 E ArmVmp : Match on catch block at 0xc3 in for 0xa1
04-06 14:24:38.425 4552 4552 E ArmVmp : Match on catch block at 0xc3 in for 0xa5
04-06 14:24:38.446 4552 4552 E ArmVmp : Match on catch block at 0xc3 in for 0xa9
04-06 14:24:38.453 4552 4552 E ArmVmp : Match on catch block at 0xc3 in for 0xa1
04-06 14:24:38.477 4552 4552 E ArmVmp : Match on catch block at 0xc3 in for 0xa1
04-06 14:24:38.484 4552 4552 E ArmVmp : Match on catch block at 0xc3 in for 0xa5
04-06 14:24:38.512 4552 4552 E ArmVmp : Match on catch block at 0xc3 in for 0xa5
04-06 14:24:38.519 4552 4552 E ArmVmp : Match on catch block at 0xc3 in for 0xa9
04-06 14:24:38.759 4552 4552 E ArmVmp : Match on catch block at 0xc3 in for 0xa9
04-06 14:24:38.762 4552 4552 E ArmVmp : Match on catch block at 0xc3 in for 0xa1
04-06 14:24:38.795 4552 4552 E ArmVmp : Match on catch block at 0xc3 in for 0xa5
04-06 14:24:38.802 4552 4552 E ArmVmp : Match on catch block at 0xc3 in for 0xa9
04-06 14:24:38.927 4552 4552 E ArmVmp : Match on catch block at 0xc3 in for 0xa9
04-06 14:24:38.930 4552 4552 E ArmVmp : Match on catch block at 0xc3 in for 0xa1
04-06 14:24:39.030 4552 4552 E ArmVmp : Match on catch block at 0xc3 in for 0xa5
04-06 14:24:39.040 4552 4552 E ArmVmp : Match on catch block at 0xc3 in for 0xa9
04-06 14:24:39.093 4552 4552 E ArmVmp : Match on catch block at 0xc3 in for 0xa9
04-06 14:24:39.096 4552 4552 E ArmVmp : Match on catch block at 0xc3 in for 0xa1
04-06 14:24:39.112 4552 4552 E ArmVmp : Match on catch block at 0xc3 in for 0xa5
04-06 14:24:39.118 4552 4552 E ArmVmp : Match on catch block at 0xc3 in for 0xa9
04-06 14:24:39.210 4552 4552 E ArmVmp : Match on catch block at 0xc3 in for 0xa9
04-06 14:24:39.213 4552 4552 E ArmVmp : Match on catch block at 0xc3 in for 0xa1
04-06 14:24:39.360 4552 4552 E ArmVmp : Match on catch block at 0xc3 in for 0xa1
04-06 14:24:39.363 4552 4552 E ArmVmp : Match on catch block at 0xc3 in for 0xa5
04-06 14:24:39.378 4552 4552 E ArmVmp : Match on catch block at 0xc3 in for 0xa9
04-06 14:24:39.384 4552 4552 E ArmVmp : Match on catch block at 0xc3 in for 0xa1
04-06 14:24:39.677 4552 4552 E ArmVmp : Match on catch block at 0xc3 in for 0xa5
04-06 14:24:39.680 4552 4552 E ArmVmp : Match on catch block at 0xc3 in for 0xa9
04-06 14:24:39.760 4552 4552 E ArmVmp : Match on catch block at 0xc3 in for 0xa9
04-06 14:24:39.763 4552 4552 E ArmVmp : Match on catch block at 0xc3 in for 0xa1
04-06 14:24:39.960 4552 4552 E ArmVmp : Match on catch block at 0xc3 in for 0xa1
04-06 14:24:39.964 4552 4552 E ArmVmp : Match on catch block at 0xc3 in for 0xa5
04-06 14:24:40.112 4552 4552 E ArmVmp : Match on catch block at 0xc3 in for 0xa9
04-06 14:24:40.115 4552 4552 E ArmVmp : Match on catch block at 0xc3 in for 0xa1
04-06 14:24:40.144 4552 4552 E ArmVmp : Match on catch block at 0xc3 in for 0xa5
04-06 14:24:40.151 4552 4552 E ArmVmp : Match on catch block at 0xc3 in for 0xa9
04-06 14:24:40.179 4552 4552 E ArmVmp : Match on catch block at 0xc3 in for 0xa9
04-06 14:24:40.186 4552 4552 E ArmVmp : Match on catch block at 0xc3 in for 0xa1
04-06 14:24:40.298 4552 4552 E ArmVmp : Match on catch block at 0xc3 in for 0xa9
04-06 14:24:40.307 4552 4552 E ArmVmp : Match on catch block at 0xc3 in for 0xa1
04-06 14:24:40.348 4552 4552 E ArmVmp : Match on catch block at 0xc3 in for 0xa5
04-06 14:24:40.356 4552 4552 E ArmVmp : Match on catch block at 0xc3 in for 0xa9
04-06 14:24:40.385 4552 4552 E ArmVmp : Match on catch block at 0xc3 in for 0xa1
04-06 14:24:40.391 4552 4552 E ArmVmp : Match on catch block at 0xc3 in for 0xa5
04-06 14:24:40.422 4552 4552 E ArmVmp : Match on catch block at 0xc3 in for 0xa9
04-06 14:24:40.427 4552 4552 E ArmVmp : Match on catch block at 0xc3 in for 0xa1
04-06 14:24:40.453 4552 4552 E ArmVmp : Match on catch block at 0xc3 in for 0xa1
04-06 14:24:40.456 4552 4552 E ArmVmp : Match on catch block at 0xc3 in for 0xa5
04-06 14:24:40.473 4552 4552 E ArmVmp : Match on catch block at 0xc3 in for 0xa5
04-06 14:24:40.477 4552 4552 E ArmVmp : Match on catch block at 0xc3 in for 0xa9
04-06 14:24:40.489 4552 4552 E ArmVmp : Match on catch block at 0xc3 in for 0xa5
04-06 14:24:40.493 4552 4552 E ArmVmp : Match on catch block at 0xc3 in for 0xa9
04-06 14:24:40.532 4552 4552 E ArmVmp : Match on catch block at 0xc3 in for 0xa9
04-06 14:24:40.536 4552 4552 E ArmVmp : Match on catch block at 0xc3 in for 0xa1
04-06 14:24:40.555 4552 4552 E ArmVmp : Match on catch block at 0xc3 in for 0xa9
04-06 14:24:40.558 4552 4552 E ArmVmp : Match on catch block at 0xc3 in for 0xa1
04-06 14:24:40.581 4552 4552 E GraphicExt:
GraphicExtModuleLoader::CreateGraphicExtInstance false
04-06 14:24:40.601 4552 4552 E ArmVmp : Match on catch block at 0xc3 in for 0xa9
04-06 14:24:40.611 4552 4552 E ArmVmp : Match on catch block at 0xc3 in for 0xa1
04-06 14:24:40.626 4552 4552 E ArmVmp : Match on catch block at 0xc3 in for 0xa1
04-06 14:24:40.639 4552 4552 E ArmVmp : Match on catch block at 0xc3 in for 0xa5
04-06 14:24:40.668 4552 4552 E ArmVmp : Match on catch block at 0xc3 in for 0xa5
04-06 14:24:40.674 4552 4552 E ArmVmp : Match on catch block at 0xc3 in for 0xa9
04-06 14:24:40.696 4552 4552 E ArmVmp : Match on catch block at 0xc3 in for 0xa9
04-06 14:24:40.702 4552 4552 E ArmVmp : Match on catch block at 0xc3 in for 0xa1
04-06 14:24:40.717 4552 4552 E ArmVmp : Match on catch block at 0xc3 in for 0xa1
04-06 14:24:40.723 4552 4552 E ArmVmp : Match on catch block at 0xc3 in for 0xa5
04-06 14:24:40.734 4552 4552 E ArmVmp : Match on catch block at 0xc3 in for 0xa5
04-06 14:24:40.740 4552 4552 E ArmVmp : Match on catch block at 0xc3 in for 0xa9
04-06 14:24:40.754 4552 4552 E ArmVmp : Match on catch block at 0xc3 in for 0xa9
04-06 14:24:40.759 4552 4552 E ArmVmp : Match on catch block at 0xc3 in for 0xa1
04-06 14:24:40.773 4552 4552 E ArmVmp : Match on catch block at 0xc3 in for 0xa1
04-06 14:24:40.782 4552 4552 E ArmVmp : Match on catch block at 0xc3 in for 0xa5
04-06 14:24:40.874 4552 4552 E ArmVmp : Match on catch block at 0xc3 in for 0xa5
04-06 14:24:40.878 4552 4552 E ArmVmp : Match on catch block at 0xc3 in for 0xa9
04-06 14:24:40.891 4552 4552 E ArmVmp : Match on catch block at 0xc3 in for 0xa5
04-06 14:24:40.896 4552 4552 E ArmVmp : Match on catch block at 0xc3 in for 0xa9
04-06 14:24:40.910 4552 4552 E ArmVmp : Match on catch block at 0xc3 in for 0xa9
04-06 14:24:40.915 4552 4552 E ArmVmp : Match on catch block at 0xc3 in for 0xa1
04-06 14:24:40.930 4552 4552 E ArmVmp : Match on catch block at 0xc3 in for 0xa1
04-06 14:24:40.936 4552 4552 E ArmVmp : Match on catch block at 0xc3 in for 0xa5
04-06 14:24:41.077 4552 4552 E ArmVmp : Match on catch block at 0xc3 in for 0xa9
04-06 14:24:41.082 4552 4552 E ArmVmp : Match on catch block at 0xc3 in for 0xa1
04-06 14:24:41.098 4552 4552 E ArmVmp : Match on catch block at 0xc3 in for 0xa9
04-06 14:24:41.103 4552 4552 E ArmVmp : Match on catch block at 0xc3 in for 0xa1
04-06 14:24:41.107 4552 5409 W MediaPlayer: Use of stream types is deprecated for
operations other than volume control
04-06 14:24:41.107 4552 5409 W MediaPlayer: See the documentation of
setAudioStreamType() for what to use instead with android.media.AudioAttributes to
qualify your playback use case
04-06 14:24:41.112 4552 4552 E ArmVmp : Match on catch block at 0xc3 in for 0xa1
04-06 14:24:41.115 4552 4552 E ArmVmp : Match on catch block at 0xc3 in for 0xa5
04-06 14:24:41.246 4552 4552 E ArmVmp : Match on catch block at 0xc3 in for 0xa9
04-06 14:24:41.249 4552 4552 E ArmVmp : Match on catch block at 0xc3 in for 0xa1
04-06 14:24:41.286 4552 4552 E ArmVmp : Match on catch block at 0xc3 in for 0xa1
04-06 14:24:41.289 4552 4552 E ArmVmp : Match on catch block at 0xc3 in for 0xa5
04-06 14:24:41.293 4552 4552 W ActivityThread: handleWindowVisibility: no
activity for token android.os.BinderProxy@499ff56
04-06 14:24:41.311 4552 4552 W com.mbwhatsapp: Class com.mbwhatsapp.HomeActivity
failed lock verification and will run slower.
04-06 14:24:41.519 4552 4552 E ArmVmp : Match on catch block at 0x0a in for 0xc5
04-06 14:24:41.523 4552 5901 W System : ClassLoader referenced unknown path:
system/framework/mediatek-cta.jar
04-06 14:24:41.531 4552 4552 E ArmVmp : Match on catch block at 0x0a in for
0x135
04-06 14:24:41.581 4552 4652 W System : ClassLoader referenced unknown path:
system/framework/mediatek-cta.jar
04-06 14:24:41.694 4552 5400 W LOTTIE : Animation contains merge paths. Merge
paths are only supported on KitKat+ and must be manually enabled by calling
enableMergePathsForKitKatAndAbove().
04-06 14:24:41.702 4552 4552 W Looper : Slow Looper main: Activity
com.mbwhatsapp/.HomeActivity is 429ms late (wall=0ms running=0ms ClientTransaction{
callbacks=[android.app.servertransaction.TopResumedActivityChangeItem] }) because
of 15 msg, msg 15 took 408ms (seq=2812 late=21ms h=android.app.ActivityThread$H
w=159)
04-06 14:24:41.759 4552 4552 E GraphicExt:
GraphicExtModuleLoader::CreateGraphicExtInstance false
04-06 14:24:41.778 4552 4652 W System : ClassLoader referenced unknown path:
system/framework/mediatek-cta.jar
04-06 14:24:41.920 4552 4552 E RecyclerView: No adapter attached; skipping layout
04-06 14:24:41.954 4552 4552 E ArmVmp : Match on catch block at 0xc3 in for 0xa1
04-06 14:24:41.956 4552 4552 E ArmVmp : Match on catch block at 0xc3 in for 0xa5
04-06 14:24:41.959 4552 4552 W Looper : Slow Looper main: doFrame is 412ms late
because of 21 msg, msg 12 took 408ms (seq=2812 late=21ms
h=android.app.ActivityThread$H w=159)
04-06 14:24:41.965 4552 4552 W Looper : Slow Looper main: Activity
com.mbwhatsapp/.HomeActivity is 428ms late (wall=1ms running=0ms ClientTransaction{
callbacks=[android.app.servertransaction.TopResumedActivityChangeItem] }) because
of 60 msg, msg 1 took 408ms (seq=2812 late=21ms h=android.app.ActivityThread$H
w=159), msg 11 took 255ms (seq=2822 late=412ms
h=android.view.Choreographer$FrameHandler
c=android.view.Choreographer$FrameDisplayEventReceiver)
04-06 14:24:41.978 4552 4552 W Looper : Slow Looper main: Activity
com.mbwhatsapp/.HomeActivity is 429ms late (wall=12ms running=0ms
ClientTransaction{ lifecycleRequest=android.app.servertransaction.PauseActivityItem
}) because of 61 msg, msg 1 took 408ms (seq=2812 late=21ms
h=android.app.ActivityThread$H w=159), msg 11 took 255ms (seq=2822 late=412ms
h=android.view.Choreographer$FrameHandler
c=android.view.Choreographer$FrameDisplayEventReceiver)
04-06 14:24:41.987 4552 4552 W LOTTIE : Animation contains merge paths but they
are disabled.
04-06 14:24:42.063 4552 4552 E RecyclerView: No adapter attached; skipping layout
04-06 14:24:42.081 4552 4552 E ArmVmp : Match on catch block at 0xc3 in for 0xa1
04-06 14:24:42.087 4552 4552 E ArmVmp : Match on catch block at 0xc3 in for 0xa5
04-06 14:24:42.119 4552 4552 E ArmVmp : Match on catch block at 0x0a in for 0xd9
04-06 14:24:42.219 4552 4552 E ArmVmp : Match on catch block at 0xc3 in for 0xa5
04-06 14:24:42.222 4552 4552 E ArmVmp : Match on catch block at 0xc3 in for 0xa9
04-06 14:24:42.266 4552 4552 E ArmVmp : Match on catch block at 0xc3 in for 0xa1
04-06 14:24:42.269 4552 4552 E ArmVmp : Match on catch block at 0xc3 in for 0xa5
04-06 14:24:42.310 4552 4552 E ArmVmp : Match on catch block at 0x5b in for 0x85
04-06 14:24:42.320 4552 4552 E ArmVmp : Match on catch block at 0x5b in for 0x81
04-06 14:24:42.339 4552 4552 E ArmVmp : Match on catch block at 0xc3 in for 0xa1
04-06 14:24:42.342 4552 4552 E ArmVmp : Match on catch block at 0xc3 in for 0xa5
04-06 14:24:42.378 4552 4552 E ArmVmp : Match on catch block at 0xc3 in for 0xa1
04-06 14:24:42.382 4552 4552 E ArmVmp : Match on catch block at 0xc3 in for 0xa5
04-06 14:24:42.413 4552 4552 E ArmVmp : Match on catch block at 0xc3 in for 0xa9
04-06 14:24:42.417 4552 4552 E ArmVmp : Match on catch block at 0xc3 in for 0xa1
04-06 14:24:42.449 4552 4552 E ArmVmp : Match on catch block at 0xc3 in for 0xa1
04-06 14:24:42.453 4552 4552 E ArmVmp : Match on catch block at 0xc3 in for 0xa5
04-06 14:24:42.469 4552 4552 E ArmVmp : Match on catch block at 0xc3 in for 0xa9
04-06 14:24:42.472 4552 4552 E ArmVmp : Match on catch block at 0xc3 in for 0xa1
