04-06 14:21:01.900 30024 30024 E ArmVmp : Match on catch block at 0xc3 in for 0xa9
04-06 14:21:01.933 30024 30024 E ArmVmp : Match on catch block at 0xc3 in for 0xa9
04-06 14:21:01.939 30024 30024 E ArmVmp : Match on catch block at 0xc3 in for 0xa1
04-06 14:21:01.962 30024 30024 E ArmVmp : Match on catch block at 0xc3 in for 0xa1
04-06 14:21:01.968 30024 30024 E ArmVmp : Match on catch block at 0xc3 in for 0xa5
04-06 14:21:01.991 30024 30024 E ArmVmp : Match on catch block at 0xc3 in for 0xa1
04-06 14:21:01.996 30024 30024 E ArmVmp : Match on catch block at 0xc3 in for 0xa5
04-06 14:21:02.018 30024 30024 E ArmVmp : Match on catch block at 0xc3 in for 0xa1
04-06 14:21:02.023 30024 30024 E ArmVmp : Match on catch block at 0xc3 in for 0xa5
04-06 14:21:02.047 30024 30024 E ArmVmp : Match on catch block at 0xc3 in for 0xa9
04-06 14:21:02.053 30024 30024 E ArmVmp : Match on catch block at 0xc3 in for 0xa1
04-06 14:21:02.063 30024 30024 E ArmVmp : Match on catch block at 0xc3 in for 0xa1
04-06 14:21:02.069 30024 30024 E ArmVmp : Match on catch block at 0xc3 in for 0xa5
04-06 14:21:02.080 30024 30024 E ArmVmp : Match on catch block at 0xc3 in for 0xa1
04-06 14:21:02.084 30024 30024 E ArmVmp : Match on catch block at 0xc3 in for 0xa5
04-06 14:21:02.099 30024 30024 E ArmVmp : Match on catch block at 0xc3 in for 0xa1
04-06 14:21:02.107 30024 30024 E ArmVmp : Match on catch block at 0xc3 in for 0xa5
04-06 14:21:02.115 30024 30024 E ArmVmp : Match on catch block at 0xc3 in for 0xa1
04-06 14:21:02.121 30024 30024 E ArmVmp : Match on catch block at 0xc3 in for 0xa5
04-06 14:21:02.132 30024 30024 E ArmVmp : Match on catch block at 0xc3 in for 0xa1
04-06 14:21:02.137 30024 30024 E ArmVmp : Match on catch block at 0xc3 in for 0xa5
04-06 14:21:02.147 30024 30024 E ArmVmp : Match on catch block at 0xc3 in for 0xa1
04-06 14:21:02.154 30024 30024 E ArmVmp : Match on catch block at 0xc3 in for 0xa5
04-06 14:21:02.164 30024 30024 E ArmVmp : Match on catch block at 0xc3 in for 0xa1
04-06 14:21:02.169 30024 30024 E ArmVmp : Match on catch block at 0xc3 in for 0xa5
04-06 14:21:02.275 30024 30024 E ArmVmp : Match on catch block at 0xc3 in for 0xa1
04-06 14:21:02.284 30024 30024 E ArmVmp : Match on catch block at 0xc3 in for 0xa5
04-06 14:21:02.295 30024 31296 W MediaPlayer: Use of stream types is deprecated for
operations other than volume control
04-06 14:21:02.295 30024 31296 W MediaPlayer: See the documentation of
setAudioStreamType() for what to use instead with android.media.AudioAttributes to
qualify your playback use case
04-06 14:21:02.298 30024 30024 E ArmVmp : Match on catch block at 0xc3 in for 0xa1
04-06 14:21:02.302 30024 30024 E ArmVmp : Match on catch block at 0xc3 in for 0xa5
04-06 14:21:02.463 30024 30024 E ArmVmp : Match on catch block at 0xc3 in for 0xa1
04-06 14:21:02.467 30024 30024 E ArmVmp : Match on catch block at 0xc3 in for 0xa5
04-06 14:21:02.545 30024 30024 E ArmVmp : Match on catch block at 0xc3 in for 0xa1
04-06 14:21:02.548 30024 30024 E ArmVmp : Match on catch block at 0xc3 in for 0xa5
04-06 14:21:02.558 30024 30024 E ArmVmp : Match on catch block at 0xc3 in for 0xa9
04-06 14:21:02.561 30024 30024 E ArmVmp : Match on catch block at 0xc3 in for 0xa1
04-06 14:21:02.597 30024 30024 E ArmVmp : Match on catch block at 0xc3 in for 0xa9
04-06 14:21:02.601 30024 30024 E ArmVmp : Match on catch block at 0xc3 in for 0xa1
04-06 14:21:02.630 30024 30024 E ArmVmp : Match on catch block at 0xc3 in for 0xa9
04-06 14:21:02.633 30024 30024 E ArmVmp : Match on catch block at 0xc3 in for 0xa1
04-06 14:21:02.664 30024 30024 E ArmVmp : Match on catch block at 0xc3 in for 0xa9
04-06 14:21:02.668 30024 30024 E ArmVmp : Match on catch block at 0xc3 in for 0xa1
04-06 14:21:02.699 30024 30024 E ArmVmp : Match on catch block at 0xc3 in for 0xa9
04-06 14:21:02.704 30024 30024 E ArmVmp : Match on catch block at 0xc3 in for 0xa1
04-06 14:21:02.732 30024 30024 E ArmVmp : Match on catch block at 0xc3 in for 0xa9
04-06 14:21:02.738 30024 30024 E ArmVmp : Match on catch block at 0xc3 in for 0xa1
04-06 14:21:02.764 30024 30024 E ArmVmp : Match on catch block at 0xc3 in for 0xa9
04-06 14:21:02.769 30024 30024 E ArmVmp : Match on catch block at 0xc3 in for 0xa1
04-06 14:21:02.798 30024 30024 E ArmVmp : Match on catch block at 0xc3 in for 0xa9
04-06 14:21:02.802 30024 30024 E ArmVmp : Match on catch block at 0xc3 in for 0xa1
04-06 14:21:02.831 30024 30024 E ArmVmp : Match on catch block at 0xc3 in for 0xa9
04-06 14:21:02.835 30024 30024 E ArmVmp : Match on catch block at 0xc3 in for 0xa1
04-06 14:21:02.866 30024 30024 E ArmVmp : Match on catch block at 0xc3 in for 0xa9
04-06 14:21:02.871 30024 30024 E ArmVmp : Match on catch block at 0xc3 in for 0xa1
04-06 14:21:02.898 30024 30024 E ArmVmp : Match on catch block at 0xc3 in for 0xa9
04-06 14:21:02.903 30024 30024 E ArmVmp : Match on catch block at 0xc3 in for 0xa1
04-06 14:21:02.938 30024 30024 E ArmVmp : Match on catch block at 0xc3 in for 0xa9
04-06 14:21:02.942 30024 30024 E ArmVmp : Match on catch block at 0xc3 in for 0xa1
04-06 14:21:02.947 30024 30024 E ArmVmp : Match on catch block at 0xc3 in for 0xa9
04-06 14:21:02.949 30024 30024 E ArmVmp : Match on catch block at 0xc3 in for 0xa1
04-06 14:21:02.963 30024 30024 E ArmVmp : Match on catch block at 0xc3 in for 0xa5
04-06 14:21:02.965 30024 30024 E ArmVmp : Match on catch block at 0xc3 in for 0xa9
04-06 14:21:02.990 30024 30024 E ArmVmp : Match on catch block at 0xc3 in for 0xa5
04-06 14:21:02.991 30024 30024 E ArmVmp : Match on catch block at 0xc3 in for 0xa9
04-06 14:21:03.005 30024 30024 E GraphicExt:
GraphicExtModuleLoader::CreateGraphicExtInstance false
04-06 14:21:03.060 30024 30024 E ArmVmp : Match on catch block at 0xc3 in for 0xa1
04-06 14:21:03.063 30024 30024 E ArmVmp : Match on catch block at 0xc3 in for 0xa5
04-06 14:21:03.102 30024 30024 E ArmVmp : Match on catch block at 0xc3 in for 0xa5
04-06 14:21:03.105 30024 30024 E ArmVmp : Match on catch block at 0xc3 in for 0xa9
04-06 14:21:03.130 30024 30024 E ArmVmp : Match on catch block at 0xc3 in for 0xa5
04-06 14:21:03.132 30024 30024 E ArmVmp : Match on catch block at 0xc3 in for 0xa9
04-06 14:21:03.163 30024 30024 E ArmVmp : Match on catch block at 0xc3 in for 0xa5
04-06 14:21:03.165 30024 30024 E ArmVmp : Match on catch block at 0xc3 in for 0xa9
04-06 14:21:03.197 30024 30024 E ArmVmp : Match on catch block at 0xc3 in for 0xa5
04-06 14:21:03.201 30024 30024 E ArmVmp : Match on catch block at 0xc3 in for 0xa9
04-06 14:21:03.231 30024 30024 E ArmVmp : Match on catch block at 0xc3 in for 0xa5
04-06 14:21:03.237 30024 30024 E ArmVmp : Match on catch block at 0xc3 in for 0xa9
04-06 14:21:03.265 30024 30024 E ArmVmp : Match on catch block at 0xc3 in for 0xa5
04-06 14:21:03.270 30024 30024 E ArmVmp : Match on catch block at 0xc3 in for 0xa9
04-06 14:21:03.298 30024 30024 E ArmVmp : Match on catch block at 0xc3 in for 0xa5
04-06 14:21:03.303 30024 30024 E ArmVmp : Match on catch block at 0xc3 in for 0xa9
04-06 14:21:03.331 30024 30024 E ArmVmp : Match on catch block at 0xc3 in for 0xa5
04-06 14:21:03.336 30024 30024 E ArmVmp : Match on catch block at 0xc3 in for 0xa9
04-06 14:21:03.364 30024 30024 E ArmVmp : Match on catch block at 0xc3 in for 0xa5
04-06 14:21:03.368 30024 30024 E ArmVmp : Match on catch block at 0xc3 in for 0xa9
04-06 14:21:03.398 30024 30024 E ArmVmp : Match on catch block at 0xc3 in for 0xa5
04-06 14:21:03.402 30024 30024 E ArmVmp : Match on catch block at 0xc3 in for 0xa9
04-06 14:21:03.431 30024 30024 E ArmVmp : Match on catch block at 0xc3 in for 0xa5
04-06 14:21:03.435 30024 30024 E ArmVmp : Match on catch block at 0xc3 in for 0xa9
04-06 14:21:03.521 30024 30024 E ArmVmp : Match on catch block at 0xc3 in for 0xa1
04-06 14:21:03.524 30024 30024 E ArmVmp : Match on catch block at 0xc3 in for 0xa5
04-06 14:21:03.542 30024 30024 E ArmVmp : Match on catch block at 0xc3 in for 0xa5
04-06 14:21:03.546 30024 30024 E ArmVmp : Match on catch block at 0xc3 in for 0xa9
04-06 14:21:03.553 30024 30024 E ArmVmp : Match on catch block at 0xc3 in for 0xa5
04-06 14:21:03.555 30024 30024 E ArmVmp : Match on catch block at 0xc3 in for 0xa9
04-06 14:21:06.985 30024 30024 W ActivityThread: handleWindowVisibility: no
activity for token android.os.BinderProxy@b3e0030
04-06 14:21:07.114 30024 30024 E ArmVmp : Match on catch block at 0x0a in for 0xc1
04-06 14:21:07.116 30024 30024 E ArmVmp : Match on catch block at 0x0a in for 0xc9
04-06 14:21:07.116 30024 31827 W System : ClassLoader referenced unknown path:
system/framework/mediatek-cta.jar
04-06 14:21:07.156 30024 30024 E GraphicExt:
GraphicExtModuleLoader::CreateGraphicExtInstance false
04-06 14:21:07.184 30024 31827 W System : ClassLoader referenced unknown path:
system/framework/mediatek-cta.jar
04-06 14:21:07.185 30024 30024 E ArmVmp : Match on catch block at 0xc3 in for 0xb1
04-06 14:21:07.190 30024 30024 E ArmVmp : Match on catch block at 0xc3 in for 0xb1
04-06 14:21:07.225 30024 30024 E ArmVmp : Match on catch block at 0xc3 in for 0xa1
04-06 14:21:07.227 30024 30024 E ArmVmp : Match on catch block at 0xc3 in for 0xa5
04-06 14:21:07.230 30024 30024 E ArmVmp : Match on catch block at 0xc3 in for 0xa5
04-06 14:21:07.251 30024 30024 E ArmVmp : Match on catch block at 0xc3 in for 0xa5
04-06 14:21:07.252 30024 30024 E ArmVmp : Match on catch block at 0xc3 in for 0xa9
04-06 14:21:07.255 30024 30024 E ArmVmp : Match on catch block at 0xc3 in for 0xa9
04-06 14:21:07.259 30024 30024 E ArmVmp : Match on catch block at 0xc3 in for 0xa1
04-06 14:21:07.261 30024 30024 E ArmVmp : Match on catch block at 0xc3 in for 0xa5
04-06 14:21:07.270 30024 30024 E ArmVmp : Match on catch block at 0xc3 in for 0xa5
04-06 14:21:07.272 30024 30024 E ArmVmp : Match on catch block at 0xc3 in for 0xa9
04-06 14:21:07.274 30024 30024 E ArmVmp : Match on catch block at 0xc3 in for 0xa9
04-06 14:21:07.283 30024 30024 E ArmVmp : Match on catch block at 0xc3 in for 0xa1
04-06 14:21:07.285 30024 30024 E ArmVmp : Match on catch block at 0xc3 in for 0xa5
04-06 14:21:07.288 30024 30024 E ArmVmp : Match on catch block at 0xc3 in for 0xa5
04-06 14:21:07.297 30024 30024 E ArmVmp : Match on catch block at 0xc3 in for 0xa9
04-06 14:21:07.298 30024 30024 E ArmVmp : Match on catch block at 0xc3 in for 0xa1
04-06 14:21:07.300 30024 30024 E ArmVmp : Match on catch block at 0xc3 in for 0xa1
04-06 14:21:07.315 30024 30024 E ArmVmp : Match on catch block at 0xc3 in for 0xa5
04-06 14:21:07.318 30024 30024 E ArmVmp : Match on catch block at 0xc3 in for 0xa9
04-06 14:21:07.320 30024 30024 E ArmVmp : Match on catch block at 0xc3 in for 0xa9
04-06 14:21:07.330 30024 30024 E ArmVmp : Match on catch block at 0xc3 in for 0xa1
04-06 14:21:07.332 30024 30024 E ArmVmp : Match on catch block at 0xc3 in for 0xa5
04-06 14:21:07.334 30024 30024 E ArmVmp : Match on catch block at 0xc3 in for 0xa5
04-06 14:21:07.671 30024 30024 E ArmVmp : Match on catch block at 0xc3 in for 0xa9
04-06 14:21:07.675 30024 30024 E ArmVmp : Match on catch block at 0xc3 in for 0xa1
04-06 14:21:07.678 30024 30024 E ArmVmp : Match on catch block at 0xc3 in for 0xa1
04-06 14:21:07.686 30024 30024 E ArmVmp : Match on catch block at 0xc3 in for 0xa5
04-06 14:21:07.690 30024 30024 E ArmVmp : Match on catch block at 0xc3 in for 0xa9
04-06 14:21:07.693 30024 30024 E ArmVmp : Match on catch block at 0xc3 in for 0xa9
04-06 14:21:07.759 30024 30024 E ArmVmp : Match on catch block at 0xc3 in for 0xa9
04-06 14:21:07.763 30024 30024 E ArmVmp : Match on catch block at 0xc3 in for 0xa1
04-06 14:21:07.766 30024 30024 E ArmVmp : Match on catch block at 0xc3 in for 0xa1
04-06 14:21:07.790 30024 30024 E ArmVmp : Match on catch block at 0xc3 in for 0xa5
04-06 14:21:07.792 30024 30024 E ArmVmp : Match on catch block at 0xc3 in for 0xa9
04-06 14:21:07.795 30024 30024 E ArmVmp : Match on catch block at 0xc3 in for 0xa9
04-06 14:21:07.950 30024 30024 E ArmVmp : Match on catch block at 0xc3 in for 0xa1
04-06 14:21:07.954 30024 30024 E ArmVmp : Match on catch block at 0xc3 in for 0xa5
04-06 14:21:07.957 30024 30024 E ArmVmp : Match on catch block at 0xc3 in for 0xa5
04-06 14:21:07.965 30024 30024 E ArmVmp : Match on catch block at 0xc3 in for 0xa9
04-06 14:21:07.968 30024 30024 E ArmVmp : Match on catch block at 0xc3 in for 0xa1
04-06 14:21:07.972 30024 30024 E ArmVmp : Match on catch block at 0xc3 in for 0xa1
04-06 14:21:07.981 30024 30024 E ArmVmp : Match on catch block at 0xc3 in for 0xa5
04-06 14:21:07.984 30024 30024 E ArmVmp : Match on catch block at 0xc3 in for 0xa9
04-06 14:21:07.986 30024 30024 E ArmVmp : Match on catch block at 0xc3 in for 0xa9
04-06 14:21:07.998 30024 30024 E ArmVmp : Match on catch block at 0xc3 in for 0xa1
04-06 14:21:08.002 30024 30024 E ArmVmp : Match on catch block at 0xc3 in for 0xa5
04-06 14:21:08.005 30024 30024 E ArmVmp : Match on catch block at 0xc3 in for 0xa5
04-06 14:21:08.015 30024 30024 E ArmVmp : Match on catch block at 0xc3 in for 0xa9
04-06 14:21:08.017 30024 30024 E ArmVmp : Match on catch block at 0xc3 in for 0xa1
04-06 14:21:08.021 30024 30024 E ArmVmp : Match on catch block at 0xc3 in for 0xa1
04-06 14:21:08.031 30024 30024 E ArmVmp : Match on catch block at 0xc3 in for 0xa5
04-06 14:21:08.035 30024 30024 E ArmVmp : Match on catch block at 0xc3 in for 0xa9
04-06 14:21:08.038 30024 30024 E ArmVmp : Match on catch block at 0xc3 in for 0xa9
04-06 14:21:08.048 30024 30024 E ArmVmp : Match on catch block at 0xc3 in for 0xa1
04-06 14:21:08.052 30024 30024 E ArmVmp : Match on catch block at 0xc3 in for 0xa5
04-06 14:21:08.055 30024 30024 E ArmVmp : Match on catch block at 0xc3 in for 0xa5
04-06 14:21:08.064 30024 30024 E ArmVmp : Match on catch block at 0xc3 in for 0xa9
04-06 14:21:08.067 30024 30024 E ArmVmp : Match on catch block at 0xc3 in for 0xa1
04-06 14:21:08.070 30024 30024 E ArmVmp : Match on catch block at 0xc3 in for 0xa1
04-06 14:21:08.082 30024 30024 E ArmVmp : Match on catch block at 0xc3 in for 0xa5
04-06 14:21:08.085 30024 30024 E ArmVmp : Match on catch block at 0xc3 in for 0xa9
04-06 14:21:08.089 30024 30024 E ArmVmp : Match on catch block at 0xc3 in for 0xa9
04-06 14:21:08.098 30024 30024 E ArmVmp : Match on catch block at 0xc3 in for 0xa1
04-06 14:21:08.101 30024 30024 E ArmVmp : Match on catch block at 0xc3 in for 0xa5
04-06 14:21:08.104 30024 30024 E ArmVmp : Match on catch block at 0xc3 in for 0xa5
04-06 14:21:08.114 30024 30024 E ArmVmp : Match on catch block at 0xc3 in for 0xa9
04-06 14:21:08.117 30024 30024 E ArmVmp : Match on catch block at 0xc3 in for 0xa1
04-06 14:21:08.120 30024 30024 E ArmVmp : Match on catch block at 0xc3 in for 0xa1
04-06 14:21:08.132 30024 30024 E ArmVmp : Match on catch block at 0xc3 in for 0xa5
04-06 14:21:08.135 30024 30024 E ArmVmp : Match on catch block at 0xc3 in for 0xa9
04-06 14:21:08.139 30024 30024 E ArmVmp : Match on catch block at 0xc3 in for 0xa9
04-06 14:21:08.148 30024 30024 E ArmVmp : Match on catch block at 0xc3 in for 0xa1
04-06 14:21:08.152 30024 30024 E ArmVmp : Match on catch block at 0xc3 in for 0xa5
04-06 14:21:08.155 30024 30024 E ArmVmp : Match on catch block at 0xc3 in for 0xa5
04-06 14:21:08.164 30024 30024 E ArmVmp : Match on catch block at 0xc3 in for 0xa9
04-06 14:21:08.167 30024 30024 E ArmVmp : Match on catch block at 0xc3 in for 0xa1
04-06 14:21:08.169 30024 30024 E ArmVmp : Match on catch block at 0xc3 in for 0xa1
04-06 14:21:08.181 30024 30024 E ArmVmp : Match on catch block at 0xc3 in for 0xa5
04-06 14:21:08.184 30024 30024 E ArmVmp : Match on catch block at 0xc3 in for 0xa9
04-06 14:21:08.188 30024 30024 E ArmVmp : Match on catch block at 0xc3 in for 0xa9
04-06 14:21:08.198 30024 30024 E ArmVmp : Match on catch block at 0xc3 in for 0xa1
04-06 14:21:08.202 30024 30024 E ArmVmp : Match on catch block at 0xc3 in for 0xa5
04-06 14:21:08.206 30024 30024 E ArmVmp : Match on catch block at 0xc3 in for 0xa5
04-06 14:21:08.214 30024 30024 E ArmVmp : Match on catch block at 0xc3 in for 0xa9
04-06 14:21:08.217 30024 30024 E ArmVmp : Match on catch block at 0xc3 in for 0xa1
04-06 14:21:08.219 30024 30024 E ArmVmp : Match on catch block at 0xc3 in for 0xa1
04-06 14:21:08.232 30024 30024 E ArmVmp : Match on catch block at 0xc3 in for 0xa5
04-06 14:21:08.235 30024 30024 E ArmVmp : Match on catch block at 0xc3 in for 0xa9
04-06 14:21:08.238 30024 30024 E ArmVmp : Match on catch block at 0xc3 in for 0xa9
04-06 14:21:08.248 30024 30024 E ArmVmp : Match on catch block at 0xc3 in for 0xa1
04-06 14:21:08.251 30024 30024 E ArmVmp : Match on catch block at 0xc3 in for 0xa5
04-06 14:21:08.253 30024 30024 E ArmVmp : Match on catch block at 0xc3 in for 0xa5
04-06 14:21:08.264 30024 30024 E ArmVmp : Match on catch block at 0xc3 in for 0xa9
04-06 14:21:08.267 30024 30024 E ArmVmp : Match on catch block at 0xc3 in for 0xa1
04-06 14:21:08.271 30024 30024 E ArmVmp : Match on catch block at 0xc3 in for 0xa1
04-06 14:21:08.299 30024 30024 E ArmVmp : Match on catch block at 0xc3 in for 0xa5
04-06 14:21:08.302 30024 30024 E ArmVmp : Match on catch block at 0xc3 in for 0xa9
04-06 14:21:08.306 30024 30024 E ArmVmp : Match on catch block at 0xc3 in for 0xa9
04-06 14:21:08.752 30024 30024 E ArmVmp : Match on catch block at 0xc3 in for 0xa5
04-06 14:21:08.756 30024 30024 E ArmVmp : Match on catch block at 0xc3 in for 0xa9
04-06 14:21:08.758 30024 30024 E ArmVmp : Match on catch block at 0xc3 in for 0xa9
04-06 14:21:08.770 30024 30024 E ArmVmp : Match on catch block at 0xc3 in for 0xa9
04-06 14:21:08.774 30024 30024 E ArmVmp : Match on catch block at 0xc3 in for 0xa1
04-06 14:21:08.776 30024 30024 E ArmVmp : Match on catch block at 0xc3 in for 0xa1
04-06 14:21:08.782 30024 30024 E ArmVmp : Match on catch block at 0xc3 in for 0xa5
04-06 14:21:08.784 30024 30024 E ArmVmp : Match on catch block at 0xc3 in for 0xa9
04-06 14:21:08.787 30024 30024 E ArmVmp : Match on catch block at 0xc3 in for 0xa9
04-06 14:21:08.800 30024 30024 E ArmVmp : Match on catch block at 0xc3 in for 0xa1
04-06 14:21:08.803 30024 30024 E ArmVmp : Match on catch block at 0xc3 in for 0xa5
04-06 14:21:08.806 30024 30024 E ArmVmp : Match on catch block at 0xc3 in for 0xa5
04-06 14:21:08.814 30024 30024 E ArmVmp : Match on catch block at 0xc3 in for 0xa9
04-06 14:21:08.820 30024 30024 E ArmVmp : Match on catch block at 0xc3 in for 0xa1
04-06 14:21:08.823 30024 30024 E ArmVmp : Match on catch block at 0xc3 in for 0xa1
04-06 14:21:08.833 30024 30024 E ArmVmp : Match on catch block at 0xc3 in for 0xa5
04-06 14:21:08.837 30024 30024 E ArmVmp : Match on catch block at 0xc3 in for 0xa9
04-06 14:21:08.839 30024 30024 E ArmVmp : Match on catch block at 0xc3 in for 0xa9
04-06 14:21:08.847 30024 30024 E ArmVmp : Match on catch block at 0xc3 in for 0xa1
04-06 14:21:08.850 30024 30024 E ArmVmp : Match on catch block at 0xc3 in for 0xa5
04-06 14:21:08.853 30024 30024 E ArmVmp : Match on catch block at 0xc3 in for 0xa5
04-06 14:21:08.867 30024 30024 E ArmVmp : Match on catch block at 0xc3 in for 0xa9
04-06 14:21:08.869 30024 30024 E ArmVmp : Match on catch block at 0xc3 in for 0xa1
04-06 14:21:08.872 30024 30024 E ArmVmp : Match on catch block at 0xc3 in for 0xa1
04-06 14:21:08.881 30024 30024 E ArmVmp : Match on catch block at 0xc3 in for 0xa5
04-06 14:21:08.883 30024 30024 E ArmVmp : Match on catch block at 0xc3 in for 0xa9
04-06 14:21:08.885 30024 30024 E ArmVmp : Match on catch block at 0xc3 in for 0xa9
04-06 14:21:08.897 30024 30024 E ArmVmp : Match on catch block at 0xc3 in for 0xa1
04-06 14:21:08.900 30024 30024 E ArmVmp : Match on catch block at 0xc3 in for 0xa5
04-06 14:21:08.902 30024 30024 E ArmVmp : Match on catch block at 0xc3 in for 0xa5
04-06 14:21:08.915 30024 30024 E ArmVmp : Match on catch block at 0xc3 in for 0xa9
04-06 14:21:08.918 30024 30024 E ArmVmp : Match on catch block at 0xc3 in for 0xa1
04-06 14:21:08.920 30024 30024 E ArmVmp : Match on catch block at 0xc3 in for 0xa1
04-06 14:21:08.932 30024 30024 E ArmVmp : Match on catch block at 0xc3 in for 0xa5
04-06 14:21:08.935 30024 30024 E ArmVmp : Match on catch block at 0xc3 in for 0xa9
04-06 14:21:08.939 30024 30024 E ArmVmp : Match on catch block at 0xc3 in for 0xa9
04-06 14:21:08.949 30024 30024 E ArmVmp : Match on catch block at 0xc3 in for 0xa1
04-06 14:21:08.952 30024 30024 E ArmVmp : Match on catch block at 0xc3 in for 0xa5
04-06 14:21:08.955 30024 30024 E ArmVmp : Match on catch block at 0xc3 in for 0xa5
04-06 14:21:08.999 30024 30024 E ArmVmp : Match on catch block at 0xc3 in for 0xa9
04-06 14:21:09.002 30024 30024 E ArmVmp : Match on catch block at 0xc3 in for 0xa1
04-06 14:21:09.005 30024 30024 E ArmVmp : Match on catch block at 0xc3 in for 0xa1
04-06 14:21:09.164 30024 30024 E ArmVmp : Match on catch block at 0xc3 in for 0xa5
04-06 14:21:09.168 30024 30024 E ArmVmp : Match on catch block at 0xc3 in for 0xa9
04-06 14:21:09.171 30024 30024 E ArmVmp : Match on catch block at 0xc3 in for 0xa9
04-06 14:21:09.349 30024 30024 E ArmVmp : Match on catch block at 0xc3 in for 0xa1
04-06 14:21:09.352 30024 30024 E ArmVmp : Match on catch block at 0xc3 in for 0xa5
04-06 14:21:09.354 30024 30024 E ArmVmp : Match on catch block at 0xc3 in for 0xa5
04-06 14:21:09.365 30024 30024 E ArmVmp : Match on catch block at 0xc3 in for 0xa9
04-06 14:21:09.369 30024 30024 E ArmVmp : Match on catch block at 0xc3 in for 0xa1
04-06 14:21:09.373 30024 30024 E ArmVmp : Match on catch block at 0xc3 in for 0xa1
04-06 14:21:09.382 30024 30024 E ArmVmp : Match on catch block at 0xc3 in for 0xa5
04-06 14:21:09.385 30024 30024 E ArmVmp : Match on catch block at 0xc3 in for 0xa9
04-06 14:21:09.389 30024 30024 E ArmVmp : Match on catch block at 0xc3 in for 0xa9
04-06 14:21:09.401 30024 30024 E ArmVmp : Match on catch block at 0xc3 in for 0xa1
04-06 14:21:09.405 30024 30024 E ArmVmp : Match on catch block at 0xc3 in for 0xa5
04-06 14:21:09.408 30024 30024 E ArmVmp : Match on catch block at 0xc3 in for 0xa5
04-06 14:21:09.415 30024 30024 E ArmVmp : Match on catch block at 0xc3 in for 0xa9
04-06 14:21:09.417 30024 30024 E ArmVmp : Match on catch block at 0xc3 in for 0xa1
04-06 14:21:09.420 30024 30024 E ArmVmp : Match on catch block at 0xc3 in for 0xa1
04-06 14:21:09.431 30024 30024 E ArmVmp : Match on catch block at 0xc3 in for 0xa5
04-06 14:21:09.435 30024 30024 E ArmVmp : Match on catch block at 0xc3 in for 0xa9
04-06 14:21:09.438 30024 30024 E ArmVmp : Match on catch block at 0xc3 in for 0xa9
04-06 14:21:09.448 30024 30024 E ArmVmp : Match on catch block at 0xc3 in for 0xa1
04-06 14:21:09.451 30024 30024 E ArmVmp : Match on catch block at 0xc3 in for 0xa5
04-06 14:21:09.454 30024 30024 E ArmVmp : Match on catch block at 0xc3 in for 0xa5
04-06 14:21:09.465 30024 30024 E ArmVmp : Match on catch block at 0xc3 in for 0xa9
04-06 14:21:09.467 30024 30024 E ArmVmp : Match on catch block at 0xc3 in for 0xa1
04-06 14:21:09.470 30024 30024 E ArmVmp : Match on catch block at 0xc3 in for 0xa1
04-06 14:21:09.481 30024 30024 E ArmVmp : Match on catch block at 0xc3 in for 0xa5
04-06 14:21:09.484 30024 30024 E ArmVmp : Match on catch block at 0xc3 in for 0xa9
04-06 14:21:09.488 30024 30024 E ArmVmp : Match on catch block at 0xc3 in for 0xa9
04-06 14:21:09.499 30024 30024 E ArmVmp : Match on catch block at 0xc3 in for 0xa1
04-06 14:21:09.502 30024 30024 E ArmVmp : Match on catch block at 0xc3 in for 0xa5
04-06 14:21:09.505 30024 30024 E ArmVmp : Match on catch block at 0xc3 in for 0xa5
04-06 14:21:09.515 30024 30024 E ArmVmp : Match on catch block at 0xc3 in for 0xa9
04-06 14:21:09.519 30024 30024 E ArmVmp : Match on catch block at 0xc3 in for 0xa1
04-06 14:21:09.521 30024 30024 E ArmVmp : Match on catch block at 0xc3 in for 0xa1
04-06 14:21:09.531 30024 30024 E ArmVmp : Match on catch block at 0xc3 in for 0xa5
04-06 14:21:09.534 30024 30024 E ArmVmp : Match on catch block at 0xc3 in for 0xa9
04-06 14:21:09.537 30024 30024 E ArmVmp : Match on catch block at 0xc3 in for 0xa9
04-06 14:21:09.547 30024 30024 E ArmVmp : Match on catch block at 0xc3 in for 0xa1
04-06 14:21:09.551 30024 30024 E ArmVmp : Match on catch block at 0xc3 in for 0xa5
04-06 14:21:09.555 30024 30024 E ArmVmp : Match on catch block at 0xc3 in for 0xa5
04-06 14:21:09.565 30024 30024 E ArmVmp : Match on catch block at 0xc3 in for 0xa9
04-06 14:21:09.569 30024 30024 E ArmVmp : Match on catch block at 0xc3 in for 0xa1
04-06 14:21:09.572 30024 30024 E ArmVmp : Match on catch block at 0xc3 in for 0xa1
04-06 14:21:09.582 30024 30024 E ArmVmp : Match on catch block at 0xc3 in for 0xa5
04-06 14:21:09.586 30024 30024 E ArmVmp : Match on catch block at 0xc3 in for 0xa9
04-06 14:21:09.588 30024 30024 E ArmVmp : Match on catch block at 0xc3 in for 0xa9
04-06 14:21:09.599 30024 30024 E ArmVmp : Match on catch block at 0xc3 in for 0xa1
04-06 14:21:09.602 30024 30024 E ArmVmp : Match on catch block at 0xc3 in for 0xa5
04-06 14:21:09.605 30024 30024 E ArmVmp : Match on catch block at 0xc3 in for 0xa5
04-06 14:21:09.830 30024 30024 E ArmVmp : Match on catch block at 0xc3 in for 0xa9
04-06 14:21:09.833 30024 30024 E ArmVmp : Match on catch block at 0xc3 in for 0xa1
04-06 14:21:09.835 30024 30024 E ArmVmp : Match on catch block at 0xc3 in for 0xa1
04-06 14:21:10.116 30024 30024 E ArmVmp : Match on catch block at 0xc3 in for 0xa5
04-06 14:21:10.120 30024 30024 E ArmVmp : Match on catch block at 0xc3 in for 0xa9
04-06 14:21:10.134 30024 30024 E ArmVmp : Match on catch block at 0xc3 in for 0xa9
04-06 14:21:10.137 30024 30024 E ArmVmp : Match on catch block at 0xc3 in for 0xa1
04-06 14:21:10.141 30024 30024 E ArmVmp : Match on catch block at 0xc3 in for 0xa1
04-06 14:21:10.416 30024 30024 E ArmVmp : Match on catch block at 0xc3 in for 0xa9
04-06 14:21:10.419 30024 30024 E ArmVmp : Match on catch block at 0xc3 in for 0xa1
04-06 14:21:10.422 30024 30024 E ArmVmp : Match on catch block at 0xc3 in for 0xa1
04-06 14:21:10.440 30024 30024 E ArmVmp : Match on catch block at 0xc3 in for 0xa9
04-06 14:21:10.443 30024 30024 E ArmVmp : Match on catch block at 0xc3 in for 0xa1
04-06 14:21:10.446 30024 30024 E ArmVmp : Match on catch block at 0xc3 in for 0xa1
04-06 14:21:10.472 30024 30024 E ArmVmp : Match on catch block at 0xc3 in for 0xa1
04-06 14:21:10.475 30024 30024 E ArmVmp : Match on catch block at 0xc3 in for 0xa5
04-06 14:21:10.499 30024 30024 E ArmVmp : Match on catch block at 0xc3 in for 0xa1
04-06 14:21:10.502 30024 30024 E ArmVmp : Match on catch block at 0xc3 in for 0xa5
04-06 14:21:10.512 30024 30024 E ArmVmp : Match on catch block at 0xc3 in for 0xa5
04-06 14:21:10.515 30024 30024 E ArmVmp : Match on catch block at 0xc3 in for 0xa9
04-06 14:21:10.523 30024 30024 E ArmVmp : Match on catch block at 0xc3 in for 0xa9
04-06 14:21:10.526 30024 30024 E ArmVmp : Match on catch block at 0xc3 in for 0xa1
04-06 14:21:10.531 30024 30024 E ArmVmp : Match on catch block at 0xc3 in for 0xa9
04-06 14:21:10.533 30024 30024 E ArmVmp : Match on catch block at 0xc3 in for 0xa1
04-06 14:21:10.548 30024 30024 E ArmVmp : Match on catch block at 0xc3 in for 0xa9
04-06 14:21:10.550 30024 30024 E ArmVmp : Match on catch block at 0xc3 in for 0xa1
04-06 14:21:10.564 30024 30024 E ArmVmp : Match on catch block at 0xc3 in for 0xa9
04-06 14:21:10.567 30024 30024 E ArmVmp : Match on catch block at 0xc3 in for 0xa1
04-06 14:21:10.582 30024 30024 E ArmVmp : Match on catch block at 0xc3 in for 0xa9
04-06 14:21:10.586 30024 30024 E ArmVmp : Match on catch block at 0xc3 in for 0xa1
04-06 14:21:10.599 30024 30024 E ArmVmp : Match on catch block at 0xc3 in for 0xa9
04-06 14:21:10.602 30024 30024 E ArmVmp : Match on catch block at 0xc3 in for 0xa1
04-06 14:21:10.615 30024 30024 E ArmVmp : Match on catch block at 0xc3 in for 0xa9
04-06 14:21:10.618 30024 30024 E ArmVmp : Match on catch block at 0xc3 in for 0xa1
04-06 14:21:10.631 30024 30024 E ArmVmp : Match on catch block at 0xc3 in for 0xa9
04-06 14:21:10.635 30024 30024 E ArmVmp : Match on catch block at 0xc3 in for 0xa1
04-06 14:21:10.720 30024 30024 E ArmVmp : Match on catch block at 0xc3 in for 0xa5
04-06 14:21:10.723 30024 30024 E ArmVmp : Match on catch block at 0xc3 in for 0xa9
04-06 14:21:10.729 30024 31296 W MediaPlayer: Use of stream types is deprecated for
operations other than volume control
04-06 14:21:10.729 30024 31296 W MediaPlayer: See the documentation of
setAudioStreamType() for what to use instead with android.media.AudioAttributes to
qualify your playback use case
04-06 14:21:10.735 30024 30024 E ArmVmp : Match on catch block at 0xc3 in for 0xa1
04-06 14:21:10.740 30024 30024 E ArmVmp : Match on catch block at 0xc3 in for 0xa5
04-06 14:21:10.916 30024 30024 E ArmVmp : Match on catch block at 0xc3 in for 0xa5
04-06 14:21:10.918 30024 30024 E ArmVmp : Match on catch block at 0xc3 in for 0xa9
04-06 14:21:10.931 30024 30024 E ArmVmp : Match on catch block at 0xc3 in for 0xa1
04-06 14:21:10.933 30024 30024 E ArmVmp : Match on catch block at 0xc3 in for 0xa5
04-06 14:21:10.949 30024 30024 E ArmVmp : Match on catch block at 0xc3 in for 0xa9
04-06 14:21:10.952 30024 30024 E ArmVmp : Match on catch block at 0xc3 in for 0xa1
04-06 14:21:10.966 30024 30024 E ArmVmp : Match on catch block at 0xc3 in for 0xa5
04-06 14:21:10.969 30024 30024 E ArmVmp : Match on catch block at 0xc3 in for 0xa9
04-06 14:21:10.983 30024 30024 E ArmVmp : Match on catch block at 0xc3 in for 0xa1
04-06 14:21:10.986 30024 30024 E ArmVmp : Match on catch block at 0xc3 in for 0xa5
04-06 14:21:10.998 30024 30024 E ArmVmp : Match on catch block at 0xc3 in for 0xa9
04-06 14:21:11.002 30024 30024 E ArmVmp : Match on catch block at 0xc3 in for 0xa1
04-06 14:21:11.015 30024 30024 E ArmVmp : Match on catch block at 0xc3 in for 0xa5
04-06 14:21:11.019 30024 30024 E ArmVmp : Match on catch block at 0xc3 in for 0xa9
04-06 14:21:11.033 30024 30024 E ArmVmp : Match on catch block at 0xc3 in for 0xa9
04-06 14:21:11.036 30024 30024 E ArmVmp : Match on catch block at 0xc3 in for 0xa1
04-06 14:21:11.049 30024 30024 E ArmVmp : Match on catch block at 0xc3 in for 0xa1
04-06 14:21:11.053 30024 30024 E ArmVmp : Match on catch block at 0xc3 in for 0xa5
04-06 14:21:11.066 30024 30024 E ArmVmp : Match on catch block at 0xc3 in for 0xa5
04-06 14:21:11.069 30024 30024 E ArmVmp : Match on catch block at 0xc3 in for 0xa9
04-06 14:21:11.082 30024 30024 E ArmVmp : Match on catch block at 0xc3 in for 0xa9
04-06 14:21:11.084 30024 30024 E ArmVmp : Match on catch block at 0xc3 in for 0xa1
04-06 14:21:11.099 30024 30024 E ArmVmp : Match on catch block at 0xc3 in for 0xa1
04-06 14:21:11.104 30024 30024 E ArmVmp : Match on catch block at 0xc3 in for 0xa5
04-06 14:21:11.115 30024 30024 E ArmVmp : Match on catch block at 0xc3 in for 0xa5
04-06 14:21:11.119 30024 30024 E ArmVmp : Match on catch block at 0xc3 in for 0xa9
04-06 14:21:11.131 30024 30024 E ArmVmp : Match on catch block at 0xc3 in for 0xa9
04-06 14:21:11.135 30024 30024 E ArmVmp : Match on catch block at 0xc3 in for 0xa1
04-06 14:21:11.149 30024 30024 E ArmVmp : Match on catch block at 0xc3 in for 0xa1
04-06 14:21:11.153 30024 30024 E ArmVmp : Match on catch block at 0xc3 in for 0xa5
04-06 14:21:11.166 30024 30024 E ArmVmp : Match on catch block at 0xc3 in for 0xa5
04-06 14:21:11.169 30024 30024 E ArmVmp : Match on catch block at 0xc3 in for 0xa9
04-06 14:21:11.181 30024 30024 E ArmVmp : Match on catch block at 0xc3 in for 0xa9
04-06 14:21:11.184 30024 30024 E ArmVmp : Match on catch block at 0xc3 in for 0xa1
04-06 14:21:11.199 30024 30024 E ArmVmp : Match on catch block at 0xc3 in for 0xa1
04-06 14:21:11.203 30024 30024 E ArmVmp : Match on catch block at 0xc3 in for 0xa5
04-06 14:21:11.216 30024 30024 E ArmVmp : Match on catch block at 0xc3 in for 0xa5
04-06 14:21:11.220 30024 30024 E ArmVmp : Match on catch block at 0xc3 in for 0xa9
04-06 14:21:11.231 30024 30024 E ArmVmp : Match on catch block at 0xc3 in for 0xa1
04-06 14:21:11.234 30024 30024 E ArmVmp : Match on catch block at 0xc3 in for 0xa5
04-06 14:21:11.432 30024 30024 E ArmVmp : Match on catch block at 0xc3 in for 0xa1
04-06 14:21:11.435 30024 30024 E ArmVmp : Match on catch block at 0xc3 in for 0xa5
04-06 14:21:11.517 30024 30024 E ArmVmp : Match on catch block at 0xc3 in for 0xa1
04-06 14:21:11.520 30024 30024 E ArmVmp : Match on catch block at 0xc3 in for 0xa5
04-06 14:21:11.531 30024 30024 E ArmVmp : Match on catch block at 0xc3 in for 0xa9
04-06 14:21:11.536 30024 30024 E ArmVmp : Match on catch block at 0xc3 in for 0xa1
04-06 14:21:11.853 30024 30024 E ArmVmp : Match on catch block at 0xc3 in for 0xa1
04-06 14:21:11.855 30024 30024 E ArmVmp : Match on catch block at 0xc3 in for 0xa5
04-06 14:21:11.884 30024 30024 E GraphicExt:
GraphicExtModuleLoader::CreateGraphicExtInstance false
04-06 14:21:11.920 30024 30024 E ArmVmp : Match on catch block at 0xc3 in for 0xa5
04-06 14:21:11.922 30024 30024 E ArmVmp : Match on catch block at 0xc3 in for 0xa9
04-06 14:21:11.937 30024 30024 E ArmVmp : Match on catch block at 0xc3 in for 0xa9
04-06 14:21:11.939 30024 30024 E ArmVmp : Match on catch block at 0xc3 in for 0xa1
04-06 14:21:12.442 30024 30024 E ArmVmp : Match on catch block at 0xc3 in for 0xa9
04-06 14:21:12.444 30024 30024 E ArmVmp : Match on catch block at 0xc3 in for 0xa1
04-06 14:21:31.010 30024 30024 E GraphicExt:
GraphicExtModuleLoader::CreateGraphicExtInstance false
04-06 14:21:32.997 30024 30024 E GraphicExt:
GraphicExtModuleLoader::CreateGraphicExtInstance false
04-06 14:21:51.344 30024 30024 E GraphicExt:
GraphicExtModuleLoader::CreateGraphicExtInstance false
04-06 14:21:54.456 30024 30024 E GraphicExt:
GraphicExtModuleLoader::CreateGraphicExtInstance false
04-06 14:21:55.046 30024 30024 W ActivityThread: handleWindowVisibility: no
activity for token android.os.BinderProxy@7f42619
04-06 14:21:55.179 30024 30024 E ArmVmp : Match on catch block at 0x0a in for 0xc9
04-06 14:21:55.181 30024 31827 W System : ClassLoader referenced unknown path:
system/framework/mediatek-cta.jar
04-06 14:21:55.181 30024 30024 E ArmVmp : Match on catch block at 0x0a in for 0xc5
04-06 14:21:55.223 30024 30024 E GraphicExt:
GraphicExtModuleLoader::CreateGraphicExtInstance false
04-06 14:21:55.253 30024 31827 W System : ClassLoader referenced unknown path:
system/framework/mediatek-cta.jar
04-06 14:21:55.376 30024 30024 E ArmVmp : Match on catch block at 0xc3 in for 0xb9
04-06 14:21:55.379 30024 30024 E ArmVmp : Match on catch block at 0xc3 in for 0xb9
04-06 14:21:55.424 30024 30024 E ArmVmp : Match on catch block at 0xc3 in for 0xa9
04-06 14:21:55.427 30024 30024 E ArmVmp : Match on catch block at 0xc3 in for 0xa1
04-06 14:21:55.453 30024 30024 E ArmVmp : Match on catch block at 0xc3 in for 0xa5
04-06 14:21:55.455 30024 30024 E ArmVmp : Match on catch block at 0xc3 in for 0xa9
04-06 14:21:55.469 30024 30024 E ArmVmp : Match on catch block at 0xc3 in for 0xa9
04-06 14:21:55.471 30024 30024 E ArmVmp : Match on catch block at 0xc3 in for 0xa1
04-06 14:21:55.955 30024 30024 E ArmVmp : Match on catch block at 0xc3 in for 0xa1
04-06 14:21:55.960 30024 30024 E ArmVmp : Match on catch block at 0xc3 in for 0xa5
04-06 14:21:56.022 30024 30024 E ArmVmp : Match on catch block at 0xc3 in for 0xa1
04-06 14:21:56.026 30024 30024 E ArmVmp : Match on catch block at 0xc3 in for 0xa5
04-06 14:21:56.038 30024 30024 E ArmVmp : Match on catch block at 0xc3 in for 0xa5
04-06 14:21:56.043 30024 30024 E ArmVmp : Match on catch block at 0xc3 in for 0xa9
04-06 14:21:56.055 30024 30024 E ArmVmp : Match on catch block at 0xc3 in for 0xa9
04-06 14:21:56.059 30024 30024 E ArmVmp : Match on catch block at 0xc3 in for 0xa1
04-06 14:21:56.071 30024 30024 E ArmVmp : Match on catch block at 0xc3 in for 0xa1
04-06 14:21:56.074 30024 30024 E ArmVmp : Match on catch block at 0xc3 in for 0xa5
04-06 14:21:56.088 30024 30024 E ArmVmp : Match on catch block at 0xc3 in for 0xa5
04-06 14:21:56.091 30024 30024 E ArmVmp : Match on catch block at 0xc3 in for 0xa9
04-06 14:21:56.105 30024 30024 E ArmVmp : Match on catch block at 0xc3 in for 0xa9
04-06 14:21:56.109 30024 30024 E ArmVmp : Match on catch block at 0xc3 in for 0xa1
04-06 14:21:56.121 30024 30024 E ArmVmp : Match on catch block at 0xc3 in for 0xa1
04-06 14:21:56.124 30024 30024 E ArmVmp : Match on catch block at 0xc3 in for 0xa5
04-06 14:21:56.138 30024 30024 E ArmVmp : Match on catch block at 0xc3 in for 0xa5
04-06 14:21:56.141 30024 30024 E ArmVmp : Match on catch block at 0xc3 in for 0xa9
04-06 14:21:56.155 30024 30024 E ArmVmp : Match on catch block at 0xc3 in for 0xa9
04-06 14:21:56.160 30024 30024 E ArmVmp : Match on catch block at 0xc3 in for 0xa1
04-06 14:21:56.172 30024 30024 E ArmVmp : Match on catch block at 0xc3 in for 0xa1
04-06 14:21:56.176 30024 30024 E ArmVmp : Match on catch block at 0xc3 in for 0xa5
04-06 14:21:56.188 30024 30024 E ArmVmp : Match on catch block at 0xc3 in for 0xa5
04-06 14:21:56.191 30024 30024 E ArmVmp : Match on catch block at 0xc3 in for 0xa9
04-06 14:21:56.205 30024 30024 E ArmVmp : Match on catch block at 0xc3 in for 0xa9
04-06 14:21:56.209 30024 30024 E ArmVmp : Match on catch block at 0xc3 in for 0xa1
04-06 14:21:56.222 30024 30024 E ArmVmp : Match on catch block at 0xc3 in for 0xa1
04-06 14:21:56.226 30024 30024 E ArmVmp : Match on catch block at 0xc3 in for 0xa5
04-06 14:21:56.239 30024 30024 E ArmVmp : Match on catch block at 0xc3 in for 0xa9
04-06 14:21:56.243 30024 30024 E ArmVmp : Match on catch block at 0xc3 in for 0xa1
04-06 14:21:56.335 30024 30024 E ArmVmp : Match on catch block at 0xc3 in for 0xa1
04-06 14:21:56.339 30024 30024 E ArmVmp : Match on catch block at 0xc3 in for 0xa5
04-06 14:21:56.353 30024 30024 E GraphicExt:
GraphicExtModuleLoader::CreateGraphicExtInstance false
04-06 14:21:56.355 30024 30024 E RecyclerView: No adapter attached; skipping layout
04-06 14:21:56.409 30024 30024 E ArmVmp : Match on catch block at 0xc3 in for 0xa5
04-06 14:21:56.413 30024 30024 E ArmVmp : Match on catch block at 0xc3 in for 0xa9
04-06 14:21:56.439 30024 30024 E ArmVmp : Match on catch block at 0x0a in for 0xa5
04-06 14:21:56.441 30024 30024 E ArmVmp : Match on catch block at 0x0a in for 0xa5
04-06 14:21:56.459 30024 30024 E ArmVmp : Match on catch block at 0xc3 in for 0xa9
04-06 14:21:56.462 30024 30024 E ArmVmp : Match on catch block at 0xc3 in for 0xa1
04-06 14:21:56.822 30024 30024 E ArmVmp : Match on catch block at 0xc3 in for 0xa1
04-06 14:21:56.827 30024 30024 E ArmVmp : Match on catch block at 0xc3 in for 0xa5
04-06 14:21:57.338 30024 30024 E ArmVmp : Match on catch block at 0xc3 in for 0xa5
04-06 14:21:57.343 30024 30024 E ArmVmp : Match on catch block at 0xc3 in for 0xa9
04-06 14:21:57.368 30024 30024 W ActivityThread: handleWindowVisibility: no
activity for token android.os.BinderProxy@f4354c
04-06 14:21:57.413 30024 30024 W TabLayout: MODE_SCROLLABLE + GRAVITY_FILL is not
supported, GRAVITY_START will be used instead
04-06 14:21:57.429 30024 30024 W BottomSheetBehavior: BottomSheetBehavior now
supports multiple callbacks. `setBottomSheetCallback()` removes all existing
callbacks, including ones set internally by library authors, which may result in
unintended behavior. This may change in the future. Please use
`addBottomSheetCallback()` and `removeBottomSheetCallback()` instead to set your
own callbacks.
04-06 14:21:57.438 30024 30366 E libc : Access denied finding property
"camera.aux.packagelist"
04-06 14:21:57.438 30024 30366 E libc : Access denied finding property
"camera.aux.packagelist"
04-06 14:21:57.436 30024 30024 W Binder:30024_5: type=1400 audit(0.0:4307): avc:
denied { read } for name="u:object_r:mtkcam_prop:s0" dev="tmpfs" ino=317
scontext=u:r:untrusted_app:s0:c225,c256,c512,c768
tcontext=u:object_r:mtkcam_prop:s0 tclass=file permissive=0
04-06 14:21:57.445 30024 30040 E libc : Access denied finding property
"camera.aux.packagelist"
04-06 14:21:57.445 30024 30040 W CameraManagerGlobal: ignore the torch status
update of camera: 21
04-06 14:21:57.440 30024 30024 W Binder:30024_1: type=1400 audit(0.0:4312): avc:
denied { read } for name="u:object_r:mtkcam_prop:s0" dev="tmpfs" ino=317
scontext=u:r:untrusted_app:s0:c225,c256,c512,c768
tcontext=u:object_r:mtkcam_prop:s0 tclass=file permissive=0
04-06 14:21:57.445 30024 30040 E libc : Access denied finding property
"camera.aux.packagelist"
04-06 14:21:57.445 30024 30040 W CameraManagerGlobal: ignore the torch status
update of camera: 22
04-06 14:21:57.440 30024 30024 W Binder:30024_1: type=1400 audit(0.0:4313): avc:
denied { read } for name="u:object_r:mtkcam_prop:s0" dev="tmpfs" ino=317
scontext=u:r:untrusted_app:s0:c225,c256,c512,c768
tcontext=u:object_r:mtkcam_prop:s0 tclass=file permissive=0
04-06 14:21:57.445 30024 30040 E libc : Access denied finding property
"camera.aux.packagelist"
04-06 14:21:57.445 30024 30040 W CameraManagerGlobal: ignore the torch status
update of camera: 61
04-06 14:21:57.450 30024 30347 E libc : Access denied finding property
"vendor.debug.bq.dump"
04-06 14:21:57.450 30024 30347 E libc : Access denied finding property
"vendor.debug.bq.dump"
04-06 14:21:57.450 30024 30347 E libc : Access denied finding property
"vendor.debug.bq.dump"
04-06 14:21:57.450 30024 30347 E GraphicExt:
GraphicExtModuleLoader::CreateGraphicExtInstance false
04-06 14:21:57.451 30024 30347 E libc : Access denied finding property
"vendor.debug.bq.dump"
04-06 14:21:57.451 30024 30347 E libc : Access denied finding property
"vendor.debug.bq.dump"
04-06 14:21:57.451 30024 30347 E libc : Access denied finding property
"vendor.debug.bq.dump"
04-06 14:21:57.452 30024 30347 E GraphicExt:
GraphicExtModuleLoader::CreateGraphicExtInstance false
04-06 14:21:57.514 30024 30024 E GraphicExt:
GraphicExtModuleLoader::CreateGraphicExtInstance false
04-06 14:21:57.522 30024 30024 W View : requestLayout() improperly called by
androidx.appcompat.view.menu.ActionMenuItemView{6b58d66 VFED..CL. ......ID 0,11-
132,143 #7f0b0fe8 app:id/more} during layout: running second layout pass
04-06 14:21:57.522 30024 30024 W View : requestLayout() improperly called by
androidx.appcompat.widget.ActionMenuView{f4678a7 V.E...... ......ID 948,0-1080,154}
during layout: running second layout pass
04-06 14:21:57.522 30024 30024 W View : requestLayout() improperly called by
com.mbwhatsapp.WaImageView{1ee7154 VF.D..CL. ......ID 0,0-176,176 #7f0b1814
app:id/shutter} during layout: running second layout pass
04-06 14:21:57.522 30024 30024 W View : requestLayout() improperly called by
com.mbwhatsapp.CircularProgressBar{40608fd V.ED..... ......ID 0,0-176,176 #7f0b14fc
app:id/recording_progress} during layout: running second layout pass
04-06 14:21:57.522 30024 30024 W View : requestLayout() improperly called by
com.mbwhatsapp.WaImageView{dfd19f2 VF.D..C.. ......ID 0,0-132,132 #7f0b1976
app:id/switch_camera_btn} during layout: running second layout pass
04-06 14:21:57.522 30024 30024 W View : requestLayout() improperly called by
com.mbwhatsapp.WaImageView{5d7f843 VFED..C.. ......ID 0,0-132,132 #7f0b0b0d
app:id/gallery_btn} during layout: running second layout pass
04-06 14:21:57.522 30024 30024 W View : requestLayout() improperly called by
com.mbwhatsapp.WaImageView{16b4ec0 VF.D..C.. ......ID 0,0-132,132 #7f0b0a9c
app:id/flash_btn} during layout: running second layout pass
04-06 14:21:57.522 30024 30024 W View : requestLayout() improperly called by
com.mbwhatsapp.WaImageView{52f37f9 VFED..C.. ......ID 0,0-132,132 #7f0b057f
app:id/close_camera_btn} during layout: running second layout pass
04-06 14:21:57.522 30024 30024 W View : requestLayout() improperly called by
X.4Ki{bbee33e V.ED..... ......ID 0,6-1080,138} during layout: running second layout
pass
04-06 14:21:57.527 30024 30024 E libc : Access denied finding property
"vendor.debug.bq.dump"
04-06 14:21:57.527 30024 30024 E libc : Access denied finding property
"vendor.debug.bq.dump"
04-06 14:21:57.527 30024 30024 E libc : Access denied finding property
"vendor.debug.bq.dump"
04-06 14:21:57.527 30024 30024 E GraphicExt:
GraphicExtModuleLoader::CreateGraphicExtInstance false
04-06 14:21:57.531 30024 30347 E GraphicExt:
GraphicExtModuleLoader::CreateGraphicExtInstance false
04-06 14:21:57.532 30024 30347 E libc : Access denied finding property
"vendor.debug.bq.dump"
04-06 14:21:57.532 30024 30347 E libc : Access denied finding property
"vendor.debug.bq.dump"
04-06 14:21:57.532 30024 30347 E libc : Access denied finding property
"vendor.debug.bq.dump"
04-06 14:21:57.533 30024 30347 E GraphicExt:
GraphicExtModuleLoader::CreateGraphicExtInstance false
04-06 14:21:57.570 30024 30024 W View : requestLayout() improperly called by
com.mbwhatsapp.WaImageView{1ee7154 VF.D..CL. ......ID 452,1696-628,1872 #7f0b1814
app:id/shutter} during layout: running second layout pass
04-06 14:21:57.570 30024 30024 W View : requestLayout() improperly called by
com.mbwhatsapp.CircularProgressBar{40608fd V.ED..... ......ID 452,1696-628,1872
#7f0b14fc app:id/recording_progress} during layout: running second layout pass
04-06 14:21:57.570 30024 30024 W View : requestLayout() improperly called by
com.mbwhatsapp.WaImageView{dfd19f2 VF.D..C.. ......ID 924,1716-1056,1848 #7f0b1976
app:id/switch_camera_btn} during layout: running second layout pass
04-06 14:21:57.570 30024 30024 W View : requestLayout() improperly called by
com.mbwhatsapp.WaImageView{5d7f843 VFED..C.. ......ID 24,1716-156,1848 #7f0b0b0d
app:id/gallery_btn} during layout: running second layout pass
04-06 14:21:57.570 30024 30024 W View : requestLayout() improperly called by
com.mbwhatsapp.WaImageView{16b4ec0 VF.D..C.. ......I. 924,24-1056,156 #7f0b0a9c
app:id/flash_btn} during layout: running second layout pass
04-06 14:21:57.570 30024 30024 W View : requestLayout() improperly called by
com.mbwhatsapp.WaImageView{52f37f9 VFED..C.. ......I. 24,24-156,156 #7f0b057f
app:id/close_camera_btn} during layout: running second layout pass
04-06 14:21:57.579 30024 30024 E ArmVmp : Match on catch block at 0xc3 in for 0xa5
04-06 14:21:57.582 30024 30024 E ArmVmp : Match on catch block at 0xc3 in for 0xa9
04-06 14:21:57.944 30024 30024 E ArmVmp : Match on catch block at 0xc3 in for 0xa5
04-06 14:21:57.948 30024 30024 E ArmVmp : Match on catch block at 0xc3 in for 0xa9
04-06 14:21:57.975 30024 30024 E ArmVmp : Match on catch block at 0xc3 in for 0xa9
04-06 14:21:57.981 30024 30024 E ArmVmp : Match on catch block at 0xc3 in for 0xa1
04-06 14:21:58.001 30024 30024 E ArmVmp : Match on catch block at 0xc3 in for 0xa5
04-06 14:21:58.004 30024 30024 E ArmVmp : Match on catch block at 0xc3 in for 0xa9
04-06 14:21:58.015 30024 30024 E ArmVmp : Match on catch block at 0xc3 in for 0xa1
04-06 14:21:58.018 30024 30024 E ArmVmp : Match on catch block at 0xc3 in for 0xa5
04-06 14:21:58.021 30024 30024 E ArmVmp : Match on catch block at 0xc3 in for 0xa5
04-06 14:21:58.027 30024 30024 E ArmVmp : Match on catch block at 0xc3 in for 0xa9
04-06 14:21:58.038 30024 30024 E ArmVmp : Match on catch block at 0xc3 in for 0xa9
04-06 14:21:58.041 30024 30024 E ArmVmp : Match on catch block at 0xc3 in for 0xa1
04-06 14:21:58.057 30024 30024 E ArmVmp : Match on catch block at 0xc3 in for 0xa1
04-06 14:21:58.060 30024 30024 E ArmVmp : Match on catch block at 0xc3 in for 0xa5
04-06 14:21:58.072 30024 30024 E ArmVmp : Match on catch block at 0xc3 in for 0xa5
04-06 14:21:58.076 30024 30024 E ArmVmp : Match on catch block at 0xc3 in for 0xa9
04-06 14:21:58.090 30024 30024 E ArmVmp : Match on catch block at 0xc3 in for 0xa9
04-06 14:21:58.095 30024 30024 E ArmVmp : Match on catch block at 0xc3 in for 0xa1
04-06 14:21:58.110 30024 30024 E ArmVmp : Match on catch block at 0xc3 in for 0xa1
04-06 14:21:58.114 30024 30024 E ArmVmp : Match on catch block at 0xc3 in for 0xa5
04-06 14:21:58.124 30024 30024 E ArmVmp : Match on catch block at 0xc3 in for 0xa5
04-06 14:21:58.127 30024 30024 E ArmVmp : Match on catch block at 0xc3 in for 0xa9
04-06 14:21:58.138 30024 30024 E ArmVmp : Match on catch block at 0xc3 in for 0xa9
04-06 14:21:58.141 30024 30024 E ArmVmp : Match on catch block at 0xc3 in for 0xa1
04-06 14:21:58.156 30024 30024 E ArmVmp : Match on catch block at 0xc3 in for 0xa1
04-06 14:21:58.159 30024 30024 E ArmVmp : Match on catch block at 0xc3 in for 0xa5
04-06 14:21:58.171 30024 30024 E ArmVmp : Match on catch block at 0xc3 in for 0xa5
04-06 14:21:58.174 30024 30024 E ArmVmp : Match on catch block at 0xc3 in for 0xa9
04-06 14:21:58.189 30024 30024 E ArmVmp : Match on catch block at 0xc3 in for 0xa9
04-06 14:21:58.192 30024 30024 E ArmVmp : Match on catch block at 0xc3 in for 0xa1
04-06 14:21:58.357 30024 30024 E libc : Access denied finding property
"vendor.debug.bq.dump"
04-06 14:21:58.357 30024 30024 E libc : Access denied finding property
"vendor.debug.bq.dump"
04-06 14:21:58.357 30024 30024 E GraphicExt:
GraphicExtModuleLoader::CreateGraphicExtInstance false
04-06 14:21:58.357 30024 30082 E BufferQueueProducer: [unnamed-30024-8]
(this:0x7749260000,id:8,api:1,p:30024,c:30024) setMaxDequeuedBufferCount: 2
dequeued buffers would exceed the maxBufferCount (2) (maxAcquired 1 async 0
mDequeuedBufferCannotBlock 0)
04-06 14:21:58.357 30024 30082 E Surface :
IGraphicBufferProducer::setBufferCount(3) returned Invalid argument
04-06 14:21:58.360 30024 30024 W RefBase : CallStack::getCurrentInternal not
linked, returning null
04-06 14:21:58.360 30024 30024 W RefBase : CallStack::logStackInternal not linked
04-06 14:21:58.368 30024 30347 W RefBase : CallStack::getCurrentInternal not
linked, returning null
04-06 14:21:58.368 30024 30347 W RefBase : CallStack::logStackInternal not linked
04-06 14:21:58.377 30024 30024 W ActivityThread: handleWindowVisibility: no
activity for token android.os.BinderProxy@58e6092
04-06 14:21:58.511 30024 30024 E GraphicExt:
GraphicExtModuleLoader::CreateGraphicExtInstance false
04-06 14:21:58.536 30024 30024 W Binder:30024_1: type=1400 audit(0.0:4365): avc:
denied { read } for name="u:object_r:mtkcam_prop:s0" dev="tmpfs" ino=317
scontext=u:r:untrusted_app:s0:c225,c256,c512,c768
tcontext=u:object_r:mtkcam_prop:s0 tclass=file permissive=0
04-06 14:21:58.539 30024 30040 E libc : Access denied finding property
"camera.aux.packagelist"
04-06 14:21:58.539 30024 30040 E libc : Access denied finding property
"camera.aux.packagelist"
04-06 14:21:58.536 30024 30024 W Binder:30024_1: type=1400 audit(0.0:4367): avc:
