04-06 14:20:10.007 30024 30024 E ArmVmp : Match on catch block at 0xc3 in for 0xa9
04-06 14:20:10.012 30024 30024 E ArmVmp : Match on catch block at 0xc3 in for 0xa1
04-06 14:20:10.015 30024 30024 E ArmVmp : Match on catch block at 0xc3 in for 0xa1
04-06 14:20:10.023 30024 30024 E ArmVmp : Match on catch block at 0xc3 in for 0xa5
04-06 14:20:10.028 30024 30024 E ArmVmp : Match on catch block at 0xc3 in for 0xa9
04-06 14:20:10.031 30024 30024 E ArmVmp : Match on catch block at 0xc3 in for 0xa9
04-06 14:20:10.041 30024 30024 E ArmVmp : Match on catch block at 0xc3 in for 0xa1
04-06 14:20:10.045 30024 30024 E ArmVmp : Match on catch block at 0xc3 in for 0xa5
04-06 14:20:10.047 30024 30024 E ArmVmp : Match on catch block at 0xc3 in for 0xa5
04-06 14:20:10.074 30024 30024 E ArmVmp : Match on catch block at 0xc3 in for 0xa9
04-06 14:20:10.077 30024 30024 E ArmVmp : Match on catch block at 0xc3 in for 0xa1
04-06 14:20:10.080 30024 30024 E ArmVmp : Match on catch block at 0xc3 in for 0xa1
04-06 14:20:10.107 30024 30024 E ArmVmp : Match on catch block at 0xc3 in for 0xa5
04-06 14:20:10.112 30024 30024 E ArmVmp : Match on catch block at 0xc3 in for 0xa9
04-06 14:20:10.116 30024 30024 E ArmVmp : Match on catch block at 0xc3 in for 0xa9
04-06 14:20:10.141 30024 30024 E ArmVmp : Match on catch block at 0xc3 in for 0xa1
04-06 14:20:10.147 30024 30024 E ArmVmp : Match on catch block at 0xc3 in for 0xa5
04-06 14:20:10.149 30024 30024 E ArmVmp : Match on catch block at 0xc3 in for 0xa5
04-06 14:20:10.174 30024 30024 E ArmVmp : Match on catch block at 0xc3 in for 0xa9
04-06 14:20:10.177 30024 30024 E ArmVmp : Match on catch block at 0xc3 in for 0xa1
04-06 14:20:10.181 30024 30024 E ArmVmp : Match on catch block at 0xc3 in for 0xa1
04-06 14:20:10.206 30024 30024 E ArmVmp : Match on catch block at 0xc3 in for 0xa5
04-06 14:20:10.209 30024 30024 E ArmVmp : Match on catch block at 0xc3 in for 0xa9
04-06 14:20:10.212 30024 30024 E ArmVmp : Match on catch block at 0xc3 in for 0xa9
04-06 14:20:10.240 30024 30024 E ArmVmp : Match on catch block at 0xc3 in for 0xa1
04-06 14:20:10.245 30024 30024 E ArmVmp : Match on catch block at 0xc3 in for 0xa5
04-06 14:20:10.248 30024 30024 E ArmVmp : Match on catch block at 0xc3 in for 0xa5
04-06 14:20:10.274 30024 30024 E ArmVmp : Match on catch block at 0xc3 in for 0xa9
04-06 14:20:10.278 30024 30024 E ArmVmp : Match on catch block at 0xc3 in for 0xa1
04-06 14:20:10.307 30024 30024 E ArmVmp : Match on catch block at 0xc3 in for 0xa1
04-06 14:20:10.311 30024 30024 E ArmVmp : Match on catch block at 0xc3 in for 0xa5
04-06 14:20:10.315 30024 30024 E ArmVmp : Match on catch block at 0xc3 in for 0xa5
04-06 14:20:10.340 30024 30024 E ArmVmp : Match on catch block at 0xc3 in for 0xa9
04-06 14:20:10.345 30024 30024 E ArmVmp : Match on catch block at 0xc3 in for 0xa1
04-06 14:20:10.349 30024 30024 E ArmVmp : Match on catch block at 0xc3 in for 0xa1
04-06 14:20:10.373 30024 30024 E ArmVmp : Match on catch block at 0xc3 in for 0xa5
04-06 14:20:10.378 30024 30024 E ArmVmp : Match on catch block at 0xc3 in for 0xa9
04-06 14:20:10.382 30024 30024 E ArmVmp : Match on catch block at 0xc3 in for 0xa9
04-06 14:20:10.407 30024 30024 E ArmVmp : Match on catch block at 0xc3 in for 0xa1
04-06 14:20:10.411 30024 30024 E ArmVmp : Match on catch block at 0xc3 in for 0xa5
04-06 14:20:10.414 30024 30024 E ArmVmp : Match on catch block at 0xc3 in for 0xa5
04-06 14:20:10.441 30024 30024 E ArmVmp : Match on catch block at 0xc3 in for 0xa9
04-06 14:20:10.445 30024 30024 E ArmVmp : Match on catch block at 0xc3 in for 0xa1
04-06 14:20:10.449 30024 30024 E ArmVmp : Match on catch block at 0xc3 in for 0xa1
04-06 14:20:10.473 30024 30024 E ArmVmp : Match on catch block at 0xc3 in for 0xa5
04-06 14:20:10.476 30024 30024 E ArmVmp : Match on catch block at 0xc3 in for 0xa9
04-06 14:20:10.481 30024 30024 E ArmVmp : Match on catch block at 0xc3 in for 0xa9
04-06 14:20:10.526 30024 30024 E ArmVmp : Match on catch block at 0xc3 in for 0xa1
04-06 14:20:10.531 30024 30024 E ArmVmp : Match on catch block at 0xc3 in for 0xa5
04-06 14:20:10.534 30024 30024 E ArmVmp : Match on catch block at 0xc3 in for 0xa5
04-06 14:20:10.557 30024 30024 E ArmVmp : Match on catch block at 0xc3 in for 0xa9
04-06 14:20:10.561 30024 30024 E ArmVmp : Match on catch block at 0xc3 in for 0xa1
04-06 14:20:10.564 30024 30024 E ArmVmp : Match on catch block at 0xc3 in for 0xa1
04-06 14:20:10.591 30024 30024 E ArmVmp : Match on catch block at 0xc3 in for 0xa5
04-06 14:20:10.596 30024 30024 E ArmVmp : Match on catch block at 0xc3 in for 0xa9
04-06 14:20:10.599 30024 30024 E ArmVmp : Match on catch block at 0xc3 in for 0xa9
04-06 14:20:10.623 30024 30024 E ArmVmp : Match on catch block at 0xc3 in for 0xa1
04-06 14:20:10.627 30024 30024 E ArmVmp : Match on catch block at 0xc3 in for 0xa5
04-06 14:20:10.631 30024 30024 E ArmVmp : Match on catch block at 0xc3 in for 0xa5
04-06 14:20:10.658 30024 30024 E ArmVmp : Match on catch block at 0xc3 in for 0xa9
04-06 14:20:10.663 30024 30024 E ArmVmp : Match on catch block at 0xc3 in for 0xa1
04-06 14:20:10.666 30024 30024 E ArmVmp : Match on catch block at 0xc3 in for 0xa1
04-06 14:20:10.674 30024 30024 E ArmVmp : Match on catch block at 0xc3 in for 0xa5
04-06 14:20:10.679 30024 30024 E ArmVmp : Match on catch block at 0xc3 in for 0xa9
04-06 14:20:10.681 30024 30024 E ArmVmp : Match on catch block at 0xc3 in for 0xa9
04-06 14:20:10.724 30024 30024 E ArmVmp : Match on catch block at 0xc3 in for 0xa1
04-06 14:20:10.729 30024 30024 E ArmVmp : Match on catch block at 0xc3 in for 0xa5
04-06 14:20:10.732 30024 30024 E ArmVmp : Match on catch block at 0xc3 in for 0xa5
04-06 14:20:10.757 30024 30024 E ArmVmp : Match on catch block at 0xc3 in for 0xa9
04-06 14:20:10.761 30024 30024 E ArmVmp : Match on catch block at 0xc3 in for 0xa1
04-06 14:20:10.764 30024 30024 E ArmVmp : Match on catch block at 0xc3 in for 0xa1
04-06 14:20:10.774 30024 30024 E ArmVmp : Match on catch block at 0xc3 in for 0xa5
04-06 14:20:10.778 30024 30024 E ArmVmp : Match on catch block at 0xc3 in for 0xa9
04-06 14:20:10.782 30024 30024 E ArmVmp : Match on catch block at 0xc3 in for 0xa9
04-06 14:20:10.825 30024 30024 E ArmVmp : Match on catch block at 0xc3 in for 0xa1
04-06 14:20:10.829 30024 30024 E ArmVmp : Match on catch block at 0xc3 in for 0xa5
04-06 14:20:10.833 30024 30024 E ArmVmp : Match on catch block at 0xc3 in for 0xa5
04-06 14:20:10.857 30024 30024 E ArmVmp : Match on catch block at 0xc3 in for 0xa9
04-06 14:20:10.861 30024 30024 E ArmVmp : Match on catch block at 0xc3 in for 0xa1
04-06 14:20:10.863 30024 30024 E ArmVmp : Match on catch block at 0xc3 in for 0xa1
04-06 14:20:10.892 30024 30024 E ArmVmp : Match on catch block at 0xc3 in for 0xa5
04-06 14:20:10.897 30024 30024 E ArmVmp : Match on catch block at 0xc3 in for 0xa9
04-06 14:20:10.900 30024 30024 E ArmVmp : Match on catch block at 0xc3 in for 0xa9
04-06 14:20:10.924 30024 30024 E ArmVmp : Match on catch block at 0xc3 in for 0xa1
04-06 14:20:10.928 30024 30024 E ArmVmp : Match on catch block at 0xc3 in for 0xa5
04-06 14:20:10.931 30024 30024 E ArmVmp : Match on catch block at 0xc3 in for 0xa5
04-06 14:20:10.958 30024 30024 E ArmVmp : Match on catch block at 0xc3 in for 0xa9
04-06 14:20:10.962 30024 30024 E ArmVmp : Match on catch block at 0xc3 in for 0xa1
04-06 14:20:10.966 30024 30024 E ArmVmp : Match on catch block at 0xc3 in for 0xa1
04-06 14:20:10.991 30024 30024 E ArmVmp : Match on catch block at 0xc3 in for 0xa5
04-06 14:20:10.996 30024 30024 E ArmVmp : Match on catch block at 0xc3 in for 0xa9
04-06 14:20:10.998 30024 30024 E ArmVmp : Match on catch block at 0xc3 in for 0xa9
04-06 14:20:11.024 30024 30024 E ArmVmp : Match on catch block at 0xc3 in for 0xa1
04-06 14:20:11.028 30024 30024 E ArmVmp : Match on catch block at 0xc3 in for 0xa5
04-06 14:20:11.031 30024 30024 E ArmVmp : Match on catch block at 0xc3 in for 0xa5
04-06 14:20:11.058 30024 30024 E ArmVmp : Match on catch block at 0xc3 in for 0xa9
04-06 14:20:11.064 30024 30024 E ArmVmp : Match on catch block at 0xc3 in for 0xa1
04-06 14:20:11.067 30024 30024 E ArmVmp : Match on catch block at 0xc3 in for 0xa1
04-06 14:20:11.091 30024 30024 E ArmVmp : Match on catch block at 0xc3 in for 0xa5
04-06 14:20:11.095 30024 30024 E ArmVmp : Match on catch block at 0xc3 in for 0xa9
04-06 14:20:11.099 30024 30024 E ArmVmp : Match on catch block at 0xc3 in for 0xa9
04-06 14:20:11.123 30024 30024 E GraphicExt:
GraphicExtModuleLoader::CreateGraphicExtInstance false
04-06 14:20:11.136 30024 30024 E ArmVmp : Match on catch block at 0xc3 in for 0xa9
04-06 14:20:11.140 30024 30024 E ArmVmp : Match on catch block at 0xc3 in for 0xa1
04-06 14:20:11.143 30024 30024 E ArmVmp : Match on catch block at 0xc3 in for 0xa1
04-06 14:20:11.163 30024 30024 E ArmVmp : Match on catch block at 0xc3 in for 0xa5
04-06 14:20:11.168 30024 30024 E ArmVmp : Match on catch block at 0xc3 in for 0xa9
04-06 14:20:11.171 30024 30024 E ArmVmp : Match on catch block at 0xc3 in for 0xa9
04-06 14:20:11.207 30024 30024 E ArmVmp : Match on catch block at 0xc3 in for 0xa1
04-06 14:20:11.211 30024 30024 E ArmVmp : Match on catch block at 0xc3 in for 0xa5
04-06 14:20:11.214 30024 30024 E ArmVmp : Match on catch block at 0xc3 in for 0xa5
04-06 14:20:11.257 30024 30024 E ArmVmp : Match on catch block at 0xc3 in for 0xa9
04-06 14:20:11.264 30024 30024 E ArmVmp : Match on catch block at 0xc3 in for 0xa1
04-06 14:20:11.267 30024 30024 E ArmVmp : Match on catch block at 0xc3 in for 0xa1
04-06 14:20:11.308 30024 30024 E ArmVmp : Match on catch block at 0xc3 in for 0xa5
04-06 14:20:11.314 30024 30024 E ArmVmp : Match on catch block at 0xc3 in for 0xa9
04-06 14:20:11.317 30024 30024 E ArmVmp : Match on catch block at 0xc3 in for 0xa9
04-06 14:20:11.357 30024 30024 E ArmVmp : Match on catch block at 0xc3 in for 0xa1
04-06 14:20:11.361 30024 30024 E ArmVmp : Match on catch block at 0xc3 in for 0xa5
04-06 14:20:11.365 30024 30024 E ArmVmp : Match on catch block at 0xc3 in for 0xa5
04-06 14:20:11.408 30024 30024 E ArmVmp : Match on catch block at 0xc3 in for 0xa9
04-06 14:20:11.413 30024 30024 E ArmVmp : Match on catch block at 0xc3 in for 0xa1
04-06 14:20:11.417 30024 30024 E ArmVmp : Match on catch block at 0xc3 in for 0xa1
04-06 14:20:11.458 30024 30024 E ArmVmp : Match on catch block at 0xc3 in for 0xa5
04-06 14:20:11.464 30024 30024 E ArmVmp : Match on catch block at 0xc3 in for 0xa9
04-06 14:20:11.467 30024 30024 E ArmVmp : Match on catch block at 0xc3 in for 0xa9
04-06 14:20:11.478 30024 30024 E ArmVmp : Match on catch block at 0xc3 in for 0xa1
04-06 14:20:11.483 30024 30024 E ArmVmp : Match on catch block at 0xc3 in for 0xa5
04-06 14:20:11.486 30024 30024 E ArmVmp : Match on catch block at 0xc3 in for 0xa5
04-06 14:20:11.497 30024 30024 E ArmVmp : Match on catch block at 0xc3 in for 0xa9
04-06 14:20:11.500 30024 30024 E ArmVmp : Match on catch block at 0xc3 in for 0xa1
04-06 14:20:11.503 30024 30024 E ArmVmp : Match on catch block at 0xc3 in for 0xa1
04-06 14:20:11.518 30024 30024 E ArmVmp : Match on catch block at 0xc3 in for 0xa5
04-06 14:20:11.522 30024 30024 E ArmVmp : Match on catch block at 0xc3 in for 0xa9
04-06 14:20:11.525 30024 30024 E ArmVmp : Match on catch block at 0xc3 in for 0xa9
04-06 14:20:11.535 30024 30024 E ArmVmp : Match on catch block at 0xc3 in for 0xa1
04-06 14:20:11.538 30024 30024 E ArmVmp : Match on catch block at 0xc3 in for 0xa5
04-06 14:20:11.541 30024 30024 E ArmVmp : Match on catch block at 0xc3 in for 0xa5
04-06 14:20:11.564 30024 31889 W System : ClassLoader referenced unknown path:
system/framework/mediatek-cta.jar
04-06 14:20:11.586 30024 30024 E ArmVmp : Match on catch block at 0xc3 in for 0xa9
04-06 14:20:11.589 30024 30024 E ArmVmp : Match on catch block at 0xc3 in for 0xa1
04-06 14:20:11.591 30024 30024 E ArmVmp : Match on catch block at 0xc3 in for 0xa1
04-06 14:20:11.599 30024 31296 W MediaPlayer: Use of stream types is deprecated for
operations other than volume control
04-06 14:20:11.599 30024 31296 W MediaPlayer: See the documentation of
setAudioStreamType() for what to use instead with android.media.AudioAttributes to
qualify your playback use case
04-06 14:20:11.611 30024 30024 E ArmVmp : Match on catch block at 0xc3 in for 0xa1
04-06 14:20:11.616 30024 30024 E ArmVmp : Match on catch block at 0xc3 in for 0xa5
04-06 14:20:11.618 30024 30024 E ArmVmp : Match on catch block at 0xc3 in for 0xa5
04-06 14:20:11.643 30024 30024 E ArmVmp : Match on catch block at 0xc3 in for 0xa1
04-06 14:20:11.647 30024 30024 E ArmVmp : Match on catch block at 0xc3 in for 0xa5
04-06 14:20:11.649 30024 30024 E ArmVmp : Match on catch block at 0xc3 in for 0xa5
04-06 14:20:11.669 30024 30024 E ArmVmp : Match on catch block at 0xc3 in for 0xa9
04-06 14:20:11.672 30024 30024 E ArmVmp : Match on catch block at 0xc3 in for 0xa1
04-06 14:20:11.674 30024 30024 E ArmVmp : Match on catch block at 0xc3 in for 0xa1
04-06 14:20:11.696 30024 30024 E ArmVmp : Match on catch block at 0xc3 in for 0xa9
04-06 14:20:11.701 30024 30024 E ArmVmp : Match on catch block at 0xc3 in for 0xa1
04-06 14:20:11.704 30024 30024 E ArmVmp : Match on catch block at 0xc3 in for 0xa1
04-06 14:20:11.709 30024 30071 E SQLiteDatabase: Error inserting transferred=1
media_job_uuid=d706777d-99c5-4ec5-8380-637d352bc385 transcoded=0 gif_attribution=0
first_scan_length=0 direct_path=/v/t62.15575-
24/56154286_1592083098310654_8828746329474861378_n.enc?ccb=11-
4&oh=01_ASAve6f6Qx4qg2gIU5IOcvvfFioSTqtz5xy9FLWwmQNuXA&oe=66391028&_nc_sid=5e03e0
thumbnail_height_width_ratio=1.0 is_animated_sticker=0
file_hash=xY61OxkCGKvvDkxmFiyqCbMjwFYutu2zc5vi5b6izBs= file_path=Media/MBWhatsApp
Stickers/STK-20240406-WA0010.webp file_size=9142 partial_media_hash=null face_x=0
face_y=0 height=64 trim_to=0 media_key_timestamp=1712326762000
message_url=https://mmg.whatsapp.net/v/t62.15575-
24/56154286_1592083098310654_8828746329474861378_n.enc?ccb=11-
4&oh=01_ASAve6f6Qx4qg2gIU5IOcvvfFioSTqtz5xy9FLWwmQNuXA&oe=66391028&_nc_sid=5e03e0&m
ms3=true media_caption=null trim_from=0 mime_type=image/webp
partial_media_enc_hash=null width=64 original_file_hash=null
has_streaming_sidecar=0 autotransfer_retry_enabled=1 media_upload_handle=null
message_row_id=43 multicast_id=null
enc_file_hash=3IHazDaHXktgXkW7gjOc7gL96fphkVKeiEI7tNIX/wU= mute_video=0
page_count=0 first_scan_sidecar=null suspicious_content=0 file_length=9142
media_name=null media_duration=0 chat_row_id=8 media_key=[B@370aee8
04-06 14:20:11.709 30024 30071 E SQLiteDatabase:
android.database.sqlite.SQLiteConstraintException: UNIQUE constraint failed:
message_media.message_row_id (code 1555 SQLITE_CONSTRAINT_PRIMARYKEY)
04-06 14:20:11.709 30024 30071 E SQLiteDatabase: at
android.database.sqlite.SQLiteConnection.nativeExecuteForLastInsertedRowId(Native
Method)
04-06 14:20:11.709 30024 30071 E SQLiteDatabase: at
android.database.sqlite.SQLiteConnection.executeForLastInsertedRowId(SQLiteConnecti
on.java:879)
04-06 14:20:11.709 30024 30071 E SQLiteDatabase: at
android.database.sqlite.SQLiteSession.executeForLastInsertedRowId(SQLiteSession.jav
a:790)
04-06 14:20:11.709 30024 30071 E SQLiteDatabase: at
android.database.sqlite.SQLiteStatement.executeInsert(SQLiteStatement.java:88)
04-06 14:20:11.709 30024 30071 E SQLiteDatabase: at
android.database.sqlite.SQLiteDatabase.insertWithOnConflict(SQLiteDatabase.java:159
9)
04-06 14:20:11.709 30024 30071 E SQLiteDatabase: at
android.database.sqlite.SQLiteDatabase.insert(SQLiteDatabase.java:1468)
04-06 14:20:11.709 30024 30071 E SQLiteDatabase: at X.2tm.A08(Unknown
Source:6)
04-06 14:20:11.709 30024 30071 E SQLiteDatabase: at X.35Y.A07(Unknown
Source:212)
04-06 14:20:11.709 30024 30071 E SQLiteDatabase: at X.3QF.A14(Unknown
Source:470)
04-06 14:20:11.709 30024 30071 E SQLiteDatabase: at X.3gU.run(Unknown
Source:982)
04-06 14:20:11.709 30024 30071 E SQLiteDatabase: at
android.os.Handler.handleCallback(Handler.java:914)
04-06 14:20:11.709 30024 30071 E SQLiteDatabase: at
android.os.Handler.dispatchMessage(Handler.java:100)
04-06 14:20:11.709 30024 30071 E SQLiteDatabase: at
X.0zq.dispatchMessage(Unknown Source:4)
04-06 14:20:11.709 30024 30071 E SQLiteDatabase: at
android.os.Looper.loop(Looper.java:224)
04-06 14:20:11.709 30024 30071 E SQLiteDatabase: at
android.os.HandlerThread.run(HandlerThread.java:67)
04-06 14:20:11.722 30024 30024 E ArmVmp : Match on catch block at 0xc3 in for 0xa9
04-06 14:20:11.725 30024 30024 E ArmVmp : Match on catch block at 0xc3 in for 0xa1
04-06 14:20:11.726 30024 30024 E ArmVmp : Match on catch block at 0xc3 in for 0xa1
04-06 14:20:11.735 30024 31936 W System : ClassLoader referenced unknown path:
system/framework/mediatek-cta.jar
04-06 14:20:11.743 30024 30024 E ArmVmp : Match on catch block at 0xc3 in for 0xa5
04-06 14:20:11.745 30024 30024 E ArmVmp : Match on catch block at 0xc3 in for 0xa9
04-06 14:20:11.747 30024 30024 E ArmVmp : Match on catch block at 0xc3 in for 0xa9
04-06 14:20:11.756 30024 30024 E ArmVmp : Match on catch block at 0xc3 in for 0xa5
04-06 14:20:11.759 30024 30024 E ArmVmp : Match on catch block at 0xc3 in for 0xa9
04-06 14:20:11.761 30024 30024 E ArmVmp : Match on catch block at 0xc3 in for 0xa9
04-06 14:20:11.773 30024 30024 E ArmVmp : Match on catch block at 0xc3 in for 0xa1
04-06 14:20:11.775 30024 30024 E ArmVmp : Match on catch block at 0xc3 in for 0xa5
04-06 14:20:11.777 30024 30024 E ArmVmp : Match on catch block at 0xc3 in for 0xa5
04-06 14:20:11.809 30024 30024 E ArmVmp : Match on catch block at 0xc3 in for 0xa5
04-06 14:20:11.813 30024 30024 E ArmVmp : Match on catch block at 0xc3 in for 0xa9
04-06 14:20:11.816 30024 30024 E ArmVmp : Match on catch block at 0xc3 in for 0xa9
04-06 14:20:11.823 30024 30024 E ArmVmp : Match on catch block at 0xc3 in for 0xa1
04-06 14:20:11.825 30024 30024 E ArmVmp : Match on catch block at 0xc3 in for 0xa5
04-06 14:20:11.828 30024 30024 E ArmVmp : Match on catch block at 0xc3 in for 0xa5
04-06 14:20:11.875 30024 30024 E ArmVmp : Match on catch block at 0xc3 in for 0xa9
04-06 14:20:11.880 30024 30024 E ArmVmp : Match on catch block at 0xc3 in for 0xa1
04-06 14:20:11.884 30024 30024 E ArmVmp : Match on catch block at 0xc3 in for 0xa1
04-06 14:20:11.908 30024 30024 E ArmVmp : Match on catch block at 0xc3 in for 0xa5
04-06 14:20:11.913 30024 30024 E ArmVmp : Match on catch block at 0xc3 in for 0xa9
04-06 14:20:11.917 30024 30024 E ArmVmp : Match on catch block at 0xc3 in for 0xa9
04-06 14:20:11.941 30024 30024 E ArmVmp : Match on catch block at 0xc3 in for 0xa1
04-06 14:20:11.944 30024 30024 E ArmVmp : Match on catch block at 0xc3 in for 0xa5
04-06 14:20:11.948 30024 30024 E ArmVmp : Match on catch block at 0xc3 in for 0xa5
04-06 14:20:11.974 30024 30024 E ArmVmp : Match on catch block at 0xc3 in for 0xa9
04-06 14:20:11.979 30024 30024 E ArmVmp : Match on catch block at 0xc3 in for 0xa1
04-06 14:20:11.982 30024 30024 E ArmVmp : Match on catch block at 0xc3 in for 0xa1
04-06 14:20:12.007 30024 30024 E ArmVmp : Match on catch block at 0xc3 in for 0xa5
04-06 14:20:12.013 30024 30024 E ArmVmp : Match on catch block at 0xc3 in for 0xa9
04-06 14:20:12.016 30024 30024 E ArmVmp : Match on catch block at 0xc3 in for 0xa9
04-06 14:20:12.041 30024 30024 E ArmVmp : Match on catch block at 0xc3 in for 0xa1
04-06 14:20:12.045 30024 30024 E ArmVmp : Match on catch block at 0xc3 in for 0xa5
04-06 14:20:12.048 30024 30024 E ArmVmp : Match on catch block at 0xc3 in for 0xa5
04-06 14:20:12.074 30024 30024 E ArmVmp : Match on catch block at 0xc3 in for 0xa9
04-06 14:20:12.079 30024 30024 E ArmVmp : Match on catch block at 0xc3 in for 0xa1
04-06 14:20:12.081 30024 30024 E ArmVmp : Match on catch block at 0xc3 in for 0xa1
04-06 14:20:12.108 30024 30024 E ArmVmp : Match on catch block at 0xc3 in for 0xa5
04-06 14:20:12.113 30024 30024 E ArmVmp : Match on catch block at 0xc3 in for 0xa9
04-06 14:20:12.117 30024 30024 E ArmVmp : Match on catch block at 0xc3 in for 0xa9
04-06 14:20:12.140 30024 30024 E ArmVmp : Match on catch block at 0xc3 in for 0xa1
04-06 14:20:12.143 30024 30024 E ArmVmp : Match on catch block at 0xc3 in for 0xa5
04-06 14:20:12.147 30024 30024 E ArmVmp : Match on catch block at 0xc3 in for 0xa5
04-06 14:20:12.158 30024 30024 E ArmVmp : Match on catch block at 0xc3 in for 0xa9
04-06 14:20:12.162 30024 30024 E ArmVmp : Match on catch block at 0xc3 in for 0xa1
04-06 14:20:12.165 30024 30024 E ArmVmp : Match on catch block at 0xc3 in for 0xa1
04-06 14:20:12.174 30024 30024 E ArmVmp : Match on catch block at 0xc3 in for 0xa5
04-06 14:20:12.178 30024 30024 E ArmVmp : Match on catch block at 0xc3 in for 0xa9
04-06 14:20:12.182 30024 30024 E ArmVmp : Match on catch block at 0xc3 in for 0xa9
04-06 14:20:12.206 30024 30024 E ArmVmp : Match on catch block at 0xc3 in for 0xa1
04-06 14:20:12.211 30024 30024 E ArmVmp : Match on catch block at 0xc3 in for 0xa5
04-06 14:20:12.215 30024 30024 E ArmVmp : Match on catch block at 0xc3 in for 0xa5
04-06 14:20:12.240 30024 30024 E ArmVmp : Match on catch block at 0xc3 in for 0xa9
04-06 14:20:12.245 30024 30024 E ArmVmp : Match on catch block at 0xc3 in for 0xa1
04-06 14:20:12.249 30024 30024 E ArmVmp : Match on catch block at 0xc3 in for 0xa1
04-06 14:20:12.273 30024 30024 E ArmVmp : Match on catch block at 0xc3 in for 0xa5
04-06 14:20:12.277 30024 30024 E ArmVmp : Match on catch block at 0xc3 in for 0xa9
04-06 14:20:12.280 30024 30024 E ArmVmp : Match on catch block at 0xc3 in for 0xa9
04-06 14:20:12.307 30024 30024 E ArmVmp : Match on catch block at 0xc3 in for 0xa1
04-06 14:20:12.310 30024 30024 E ArmVmp : Match on catch block at 0xc3 in for 0xa5
04-06 14:20:12.314 30024 30024 E ArmVmp : Match on catch block at 0xc3 in for 0xa5
04-06 14:20:12.359 30024 30024 E ArmVmp : Match on catch block at 0xc3 in for 0xa9
04-06 14:20:12.364 30024 30024 E ArmVmp : Match on catch block at 0xc3 in for 0xa1
04-06 14:20:12.367 30024 30024 E ArmVmp : Match on catch block at 0xc3 in for 0xa1
04-06 14:20:12.391 30024 30024 E ArmVmp : Match on catch block at 0xc3 in for 0xa5
04-06 14:20:12.398 30024 30024 E ArmVmp : Match on catch block at 0xc3 in for 0xa9
04-06 14:20:12.401 30024 30024 E ArmVmp : Match on catch block at 0xc3 in for 0xa9
04-06 14:20:12.424 30024 30024 E ArmVmp : Match on catch block at 0xc3 in for 0xa1
04-06 14:20:12.429 30024 30024 E ArmVmp : Match on catch block at 0xc3 in for 0xa5
04-06 14:20:12.432 30024 30024 E ArmVmp : Match on catch block at 0xc3 in for 0xa5
04-06 14:20:12.457 30024 30024 E ArmVmp : Match on catch block at 0xc3 in for 0xa9
04-06 14:20:12.461 30024 30024 E ArmVmp : Match on catch block at 0xc3 in for 0xa1
04-06 14:20:12.463 30024 30024 E ArmVmp : Match on catch block at 0xc3 in for 0xa1
04-06 14:20:12.491 30024 30024 E ArmVmp : Match on catch block at 0xc3 in for 0xa5
04-06 14:20:12.496 30024 30024 E ArmVmp : Match on catch block at 0xc3 in for 0xa9
04-06 14:20:12.499 30024 30024 E ArmVmp : Match on catch block at 0xc3 in for 0xa9
04-06 14:20:12.523 30024 30024 E ArmVmp : Match on catch block at 0xc3 in for 0xa1
04-06 14:20:12.527 30024 30024 E ArmVmp : Match on catch block at 0xc3 in for 0xa5
04-06 14:20:12.530 30024 30024 E ArmVmp : Match on catch block at 0xc3 in for 0xa5
04-06 14:20:12.557 30024 30024 E ArmVmp : Match on catch block at 0xc3 in for 0xa9
04-06 14:20:12.560 30024 30024 E ArmVmp : Match on catch block at 0xc3 in for 0xa1
04-06 14:20:12.563 30024 30024 E ArmVmp : Match on catch block at 0xc3 in for 0xa1
04-06 14:20:12.591 30024 30024 E ArmVmp : Match on catch block at 0xc3 in for 0xa5
04-06 14:20:12.595 30024 30024 E ArmVmp : Match on catch block at 0xc3 in for 0xa9
04-06 14:20:12.599 30024 30024 E ArmVmp : Match on catch block at 0xc3 in for 0xa9
04-06 14:20:12.623 30024 30024 E ArmVmp : Match on catch block at 0xc3 in for 0xa1
04-06 14:20:12.627 30024 30024 E ArmVmp : Match on catch block at 0xc3 in for 0xa5
04-06 14:20:12.631 30024 30024 E ArmVmp : Match on catch block at 0xc3 in for 0xa5
04-06 14:20:12.658 30024 30024 E ArmVmp : Match on catch block at 0xc3 in for 0xa9
04-06 14:20:12.663 30024 30024 E ArmVmp : Match on catch block at 0xc3 in for 0xa1
04-06 14:20:12.667 30024 30024 E ArmVmp : Match on catch block at 0xc3 in for 0xa1
04-06 14:20:12.673 30024 30024 E ArmVmp : Match on catch block at 0xc3 in for 0xa5
04-06 14:20:12.676 30024 30024 E ArmVmp : Match on catch block at 0xc3 in for 0xa9
04-06 14:20:12.678 30024 30024 E ArmVmp : Match on catch block at 0xc3 in for 0xa9
04-06 14:20:12.690 30024 30024 E ArmVmp : Match on catch block at 0xc3 in for 0xa1
04-06 14:20:12.695 30024 30024 E ArmVmp : Match on catch block at 0xc3 in for 0xa5
04-06 14:20:12.699 30024 30024 E ArmVmp : Match on catch block at 0xc3 in for 0xa5
04-06 14:20:12.725 30024 30024 E ArmVmp : Match on catch block at 0xc3 in for 0xa9
04-06 14:20:12.732 30024 30024 E ArmVmp : Match on catch block at 0xc3 in for 0xa1
04-06 14:20:12.735 30024 30024 E ArmVmp : Match on catch block at 0xc3 in for 0xa1
04-06 14:20:12.757 30024 30024 E ArmVmp : Match on catch block at 0xc3 in for 0xa5
04-06 14:20:12.762 30024 30024 E ArmVmp : Match on catch block at 0xc3 in for 0xa9
04-06 14:20:12.765 30024 30024 E ArmVmp : Match on catch block at 0xc3 in for 0xa9
04-06 14:20:12.790 30024 30024 E ArmVmp : Match on catch block at 0xc3 in for 0xa1
04-06 14:20:12.794 30024 30024 E ArmVmp : Match on catch block at 0xc3 in for 0xa5
04-06 14:20:12.798 30024 30024 E ArmVmp : Match on catch block at 0xc3 in for 0xa5
04-06 14:20:12.823 30024 30024 E ArmVmp : Match on catch block at 0xc3 in for 0xa9
04-06 14:20:12.827 30024 30024 E ArmVmp : Match on catch block at 0xc3 in for 0xa1
04-06 14:20:12.830 30024 30024 E ArmVmp : Match on catch block at 0xc3 in for 0xa1
04-06 14:20:12.858 30024 30024 E ArmVmp : Match on catch block at 0xc3 in for 0xa5
04-06 14:20:12.863 30024 30024 E ArmVmp : Match on catch block at 0xc3 in for 0xa9
04-06 14:20:12.866 30024 30024 E ArmVmp : Match on catch block at 0xc3 in for 0xa9
04-06 14:20:12.891 30024 30024 E ArmVmp : Match on catch block at 0xc3 in for 0xa1
04-06 14:20:12.895 30024 30024 E ArmVmp : Match on catch block at 0xc3 in for 0xa5
04-06 14:20:12.900 30024 30024 E ArmVmp : Match on catch block at 0xc3 in for 0xa5
04-06 14:20:12.924 30024 30024 E ArmVmp : Match on catch block at 0xc3 in for 0xa9
04-06 14:20:12.928 30024 30024 E ArmVmp : Match on catch block at 0xc3 in for 0xa1
04-06 14:20:12.931 30024 30024 E ArmVmp : Match on catch block at 0xc3 in for 0xa1
04-06 14:20:12.956 30024 30024 E ArmVmp : Match on catch block at 0xc3 in for 0xa5
04-06 14:20:12.960 30024 30024 E ArmVmp : Match on catch block at 0xc3 in for 0xa9
04-06 14:20:12.962 30024 30024 E ArmVmp : Match on catch block at 0xc3 in for 0xa9
04-06 14:20:12.991 30024 30024 E ArmVmp : Match on catch block at 0xc3 in for 0xa1
04-06 14:20:12.997 30024 30024 E ArmVmp : Match on catch block at 0xc3 in for 0xa5
04-06 14:20:13.000 30024 30024 E ArmVmp : Match on catch block at 0xc3 in for 0xa5
04-06 14:20:13.024 30024 30024 E ArmVmp : Match on catch block at 0xc3 in for 0xa9
04-06 14:20:13.028 30024 30024 E ArmVmp : Match on catch block at 0xc3 in for 0xa1
04-06 14:20:13.033 30024 30024 E ArmVmp : Match on catch block at 0xc3 in for 0xa1
04-06 14:20:13.058 30024 30024 E ArmVmp : Match on catch block at 0xc3 in for 0xa5
04-06 14:20:13.064 30024 30024 E ArmVmp : Match on catch block at 0xc3 in for 0xa9
04-06 14:20:13.068 30024 30024 E ArmVmp : Match on catch block at 0xc3 in for 0xa9
04-06 14:20:13.097 30024 30024 E ArmVmp : Match on catch block at 0xc3 in for 0xa1
04-06 14:20:13.102 30024 30024 E ArmVmp : Match on catch block at 0xc3 in for 0xa5
04-06 14:20:13.105 30024 30024 E ArmVmp : Match on catch block at 0xc3 in for 0xa5
04-06 14:20:13.128 30024 30024 E GraphicExt:
GraphicExtModuleLoader::CreateGraphicExtInstance false
04-06 14:20:13.148 30024 30024 E ArmVmp : Match on catch block at 0xc3 in for 0xa5
04-06 14:20:13.152 30024 30024 E ArmVmp : Match on catch block at 0xc3 in for 0xa9
04-06 14:20:13.154 30024 30024 E ArmVmp : Match on catch block at 0xc3 in for 0xa9
04-06 14:20:13.192 30024 30024 E ArmVmp : Match on catch block at 0xc3 in for 0xa1
04-06 14:20:13.198 30024 30024 E ArmVmp : Match on catch block at 0xc3 in for 0xa5
04-06 14:20:13.201 30024 30024 E ArmVmp : Match on catch block at 0xc3 in for 0xa5
04-06 14:20:13.211 30024 30024 E ArmVmp : Match on catch block at 0xc3 in for 0xa9
04-06 14:20:13.215 30024 30024 E ArmVmp : Match on catch block at 0xc3 in for 0xa1
04-06 14:20:13.218 30024 30024 E ArmVmp : Match on catch block at 0xc3 in for 0xa1
04-06 14:20:13.253 30024 30024 W SoundPool: Use of stream types is deprecated for
operations other than volume control
04-06 14:20:13.253 30024 30024 W SoundPool: See the documentation of SoundPool()
for what to use instead with android.media.AudioAttributes to qualify your playback
use case
04-06 14:20:13.265 30024 30024 E ArmVmp : Match on catch block at 0xc3 in for 0xa5
04-06 14:20:13.269 30024 30024 E ArmVmp : Match on catch block at 0xc3 in for 0xa9
04-06 14:20:13.272 30024 30024 E ArmVmp : Match on catch block at 0xc3 in for 0xa9
04-06 14:20:13.287 30024 30024 E ArmVmp : Match on catch block at 0xc3 in for 0xa1
04-06 14:20:13.291 30024 30024 E ArmVmp : Match on catch block at 0xc3 in for 0xa5
04-06 14:20:13.294 30024 30024 E ArmVmp : Match on catch block at 0xc3 in for 0xa5
04-06 14:20:13.311 30024 31939 W Codec2Client: query -- param skipped: index =
1107298332.
04-06 14:20:13.312 30024 31939 W Codec2Client: query -- param skipped: index =
1342179345.
04-06 14:20:13.312 30024 31939 W Codec2Client: query -- param skipped: index =
2415921170.
04-06 14:20:13.342 30024 30024 E ArmVmp : Match on catch block at 0xc3 in for 0xa9
04-06 14:20:13.346 30024 30024 E ArmVmp : Match on catch block at 0xc3 in for 0xa1
04-06 14:20:13.350 30024 30024 E ArmVmp : Match on catch block at 0xc3 in for 0xa1
04-06 14:20:13.356 30024 31945 W Codec2Client: query -- param skipped: index =
1107298332.
04-06 14:20:13.357 30024 31945 W Codec2Client: query -- param skipped: index =
1342179345.
04-06 14:20:13.357 30024 31945 W Codec2Client: query -- param skipped: index =
2415921170.
04-06 14:20:13.363 30024 30024 E ArmVmp : Match on catch block at 0xc3 in for 0xa5
04-06 14:20:13.366 30024 30024 E ArmVmp : Match on catch block at 0xc3 in for 0xa9
04-06 14:20:13.369 30024 30024 E ArmVmp : Match on catch block at 0xc3 in for 0xa9
04-06 14:20:13.418 30024 31948 W Codec2Client: query -- param skipped: index =
1107298332.
04-06 14:20:13.419 30024 31948 W Codec2Client: query -- param skipped: index =
1342179345.
04-06 14:20:13.419 30024 31948 W Codec2Client: query -- param skipped: index =
2415921170.
04-06 14:20:13.425 30024 30024 E ArmVmp : Match on catch block at 0xc3 in for 0xa1
04-06 14:20:13.429 30024 30024 E ArmVmp : Match on catch block at 0xc3 in for 0xa5
04-06 14:20:13.432 30024 30024 E ArmVmp : Match on catch block at 0xc3 in for 0xa5
04-06 14:20:13.446 30024 30024 E ArmVmp : Match on catch block at 0xc3 in for 0xa9
04-06 14:20:13.452 30024 30024 E ArmVmp : Match on catch block at 0xc3 in for 0xa1
04-06 14:20:13.456 30024 30024 E ArmVmp : Match on catch block at 0xc3 in for 0xa1
04-06 14:20:13.472 30024 30024 E ArmVmp : Match on catch block at 0xc3 in for 0xa5
04-06 14:20:13.475 30024 30024 E ArmVmp : Match on catch block at 0xc3 in for 0xa9
04-06 14:20:13.477 30024 30024 E ArmVmp : Match on catch block at 0xc3 in for 0xa9
04-06 14:20:13.491 30024 30024 E ArmVmp : Match on catch block at 0xc3 in for 0xa1
04-06 14:20:13.494 30024 30024 E ArmVmp : Match on catch block at 0xc3 in for 0xa5
04-06 14:20:13.495 30024 31951 W Codec2Client: query -- param skipped: index =
1107298332.
04-06 14:20:13.495 30024 31951 W Codec2Client: query -- param skipped: index =
1342179345.
04-06 14:20:13.495 30024 31951 W Codec2Client: query -- param skipped: index =
2415921170.
04-06 14:20:13.498 30024 30024 E ArmVmp : Match on catch block at 0xc3 in for 0xa5
04-06 14:20:13.501 30024 30024 W ActivityThread: handleWindowVisibility: no
activity for token android.os.BinderProxy@b4d8a31
04-06 14:20:13.574 30024 31956 W Codec2Client: query -- param skipped: index =
1107298332.
04-06 14:20:13.575 30024 30024 E ArmVmp : Match on catch block at 0xc3 in for 0xa1
04-06 14:20:13.575 30024 31956 W Codec2Client: query -- param skipped: index =
1342179345.
04-06 14:20:13.575 30024 31956 W Codec2Client: query -- param skipped: index =
2415921170.
04-06 14:20:13.577 30024 30024 E ArmVmp : Match on catch block at 0xc3 in for 0xa5
04-06 14:20:13.580 30024 30024 E ArmVmp : Match on catch block at 0xc3 in for 0xa5
04-06 14:20:13.600 30024 30024 E GraphicExt:
GraphicExtModuleLoader::CreateGraphicExtInstance false
04-06 14:20:13.613 30024 31959 W Codec2Client: query -- param skipped: index =
1107298332.
04-06 14:20:13.614 30024 31959 W Codec2Client: query -- param skipped: index =
1342179345.
04-06 14:20:13.614 30024 31959 W Codec2Client: query -- param skipped: index =
2415921170.
04-06 14:20:13.623 30024 30024 E ArmVmp : Match on catch block at 0xc3 in for 0xa9
04-06 14:20:13.626 30024 30024 E ArmVmp : Match on catch block at 0xc3 in for 0xa1
04-06 14:20:13.633 30024 30024 E ArmVmp : Match on catch block at 0xc3 in for 0xa1
04-06 14:20:13.646 30024 30024 E ArmVmp : Match on catch block at 0xc3 in for 0xa5
04-06 14:20:13.651 30024 30024 E ArmVmp : Match on catch block at 0xc3 in for 0xa9
04-06 14:20:13.653 30024 30024 E ArmVmp : Match on catch block at 0xc3 in for 0xa9
04-06 14:20:13.664 30024 30024 E ArmVmp : Match on catch block at 0xc3 in for 0xa1
04-06 14:20:13.667 30024 30024 E ArmVmp : Match on catch block at 0xc3 in for 0xa5
04-06 14:20:13.669 30024 30024 E ArmVmp : Match on catch block at 0xc3 in for 0xa5
04-06 14:20:13.679 30024 30024 E ArmVmp : Match on catch block at 0xc3 in for 0xa9
04-06 14:20:13.684 30024 30024 E ArmVmp : Match on catch block at 0xc3 in for 0xa1
04-06 14:20:13.688 30024 30024 E ArmVmp : Match on catch block at 0xc3 in for 0xa1
04-06 14:20:13.706 30024 30024 E ArmVmp : Match on catch block at 0xc3 in for 0xa5
04-06 14:20:13.709 30024 30024 E ArmVmp : Match on catch block at 0xc3 in for 0xa9
04-06 14:20:13.714 30024 30024 E ArmVmp : Match on catch block at 0xc3 in for 0xa9
04-06 14:20:13.741 30024 30024 E ArmVmp : Match on catch block at 0xc3 in for 0xa1
04-06 14:20:13.745 30024 30024 E ArmVmp : Match on catch block at 0xc3 in for 0xa5
04-06 14:20:13.749 30024 30024 E ArmVmp : Match on catch block at 0xc3 in for 0xa5
04-06 14:20:13.774 30024 30024 E ArmVmp : Match on catch block at 0xc3 in for 0xa9
04-06 14:20:13.779 30024 30024 E ArmVmp : Match on catch block at 0xc3 in for 0xa1
04-06 14:20:13.781 30024 30024 E ArmVmp : Match on catch block at 0xc3 in for 0xa1
04-06 14:20:13.811 30024 30024 E ArmVmp : Match on catch block at 0xc3 in for 0xa9
04-06 14:20:13.813 30024 30024 E ArmVmp : Match on catch block at 0xc3 in for 0xa1
04-06 14:20:13.817 30024 30024 E ArmVmp : Match on catch block at 0xc3 in for 0xa1
04-06 14:20:13.831 30024 30024 E ArmVmp : Match on catch block at 0xc3 in for 0xa5
04-06 14:20:13.834 30024 30024 E ArmVmp : Match on catch block at 0xc3 in for 0xa9
04-06 14:20:13.836 30024 30024 E ArmVmp : Match on catch block at 0xc3 in for 0xa9
04-06 14:20:13.873 30024 30024 E ArmVmp : Match on catch block at 0xc3 in for 0xa1
04-06 14:20:13.876 30024 30024 E ArmVmp : Match on catch block at 0xc3 in for 0xa5
04-06 14:20:13.877 30024 30024 E ArmVmp : Match on catch block at 0xc3 in for 0xa5
04-06 14:20:13.907 30024 30024 E ArmVmp : Match on catch block at 0xc3 in for 0xa9
04-06 14:20:13.911 30024 30024 E ArmVmp : Match on catch block at 0xc3 in for 0xa1
04-06 14:20:13.914 30024 30024 E ArmVmp : Match on catch block at 0xc3 in for 0xa1
04-06 14:20:13.940 30024 30024 E ArmVmp : Match on catch block at 0xc3 in for 0xa5
04-06 14:20:13.944 30024 30024 E ArmVmp : Match on catch block at 0xc3 in for 0xa9
04-06 14:20:13.948 30024 30024 E ArmVmp : Match on catch block at 0xc3 in for 0xa9
04-06 14:20:13.974 30024 30024 E ArmVmp : Match on catch block at 0xc3 in for 0xa1
04-06 14:20:13.979 30024 30024 E ArmVmp : Match on catch block at 0xc3 in for 0xa5
04-06 14:20:13.983 30024 30024 E ArmVmp : Match on catch block at 0xc3 in for 0xa5
04-06 14:20:14.008 30024 30024 E ArmVmp : Match on catch block at 0xc3 in for 0xa9
04-06 14:20:14.014 30024 30024 E ArmVmp : Match on catch block at 0xc3 in for 0xa1
04-06 14:20:14.017 30024 30024 E ArmVmp : Match on catch block at 0xc3 in for 0xa1
04-06 14:20:14.041 30024 30024 E ArmVmp : Match on catch block at 0xc3 in for 0xa5
04-06 14:20:14.047 30024 30024 E ArmVmp : Match on catch block at 0xc3 in for 0xa9
04-06 14:20:14.050 30024 30024 E ArmVmp : Match on catch block at 0xc3 in for 0xa9
04-06 14:20:14.074 30024 30024 E ArmVmp : Match on catch block at 0xc3 in for 0xa1
04-06 14:20:14.079 30024 30024 E ArmVmp : Match on catch block at 0xc3 in for 0xa5
04-06 14:20:14.084 30024 30024 E ArmVmp : Match on catch block at 0xc3 in for 0xa5
04-06 14:20:14.107 30024 30024 E ArmVmp : Match on catch block at 0xc3 in for 0xa9
04-06 14:20:14.112 30024 30024 E ArmVmp : Match on catch block at 0xc3 in for 0xa1
04-06 14:20:14.116 30024 30024 E ArmVmp : Match on catch block at 0xc3 in for 0xa1
04-06 14:20:14.142 30024 30024 E ArmVmp : Match on catch block at 0xc3 in for 0xa9
04-06 14:20:14.147 30024 30024 E ArmVmp : Match on catch block at 0xc3 in for 0xa1
04-06 14:20:14.150 30024 30024 E ArmVmp : Match on catch block at 0xc3 in for 0xa1
04-06 14:20:14.174 30024 30024 E ArmVmp : Match on catch block at 0xc3 in for 0xa5
04-06 14:20:14.179 30024 30024 E ArmVmp : Match on catch block at 0xc3 in for 0xa9
04-06 14:20:14.183 30024 30024 E ArmVmp : Match on catch block at 0xc3 in for 0xa9
04-06 14:20:14.207 30024 30024 E ArmVmp : Match on catch block at 0xc3 in for 0xa1
04-06 14:20:14.212 30024 30024 E ArmVmp : Match on catch block at 0xc3 in for 0xa5
04-06 14:20:14.217 30024 30024 E ArmVmp : Match on catch block at 0xc3 in for 0xa5
04-06 14:20:14.242 30024 30024 E ArmVmp : Match on catch block at 0xc3 in for 0xa9
04-06 14:20:14.247 30024 30024 E ArmVmp : Match on catch block at 0xc3 in for 0xa1
04-06 14:20:14.251 30024 30024 E ArmVmp : Match on catch block at 0xc3 in for 0xa1
04-06 14:20:14.274 30024 30024 E ArmVmp : Match on catch block at 0xc3 in for 0xa5
04-06 14:20:14.279 30024 30024 E ArmVmp : Match on catch block at 0xc3 in for 0xa9
04-06 14:20:14.283 30024 30024 E ArmVmp : Match on catch block at 0xc3 in for 0xa9
04-06 14:20:14.308 30024 30024 E ArmVmp : Match on catch block at 0xc3 in for 0xa1
04-06 14:20:14.313 30024 30024 E ArmVmp : Match on catch block at 0xc3 in for 0xa5
04-06 14:20:14.316 30024 30024 E ArmVmp : Match on catch block at 0xc3 in for 0xa5
04-06 14:20:14.342 30024 30024 E ArmVmp : Match on catch block at 0xc3 in for 0xa9
04-06 14:20:14.347 30024 30024 E ArmVmp : Match on catch block at 0xc3 in for 0xa1
04-06 14:20:14.350 30024 30024 E ArmVmp : Match on catch block at 0xc3 in for 0xa1
04-06 14:20:14.375 30024 30024 E ArmVmp : Match on catch block at 0xc3 in for 0xa5
04-06 14:20:14.381 30024 30024 E ArmVmp : Match on catch block at 0xc3 in for 0xa9
04-06 14:20:14.384 30024 30024 E ArmVmp : Match on catch block at 0xc3 in for 0xa9
04-06 14:20:14.407 30024 30024 E ArmVmp : Match on catch block at 0xc3 in for 0xa1
04-06 14:20:14.411 30024 30024 E ArmVmp : Match on catch block at 0xc3 in for 0xa5
04-06 14:20:14.414 30024 30024 E ArmVmp : Match on catch block at 0xc3 in for 0xa5
04-06 14:20:14.477 30024 30024 E ArmVmp : Match on catch block at 0xc3 in for 0xa5
04-06 14:20:14.479 30024 30024 E ArmVmp : Match on catch block at 0xc3 in for 0xa9
04-06 14:20:14.482 30024 30024 E ArmVmp : Match on catch block at 0xc3 in for 0xa9
04-06 14:20:14.491 30024 30024 E ArmVmp : Match on catch block at 0xc3 in for 0xa5
04-06 14:20:14.495 30024 30024 E ArmVmp : Match on catch block at 0xc3 in for 0xa9
04-06 14:20:14.497 30024 30024 E ArmVmp : Match on catch block at 0xc3 in for 0xa9
04-06 14:20:14.528 30024 30024 E ArmVmp : Match on catch block at 0xc3 in for 0xa1
04-06 14:20:14.533 30024 30024 E ArmVmp : Match on catch block at 0xc3 in for 0xa5
04-06 14:20:14.537 30024 30024 E ArmVmp : Match on catch block at 0xc3 in for 0xa5
04-06 14:20:14.575 30024 30024 E ArmVmp : Match on catch block at 0xc3 in for 0xa9
04-06 14:20:14.579 30024 30024 E ArmVmp : Match on catch block at 0xc3 in for 0xa1
04-06 14:20:14.582 30024 30024 E ArmVmp : Match on catch block at 0xc3 in for 0xa1
04-06 14:20:14.608 30024 30024 E ArmVmp : Match on catch block at 0xc3 in for 0xa5
04-06 14:20:14.613 30024 30024 E ArmVmp : Match on catch block at 0xc3 in for 0xa9
04-06 14:20:14.616 30024 30024 E ArmVmp : Match on catch block at 0xc3 in for 0xa9
04-06 14:20:14.641 30024 30024 E ArmVmp : Match on catch block at 0xc3 in for 0xa1
04-06 14:20:14.646 30024 30024 E ArmVmp : Match on catch block at 0xc3 in for 0xa5
04-06 14:20:14.649 30024 30024 E ArmVmp : Match on catch block at 0xc3 in for 0xa5
04-06 14:20:14.675 30024 30024 E ArmVmp : Match on catch block at 0xc3 in for 0xa9
04-06 14:20:14.680 30024 30024 E ArmVmp : Match on catch block at 0xc3 in for 0xa1
04-06 14:20:14.684 30024 30024 E ArmVmp : Match on catch block at 0xc3 in for 0xa1
04-06 14:20:14.708 30024 30024 E ArmVmp : Match on catch block at 0xc3 in for 0xa5
04-06 14:20:14.714 30024 30024 E ArmVmp : Match on catch block at 0xc3 in for 0xa9
04-06 14:20:14.716 30024 30024 E ArmVmp : Match on catch block at 0xc3 in for 0xa9
04-06 14:20:14.741 30024 30024 E ArmVmp : Match on catch block at 0xc3 in for 0xa1
04-06 14:20:14.745 30024 30024 E ArmVmp : Match on catch block at 0xc3 in for 0xa5
04-06 14:20:14.748 30024 30024 E ArmVmp : Match on catch block at 0xc3 in for 0xa5
04-06 14:20:14.775 30024 30024 E ArmVmp : Match on catch block at 0xc3 in for 0xa9
04-06 14:20:14.779 30024 30024 E ArmVmp : Match on catch block at 0xc3 in for 0xa1
04-06 14:20:14.782 30024 30024 E ArmVmp : Match on catch block at 0xc3 in for 0xa1
04-06 14:20:14.808 30024 30024 E ArmVmp : Match on catch block at 0xc3 in for 0xa5
04-06 14:20:14.813 30024 30024 E ArmVmp : Match on catch block at 0xc3 in for 0xa9
04-06 14:20:14.816 30024 30024 E ArmVmp : Match on catch block at 0xc3 in for 0xa9
04-06 14:20:14.841 30024 30024 E ArmVmp : Match on catch block at 0xc3 in for 0xa1
04-06 14:20:14.846 30024 30024 E ArmVmp : Match on catch block at 0xc3 in for 0xa5
04-06 14:20:14.849 30024 30024 E ArmVmp : Match on catch block at 0xc3 in for 0xa5
04-06 14:20:14.874 30024 30024 E ArmVmp : Match on catch block at 0xc3 in for 0xa9
04-06 14:20:14.878 30024 30024 E ArmVmp : Match on catch block at 0xc3 in for 0xa1
04-06 14:20:14.882 30024 30024 E ArmVmp : Match on catch block at 0xc3 in for 0xa1
04-06 14:20:14.908 30024 30024 E ArmVmp : Match on catch block at 0xc3 in for 0xa5
04-06 14:20:14.912 30024 30024 E ArmVmp : Match on catch block at 0xc3 in for 0xa9
04-06 14:20:14.916 30024 30024 E ArmVmp : Match on catch block at 0xc3 in for 0xa9
04-06 14:20:14.941 30024 30024 E ArmVmp : Match on catch block at 0xc3 in for 0xa1
04-06 14:20:14.945 30024 30024 E ArmVmp : Match on catch block at 0xc3 in for 0xa5
04-06 14:20:14.948 30024 30024 E ArmVmp : Match on catch block at 0xc3 in for 0xa5
04-06 14:20:14.975 30024 30024 E ArmVmp : Match on catch block at 0xc3 in for 0xa9
04-06 14:20:14.979 30024 30024 E ArmVmp : Match on catch block at 0xc3 in for 0xa1
04-06 14:20:14.983 30024 30024 E ArmVmp : Match on catch block at 0xc3 in for 0xa1
04-06 14:20:14.990 30024 30024 E ArmVmp : Match on catch block at 0xc3 in for 0xa5
04-06 14:20:14.996 30024 30024 E ArmVmp : Match on catch block at 0xc3 in for 0xa9
04-06 14:20:15.000 30024 30024 E ArmVmp : Match on catch block at 0xc3 in for 0xa9
04-06 14:20:15.023 30024 30024 E ArmVmp : Match on catch block at 0xc3 in for 0xa1
04-06 14:20:15.027 30024 30024 E ArmVmp : Match on catch block at 0xc3 in for 0xa5
04-06 14:20:15.030 30024 30024 E ArmVmp : Match on catch block at 0xc3 in for 0xa5
04-06 14:20:15.075 30024 30024 E ArmVmp : Match on catch block at 0xc3 in for 0xa9
04-06 14:20:15.080 30024 30024 E ArmVmp : Match on catch block at 0xc3 in for 0xa1
04-06 14:20:15.083 30024 30024 E ArmVmp : Match on catch block at 0xc3 in for 0xa1
04-06 14:20:15.107 30024 30024 E ArmVmp : Match on catch block at 0xc3 in for 0xa5
04-06 14:20:15.112 30024 30024 E ArmVmp : Match on catch block at 0xc3 in for 0xa9
04-06 14:20:15.114 30024 30024 E ArmVmp : Match on catch block at 0xc3 in for 0xa9
04-06 14:20:15.133 30024 30024 E ArmVmp : Match on catch block at 0xc3 in for 0xa1
04-06 14:20:15.137 30024 30024 E ArmVmp : Match on catch block at 0xc3 in for 0xa5
04-06 14:20:15.140 30024 30024 E ArmVmp : Match on catch block at 0xc3 in for 0xa5
04-06 14:20:15.154 30024 30024 E GraphicExt:
GraphicExtModuleLoader::CreateGraphicExtInstance false
04-06 14:20:15.179 30024 30024 E ArmVmp : Match on catch block at 0xc3 in for 0xa5
04-06 14:20:15.184 30024 30024 E ArmVmp : Match on catch block at 0xc3 in for 0xa9
04-06 14:20:15.186 30024 30024 E ArmVmp : Match on catch block at 0xc3 in for 0xa9
04-06 14:20:15.207 30024 30024 E ArmVmp : Match on catch block at 0xc3 in for 0xa1
04-06 14:20:15.211 30024 30024 E ArmVmp : Match on catch block at 0xc3 in for 0xa5
04-06 14:20:15.214 30024 30024 E ArmVmp : Match on catch block at 0xc3 in for 0xa5
04-06 14:20:15.258 30024 30024 E ArmVmp : Match on catch block at 0xc3 in for 0xa9
04-06 14:20:15.261 30024 30024 E ArmVmp : Match on catch block at 0xc3 in for 0xa1
04-06 14:20:15.265 30024 30024 E ArmVmp : Match on catch block at 0xc3 in for 0xa1
04-06 14:20:15.308 30024 30024 E ArmVmp : Match on catch block at 0xc3 in for 0xa5
04-06 14:20:15.312 30024 30024 E ArmVmp : Match on catch block at 0xc3 in for 0xa9
04-06 14:20:15.315 30024 30024 E ArmVmp : Match on catch block at 0xc3 in for 0xa9
04-06 14:20:15.359 30024 30024 E ArmVmp : Match on catch block at 0xc3 in for 0xa9
04-06 14:20:15.364 30024 30024 E ArmVmp : Match on catch block at 0xc3 in for 0xa1
04-06 14:20:15.367 30024 30024 E ArmVmp : Match on catch block at 0xc3 in for 0xa1
04-06 14:20:15.409 30024 30024 E ArmVmp : Match on catch block at 0xc3 in for 0xa5
04-06 14:20:15.415 30024 30024 E ArmVmp : Match on catch block at 0xc3 in for 0xa9
04-06 14:20:15.418 30024 30024 E ArmVmp : Match on catch block at 0xc3 in for 0xa9
04-06 14:20:15.459 30024 30024 E ArmVmp : Match on catch block at 0xc3 in for 0xa1
04-06 14:20:15.464 30024 30024 E ArmVmp : Match on catch block at 0xc3 in for 0xa5
04-06 14:20:15.468 30024 30024 E ArmVmp : Match on catch block at 0xc3 in for 0xa5
04-06 14:20:15.492 30024 30024 E ArmVmp : Match on catch block at 0xc3 in for 0xa9
04-06 14:20:15.497 30024 30024 E ArmVmp : Match on catch block at 0xc3 in for 0xa1
04-06 14:20:15.500 30024 30024 E ArmVmp : Match on catch block at 0xc3 in for 0xa1
04-06 14:20:15.533 30024 30024 W AudioManager: Use of stream types is deprecated
for operations other than volume control
04-06 14:20:15.533 30024 30024 W AudioManager: See the documentation of
requestAudioFocus() for what to use instead with android.media.AudioAttributes to
qualify your playback use case
04-06 14:20:15.544 30024 30781 W AudioTrack: createTrack_l(0):
AUDIO_OUTPUT_FLAG_FAST denied by server; frameCount 0 -> 2889
04-06 14:20:15.566 30024 30024 W libOpenSLES: Conversion from OpenSL ES positional
channel mask 0x4 to Android mask 0 loses channels
04-06 14:20:15.690 30024 30024 E ArmVmp : Match on catch block at 0xc3 in for 0xa9
04-06 14:20:15.694 30024 30024 E ArmVmp : Match on catch block at 0xc3 in for 0xa1
04-06 14:20:15.698 30024 30024 E ArmVmp : Match on catch block at 0xc3 in for 0xa1
04-06 14:20:15.730 30024 30024 E ArmVmp : Match on catch block at 0xc3 in for 0xa5
04-06 14:20:15.734 30024 30024 E ArmVmp : Match on catch block at 0xc3 in for 0xa9
04-06 14:20:15.737 30024 30024 E ArmVmp : Match on catch block at 0xc3 in for 0xa9
04-06 14:20:15.753 30024 30024 E ArmVmp : Match on catch block at 0xc3 in for 0xa5
04-06 14:20:15.757 30024 30024 E ArmVmp : Match on catch block at 0xc3 in for 0xa9
04-06 14:20:15.759 30024 30024 E ArmVmp : Match on catch block at 0xc3 in for 0xa9
04-06 14:20:15.769 30024 30024 E ArmVmp : Match on catch block at 0xc3 in for 0xa5
04-06 14:20:15.774 30024 30024 E ArmVmp : Match on catch block at 0xc3 in for 0xa9
04-06 14:20:15.776 30024 30024 E ArmVmp : Match on catch block at 0xc3 in for 0xa9
04-06 14:20:15.783 30024 30024 E ArmVmp : Match on catch block at 0xc3 in for 0xa5
04-06 14:20:15.787 30024 30024 E ArmVmp : Match on catch block at 0xc3 in for 0xa9
04-06 14:20:15.791 30024 30024 E ArmVmp : Match on catch block at 0xc3 in for 0xa9
04-06 14:20:15.810 30024 30024 E ArmVmp : Match on catch block at 0xc3 in for 0xa5
04-06 14:20:15.812 30024 30024 E ArmVmp : Match on catch block at 0xc3 in for 0xa9
04-06 14:20:15.815 30024 30024 E ArmVmp : Match on catch block at 0xc3 in for 0xa9
04-06 14:20:15.825 30024 30024 E ArmVmp : Match on catch block at 0xc3 in for 0xa5
04-06 14:20:15.829 30024 30024 E ArmVmp : Match on catch block at 0xc3 in for 0xa9
04-06 14:20:15.832 30024 30024 E ArmVmp : Match on catch block at 0xc3 in for 0xa9
04-06 14:20:15.866 30024 30024 W AudioRecord: restoreRecord_l(134): dead
IAudioRecord 0x77b58d5400, creating a new one from start()
04-06 14:20:16.069 30024 30024 E ArmVmp : Match on catch block at 0xc3 in for 0xa1
04-06 14:20:16.074 30024 30024 E ArmVmp : Match on catch block at 0xc3 in for 0xa5
04-06 14:20:16.078 30024 30024 E ArmVmp : Match on catch block at 0xc3 in for 0xa5
04-06 14:20:16.105 30024 30024 E ArmVmp : Match on catch block at 0xc3 in for 0xa5
04-06 14:20:16.110 30024 30024 E ArmVmp : Match on catch block at 0xc3 in for 0xa9
04-06 14:20:16.113 30024 30024 E ArmVmp : Match on catch block at 0xc3 in for 0xa9
04-06 14:20:16.126 30024 30024 E ArmVmp : Match on catch block at 0xc3 in for 0xa5
04-06 14:20:16.129 30024 30024 E ArmVmp : Match on catch block at 0xc3 in for 0xa9
04-06 14:20:16.131 30024 30024 E ArmVmp : Match on catch block at 0xc3 in for 0xa9
04-06 14:20:16.142 30024 30024 E ArmVmp : Match on catch block at 0xc3 in for 0xa5
