04-06 14:14:14.987 30024 30024 W System.err: at
android.app.ActivityThread.main(ActivityThread.java:7551)
04-06 14:14:14.987 30024 30024 W System.err: at
java.lang.reflect.Method.invoke(Native Method)
04-06 14:14:14.987 30024 30024 W System.err: at
com.android.internal.os.RuntimeInit$MethodAndArgsCaller.run(RuntimeInit.java:539)
04-06 14:14:14.987 30024 30024 W System.err: at
com.android.internal.os.ZygoteInit.main(ZygoteInit.java:995)
04-06 14:14:15.024 30024 30024 E CustomActivityOnCrash: IMPORTANT WARNING! You
already have an UncaughtExceptionHandler, are you sure this is correct? If you use
a custom UncaughtExceptionHandler, you must initialize it AFTER
CustomActivityOnCrash! Installing anyway, but your original handler will not be
called.
04-06 14:14:15.044 30024 30024 W com.mbwhatsapp: type=1400 audit(0.0:4030): avc:
denied { read } for name="u:object_r:vendor_displayfeature_prop:s0" dev="tmpfs"
ino=380 scontext=u:r:untrusted_app:s0:c225,c256,c512,c768
tcontext=u:object_r:vendor_displayfeature_prop:s0 tclass=file permissive=0
04-06 14:14:15.049 30024 30024 E libc : Access denied finding property
"ro.vendor.df.effect.conflict"
04-06 14:14:15.172 30024 30024 W com.mbwhatsapp: type=1400 audit(0.0:4031): avc:
granted { execute } for
path="/data/data/com.mbwhatsapp/files/decompressed/libs.spk.zst/libc++_shared.so"
dev="sdc46" ino=1982516 scontext=u:r:untrusted_app:s0:c225,c256,c512,c768
tcontext=u:object_r:app_data_file:s0:c225,c256,c512,c768 tclass=file
04-06 14:14:15.177 30024 30024 W linker : Warning:
"/data/data/com.mbwhatsapp/files/decompressed/libs.spk.zst/libc++_shared.so" unused
DT entry: unknown processor-specific (type 0x70000001 arg 0x0) (ignoring)
04-06 14:14:15.176 30024 30024 W com.mbwhatsapp: type=1400 audit(0.0:4032): avc:
granted { execute } for
path="/data/data/com.mbwhatsapp/files/decompressed/libs.spk.zst/libvlc.so"
dev="sdc46" ino=1982489 scontext=u:r:untrusted_app:s0:c225,c256,c512,c768
tcontext=u:object_r:app_data_file:s0:c225,c256,c512,c768 tclass=file
04-06 14:14:15.180 30024 30024 W com.mbwhatsapp: type=1400 audit(0.0:4033): avc:
granted { execute } for
path="/data/data/com.mbwhatsapp/files/decompressed/libs.spk.zst/libwhatsapp.so"
dev="sdc46" ino=1982510 scontext=u:r:untrusted_app:s0:c225,c256,c512,c768
tcontext=u:object_r:app_data_file:s0:c225,c256,c512,c768 tclass=file
04-06 14:14:15.196 30024 30024 W com.mbwhatsapp: type=1400 audit(0.0:4034): avc:
granted { execute } for
path="/data/data/com.mbwhatsapp/files/decompressed/libs.spk.zst/libcurve25519.so"
dev="sdc46" ino=1982511 scontext=u:r:untrusted_app:s0:c225,c256,c512,c768
tcontext=u:object_r:app_data_file:s0:c225,c256,c512,c768 tclass=file
04-06 14:14:15.200 30024 30024 W com.mbwhatsapp: type=1400 audit(0.0:4035): avc:
granted { execute } for
path="/data/data/com.mbwhatsapp/files/decompressed/libs.spk.zst/libwhatsapp.so"
dev="sdc46" ino=1982510 scontext=u:r:untrusted_app:s0:c225,c256,c512,c768
tcontext=u:object_r:app_data_file:s0:c225,c256,c512,c768 tclass=file
04-06 14:14:15.260 30024 30074 W com.mbwhatsapp: Class X.2rL failed lock
verification and will run slower.
04-06 14:14:15.260 30024 30074 W com.mbwhatsapp: Common causes for lock
verification issues are non-optimized dex code
04-06 14:14:15.260 30024 30074 W com.mbwhatsapp: and incorrect proguard
optimizations.
04-06 14:14:15.269 30024 30024 W com.mbwhatsapp: Class X.0eU failed lock
verification and will run slower.
--------- beginning of system
04-06 14:14:15.363 30024 30024 W Looper : Slow Looper main: Activity
com.mbwhatsapp/.Icon0 is 336ms late (wall=107ms running=0ms
ClientTransaction{ callbacks=[android.app.servertransaction.LaunchActivityItem]
lifecycleRequest=android.app.servertransaction.ResumeActivityItem }) because of 2
msg, msg 2 took 334ms (seq=2 late=4ms h=android.app.ActivityThread$H w=110)
04-06 14:14:15.363 30024 30024 W Looper : Slow Looper main: Activity
com.mbwhatsapp/.Icon0 is 444ms late (wall=0ms running=0ms
ClientTransaction{ callbacks=[android.app.servertransaction.TopResumedActivityChang
eItem] }) because of 3 msg, msg 2 took 334ms (seq=2 late=4ms
h=android.app.ActivityThread$H w=110), msg 3 took 107ms (seq=3 late=336ms
h=android.app.ActivityThread$H w=159)
04-06 14:14:15.385 30024 30024 W ActivityThread: handleWindowVisibility: no
activity for token android.os.BinderProxy@3922c40
04-06 14:14:15.412 30024 30024 W com.mbwhatsapp: Class com.mbwhatsapp.HomeActivity
failed lock verification and will run slower.
04-06 14:14:15.622 30024 30024 E ArmVmp : Match on catch block at 0x0a in for 0xc1
04-06 14:14:15.627 30024 30087 W System : ClassLoader referenced unknown path:
system/framework/mediatek-cta.jar
04-06 14:14:15.633 30024 30024 E ArmVmp : Match on catch block at 0x0a in for
0x131
04-06 14:14:15.656 30024 30091 W System : ClassLoader referenced unknown path:
system/framework/mediatek-cta.jar
04-06 14:14:15.737 30024 30024 W Looper : Slow Looper main: Activity
com.mbwhatsapp/.HomeActivity is 359ms late (wall=0ms running=0ms ClientTransaction{
callbacks=[android.app.servertransaction.TopResumedActivityChangeItem] }) because
of 4 msg, msg 4 took 353ms (seq=13 late=6ms h=android.app.ActivityThread$H w=159)
04-06 14:14:15.805 30024 30091 W System : ClassLoader referenced unknown path:
system/framework/mediatek-cta.jar
04-06 14:14:15.808 30024 30080 W System : ClassLoader referenced unknown path:
system/framework/mediatek-cta.jar
04-06 14:14:15.928 30024 30024 E GraphicExt: Can't load libboost_ext_fwk
04-06 14:14:15.928 30024 30024 E GraphicExt:
GraphicExtModuleLoader::CreateGraphicExtInstance false
04-06 14:14:16.091 30024 30024 E RecyclerView: No adapter attached; skipping layout
04-06 14:14:16.118 30024 30082 W Gralloc3: mapper 3.x is not supported
04-06 14:14:16.119 30024 30082 E gralloc : Arm Module v1.0
04-06 14:14:16.120 30024 30082 E ion : ioctl c0044901 failed with code -1:
Invalid argument
04-06 14:14:16.120 30024 30082 W gralloc : WARNING: internal format modifier bits
not mutually exclusive. AFBC basic bit is always set, so extended AFBC support bits
must always be checked.
04-06 14:14:16.150 30024 30024 E ArmVmp : Match on catch block at 0x0a in for 0xd1
04-06 14:14:16.156 30024 30024 W Looper : Slow Looper main: Activity
com.mbwhatsapp/mbmodsd.mbmodsw.mbsettings.yo.PauseActivity is 390ms late (wall=10ms
running=0ms
ClientTransaction{ callbacks=[android.app.servertransaction.LaunchActivityItem]
lifecycleRequest=android.app.servertransaction.ResumeActivityItem }) because of 19
msg, msg 15 took 383ms (seq=39 late=23ms h=android.view.Choreographer$FrameHandler
c=android.view.Choreographer$FrameDisplayEventReceiver)
04-06 14:14:16.194 30024 30024 E RecyclerView: No adapter attached; skipping layout
04-06 14:14:16.200 30024 30024 W Looper : Slow Looper main: doFrame is 385ms late
because of 8 msg, msg 1 took 383ms (seq=39 late=23ms
h=android.view.Choreographer$FrameHandler
c=android.view.Choreographer$FrameDisplayEventReceiver)
04-06 14:14:16.206 30024 30024 W Looper : Slow Looper main: Activity
com.mbwhatsapp/mbmodsd.mbmodsw.mbsettings.yo.PauseActivity is 302ms late (wall=0ms
running=0ms
ClientTransaction{ callbacks=[android.app.servertransaction.TopResumedActivityChang
eItem] }) because of 22 msg, msg 1 took 383ms (seq=39 late=23ms
h=android.view.Choreographer$FrameHandler
c=android.view.Choreographer$FrameDisplayEventReceiver)
04-06 14:14:16.340 30024 30160 W LOTTIE : Animation contains merge paths. Merge
paths are only supported on KitKat+ and must be manually enabled by calling
enableMergePathsForKitKatAndAbove().
04-06 14:14:16.404 30024 30024 W LOTTIE : Animation contains merge paths but they
are disabled.
04-06 14:14:16.465 30024 30024 E ArmVmp : Match on catch block at 0x5b in for 0x89
04-06 14:14:16.475 30024 30024 E ArmVmp : Match on catch block at 0x5b in for 0x85
04-06 14:14:16.504 30024 30046 W LibraryVersion: Failed to get app version for
libraryName: firebase-iid
04-06 14:14:17.498 30024 30024 W ActivityThread: handleWindowVisibility: no
activity for token android.os.BinderProxy@4c575f9
04-06 14:14:17.634 30024 30184 E RenderScript: Failed loading RS driver: dlopen
failed: library "libRSDriver_mtk.so" not found
04-06 14:14:17.634 30024 30184 E RenderScript: Failed to load runtime
libRSDriver_mtk.so, loading default
04-06 14:14:17.731 30024 30160 W LOTTIE : Unknown shape type rd
04-06 14:14:17.788 30024 30024 E ArmVmp : Match on catch block at 0x0a in for 0xc5
04-06 14:14:17.791 30024 30024 E ArmVmp : Match on catch block at 0x0a in for 0xc5
04-06 14:14:17.791 30024 30168 W System : ClassLoader referenced unknown path:
system/framework/mediatek-cta.jar
04-06 14:14:17.820 30024 30024 W Looper : Slow Looper main: Activity
com.mbwhatsapp/.Conversation is 324ms late (wall=0ms running=0ms ClientTransaction{
callbacks=[android.app.servertransaction.TopResumedActivityChangeItem] }) because
of 4 msg, msg 4 took 321ms (seq=320 late=3ms h=android.app.ActivityThread$H w=159)
04-06 14:14:17.828 30024 30168 W System : ClassLoader referenced unknown path:
system/framework/mediatek-cta.jar
04-06 14:14:17.839 30024 30024 E GraphicExt:
GraphicExtModuleLoader::CreateGraphicExtInstance false
04-06 14:14:17.933 30024 30024 E ArmVmp : Match on catch block at 0xc3 in for 0xb1
04-06 14:14:17.935 30024 30024 E ArmVmp : Match on catch block at 0xc3 in for 0xb9
04-06 14:14:17.957 30024 30024 W Looper : Slow Looper main: doFrame is 317ms late
because of 3 msg, msg 1 took 321ms (seq=320 late=3ms h=android.app.ActivityThread$H
w=159)
04-06 14:14:17.936 30024 30024 E ArmVmp : Match on catch block at 0xc3 in for 0xb9
04-06 14:14:17.987 30024 30024 E ArmVmp : Match on catch block at 0xc3 in for 0xa9
04-06 14:14:17.989 30024 30024 E ArmVmp : Match on catch block at 0xc3 in for 0xa5
04-06 14:14:17.991 30024 30024 E ArmVmp : Match on catch block at 0xc3 in for 0xa5
04-06 14:14:17.995 30024 30168 W System : ClassLoader referenced unknown path:
system/framework/mediatek-cta.jar
04-06 14:14:18.026 30024 30024 E ArmVmp : Match on catch block at 0xc3 in for 0xa9
04-06 14:14:18.028 30024 30024 E ArmVmp : Match on catch block at 0xc3 in for 0xa1
04-06 14:14:18.030 30024 30024 E ArmVmp : Match on catch block at 0xc3 in for 0xa1
04-06 14:14:18.047 30024 30024 E ArmVmp : Match on catch block at 0xc3 in for 0xa5
04-06 14:14:18.050 30024 30024 E ArmVmp : Match on catch block at 0xc3 in for 0xa9
04-06 14:14:18.052 30024 30024 E ArmVmp : Match on catch block at 0xc3 in for 0xa9
04-06 14:14:18.067 30024 30024 E ArmVmp : Match on catch block at 0xc3 in for 0xa1
04-06 14:14:18.069 30024 30024 E ArmVmp : Match on catch block at 0xc3 in for 0xa5
04-06 14:14:18.070 30024 30024 E ArmVmp : Match on catch block at 0xc3 in for 0xa5
04-06 14:14:18.526 30024 30024 E ArmVmp : Match on catch block at 0xc3 in for 0xa9
04-06 14:14:18.529 30024 30024 E ArmVmp : Match on catch block at 0xc3 in for 0xa1
04-06 14:14:18.533 30024 30024 E ArmVmp : Match on catch block at 0xc3 in for 0xa1
04-06 14:14:18.642 30024 30024 E ArmVmp : Match on catch block at 0xc3 in for 0xa1
04-06 14:14:18.646 30024 30024 E ArmVmp : Match on catch block at 0xc3 in for 0xa5
04-06 14:14:18.649 30024 30024 E ArmVmp : Match on catch block at 0xc3 in for 0xa5
04-06 14:14:18.658 30024 30024 E ArmVmp : Match on catch block at 0xc3 in for 0xa9
04-06 14:14:18.662 30024 30024 E ArmVmp : Match on catch block at 0xc3 in for 0xa1
04-06 14:14:18.666 30024 30024 E ArmVmp : Match on catch block at 0xc3 in for 0xa1
04-06 14:14:18.674 30024 30024 E ArmVmp : Match on catch block at 0xc3 in for 0xa5
04-06 14:14:18.677 30024 30024 E ArmVmp : Match on catch block at 0xc3 in for 0xa9
04-06 14:14:18.680 30024 30024 E ArmVmp : Match on catch block at 0xc3 in for 0xa9
04-06 14:14:18.692 30024 30024 E ArmVmp : Match on catch block at 0xc3 in for 0xa1
04-06 14:14:18.696 30024 30024 E ArmVmp : Match on catch block at 0xc3 in for 0xa5
04-06 14:14:18.699 30024 30024 E ArmVmp : Match on catch block at 0xc3 in for 0xa5
04-06 14:14:18.708 30024 30024 E ArmVmp : Match on catch block at 0xc3 in for 0xa9
04-06 14:14:18.711 30024 30024 E ArmVmp : Match on catch block at 0xc3 in for 0xa1
04-06 14:14:18.714 30024 30024 E ArmVmp : Match on catch block at 0xc3 in for 0xa1
04-06 14:14:18.725 30024 30024 E ArmVmp : Match on catch block at 0xc3 in for 0xa5
04-06 14:14:18.727 30024 30024 E ArmVmp : Match on catch block at 0xc3 in for 0xa9
04-06 14:14:18.731 30024 30024 E ArmVmp : Match on catch block at 0xc3 in for 0xa9
04-06 14:14:18.741 30024 30024 E ArmVmp : Match on catch block at 0xc3 in for 0xa1
04-06 14:14:18.745 30024 30024 E ArmVmp : Match on catch block at 0xc3 in for 0xa5
04-06 14:14:18.748 30024 30024 E ArmVmp : Match on catch block at 0xc3 in for 0xa5
04-06 14:14:18.758 30024 30024 E ArmVmp : Match on catch block at 0xc3 in for 0xa9
04-06 14:14:18.761 30024 30024 E ArmVmp : Match on catch block at 0xc3 in for 0xa1
04-06 14:14:18.764 30024 30024 E ArmVmp : Match on catch block at 0xc3 in for 0xa1
04-06 14:14:18.776 30024 30024 E ArmVmp : Match on catch block at 0xc3 in for 0xa5
04-06 14:14:18.779 30024 30024 E ArmVmp : Match on catch block at 0xc3 in for 0xa9
04-06 14:14:18.782 30024 30024 E ArmVmp : Match on catch block at 0xc3 in for 0xa9
04-06 14:14:18.791 30024 30024 E ArmVmp : Match on catch block at 0xc3 in for 0xa1
04-06 14:14:18.795 30024 30024 E ArmVmp : Match on catch block at 0xc3 in for 0xa5
04-06 14:14:18.799 30024 30024 E ArmVmp : Match on catch block at 0xc3 in for 0xa5
04-06 14:14:18.808 30024 30024 E ArmVmp : Match on catch block at 0xc3 in for 0xa9
04-06 14:14:18.811 30024 30024 E ArmVmp : Match on catch block at 0xc3 in for 0xa1
04-06 14:14:18.813 30024 30024 E ArmVmp : Match on catch block at 0xc3 in for 0xa1
04-06 14:14:18.825 30024 30024 E ArmVmp : Match on catch block at 0xc3 in for 0xa5
04-06 14:14:18.829 30024 30024 E ArmVmp : Match on catch block at 0xc3 in for 0xa9
04-06 14:14:18.832 30024 30024 E ArmVmp : Match on catch block at 0xc3 in for 0xa9
04-06 14:14:18.841 30024 30024 E ArmVmp : Match on catch block at 0xc3 in for 0xa1
04-06 14:14:18.844 30024 30024 E ArmVmp : Match on catch block at 0xc3 in for 0xa5
04-06 14:14:18.846 30024 30024 E ArmVmp : Match on catch block at 0xc3 in for 0xa5
04-06 14:14:18.858 30024 30024 E ArmVmp : Match on catch block at 0xc3 in for 0xa9
04-06 14:14:18.862 30024 30024 E ArmVmp : Match on catch block at 0xc3 in for 0xa1
04-06 14:14:18.865 30024 30024 E ArmVmp : Match on catch block at 0xc3 in for 0xa1
04-06 14:14:18.877 30024 30024 E ArmVmp : Match on catch block at 0xc3 in for 0xa5
04-06 14:14:18.880 30024 30024 E ArmVmp : Match on catch block at 0xc3 in for 0xa9
04-06 14:14:18.883 30024 30024 E ArmVmp : Match on catch block at 0xc3 in for 0xa9
04-06 14:14:18.892 30024 30024 E ArmVmp : Match on catch block at 0xc3 in for 0xa1
04-06 14:14:18.896 30024 30024 E ArmVmp : Match on catch block at 0xc3 in for 0xa5
04-06 14:14:18.898 30024 30024 E ArmVmp : Match on catch block at 0xc3 in for 0xa5
04-06 14:14:18.908 30024 30024 E ArmVmp : Match on catch block at 0xc3 in for 0xa5
04-06 14:14:18.911 30024 30024 E ArmVmp : Match on catch block at 0xc3 in for 0xa9
04-06 14:14:18.913 30024 30024 E ArmVmp : Match on catch block at 0xc3 in for 0xa9
04-06 14:14:18.923 30024 30024 W AudioManager: Use of stream types is deprecated
for operations other than volume control
04-06 14:14:18.923 30024 30024 W AudioManager: See the documentation of
requestAudioFocus() for what to use instead with android.media.AudioAttributes to
qualify your playback use case
04-06 14:14:18.971 30024 30071 E SQLiteDatabase: Error inserting transferred=1
media_job_uuid=a59d5650-16cf-46c3-89ba-2d986783acaf transcoded=0 gif_attribution=0
first_scan_length=0 direct_path=/v/t62.7117-
24/35629995_843884074314619_3176934185609863540_n.enc?ccb=11-
4&oh=01_ASCQp8DAvaw4vHy3ijhQgcHhlIKeKS1X53nEv3rS0EaEtw&oe=6638D964&_nc_sid=5e03e0
thumbnail_height_width_ratio=0.0 is_animated_sticker=0
file_hash=giXoadnEm1Ac1bK196eNrKirL38u9Kpx+T0+XsF1xVc= file_path=Media/MBWhatsApp
Voice Notes/202414/PTT-20240406-WA0002.opus file_size=5957 partial_media_hash=null
face_x=0 face_y=0 height=0 trim_to=0 media_key_timestamp=1712423532000
message_url=https://mmg.whatsapp.net/v/t62.7117-
24/35629995_843884074314619_3176934185609863540_n.enc?ccb=11-
4&oh=01_ASCQp8DAvaw4vHy3ijhQgcHhlIKeKS1X53nEv3rS0EaEtw&oe=6638D964&_nc_sid=5e03e0&m
ms3=true media_caption=null trim_from=0 mime_type=audio/ogg; codecs=opus
partial_media_enc_hash=null width=0 original_file_hash=null has_streaming_sidecar=0
autotransfer_retry_enabled=1 media_upload_handle=null message_row_id=21
multicast_id=null enc_file_hash=VAHL1ukiGLwlB39xt9uLOhUp5fFwIS8JltvE44lEUTM=
mute_video=0 page_count=0 first_scan_sidecar=null suspicious_content=0
file_length=5957 media_name=PTT-20240406-WA0002.opus media_duration=2 chat_row_id=5
media_key=[B@84a13cd
04-06 14:14:18.971 30024 30071 E SQLiteDatabase:
android.database.sqlite.SQLiteConstraintException: UNIQUE constraint failed:
message_media.message_row_id (code 1555 SQLITE_CONSTRAINT_PRIMARYKEY)
04-06 14:14:18.971 30024 30071 E SQLiteDatabase: at
android.database.sqlite.SQLiteConnection.nativeExecuteForLastInsertedRowId(Native
Method)
04-06 14:14:18.971 30024 30071 E SQLiteDatabase: at
android.database.sqlite.SQLiteConnection.executeForLastInsertedRowId(SQLiteConnecti
on.java:879)
04-06 14:14:18.971 30024 30071 E SQLiteDatabase: at
android.database.sqlite.SQLiteSession.executeForLastInsertedRowId(SQLiteSession.jav
a:790)
04-06 14:14:18.971 30024 30071 E SQLiteDatabase: at
android.database.sqlite.SQLiteStatement.executeInsert(SQLiteStatement.java:88)
04-06 14:14:18.971 30024 30071 E SQLiteDatabase: at
android.database.sqlite.SQLiteDatabase.insertWithOnConflict(SQLiteDatabase.java:159
9)
04-06 14:14:18.971 30024 30071 E SQLiteDatabase: at
android.database.sqlite.SQLiteDatabase.insert(SQLiteDatabase.java:1468)
04-06 14:14:18.971 30024 30071 E SQLiteDatabase: at X.2tm.A08(Unknown
Source:6)
04-06 14:14:18.971 30024 30071 E SQLiteDatabase: at X.35Y.A07(Unknown
Source:212)
04-06 14:14:18.971 30024 30071 E SQLiteDatabase: at X.3QF.A14(Unknown
Source:470)
04-06 14:14:18.971 30024 30071 E SQLiteDatabase: at X.31e.A03(Unknown
Source:174)
04-06 14:14:18.971 30024 30071 E SQLiteDatabase: at X.3g7.run(Unknown
Source:1017)
04-06 14:14:18.971 30024 30071 E SQLiteDatabase: at
android.os.Handler.handleCallback(Handler.java:914)
04-06 14:14:18.971 30024 30071 E SQLiteDatabase: at
android.os.Handler.dispatchMessage(Handler.java:100)
04-06 14:14:18.971 30024 30071 E SQLiteDatabase: at
X.0zq.dispatchMessage(Unknown Source:4)
04-06 14:14:18.971 30024 30071 E SQLiteDatabase: at
android.os.Looper.loop(Looper.java:224)
04-06 14:14:18.971 30024 30071 E SQLiteDatabase: at
android.os.HandlerThread.run(HandlerThread.java:67)
04-06 14:14:19.004 30024 30024 E ArmVmp : Match on catch block at 0xc3 in for 0xa9
04-06 14:14:19.007 30024 30024 E ArmVmp : Match on catch block at 0xc3 in for 0xa1
04-06 14:14:19.009 30024 30024 E ArmVmp : Match on catch block at 0xc3 in for 0xa1
04-06 14:14:19.036 30024 30024 E ArmVmp : Match on catch block at 0xc3 in for 0xa5
04-06 14:14:19.038 30024 30024 E ArmVmp : Match on catch block at 0xc3 in for 0xa9
04-06 14:14:19.042 30024 30024 E ArmVmp : Match on catch block at 0xc3 in for 0xa9
04-06 14:14:19.057 30024 30024 E ArmVmp : Match on catch block at 0xc3 in for 0xa1
04-06 14:14:19.060 30024 30024 E ArmVmp : Match on catch block at 0xc3 in for 0xa5
04-06 14:14:19.062 30024 30024 E ArmVmp : Match on catch block at 0xc3 in for 0xa5
04-06 14:14:19.086 30024 30024 E ArmVmp : Match on catch block at 0xc3 in for 0xa9
04-06 14:14:19.089 30024 30024 E ArmVmp : Match on catch block at 0xc3 in for 0xa1
04-06 14:14:19.091 30024 30024 E ArmVmp : Match on catch block at 0xc3 in for 0xa1
04-06 14:14:19.098 30024 30024 E ArmVmp : Match on catch block at 0xc3 in for 0xa5
04-06 14:14:19.101 30024 30024 E ArmVmp : Match on catch block at 0xc3 in for 0xa9
04-06 14:14:19.104 30024 30024 E ArmVmp : Match on catch block at 0xc3 in for 0xa9
04-06 14:14:19.108 30024 30024 E ArmVmp : Match on catch block at 0xc3 in for 0xa1
04-06 14:14:19.110 30024 30024 E ArmVmp : Match on catch block at 0xc3 in for 0xa5
04-06 14:14:19.113 30024 30024 E ArmVmp : Match on catch block at 0xc3 in for 0xa5
04-06 14:14:19.126 30024 30024 E ArmVmp : Match on catch block at 0xc3 in for 0xa9
04-06 14:14:19.129 30024 30024 E ArmVmp : Match on catch block at 0xc3 in for 0xa1
04-06 14:14:19.132 30024 30024 E ArmVmp : Match on catch block at 0xc3 in for 0xa1
04-06 14:14:19.140 30024 30024 E ArmVmp : Match on catch block at 0xc3 in for 0xa5
04-06 14:14:19.143 30024 30024 E ArmVmp : Match on catch block at 0xc3 in for 0xa9
04-06 14:14:19.144 30024 30024 E ArmVmp : Match on catch block at 0xc3 in for 0xa9
04-06 14:14:19.158 30024 30024 E ArmVmp : Match on catch block at 0xc3 in for 0xa1
04-06 14:14:19.161 30024 30024 E ArmVmp : Match on catch block at 0xc3 in for 0xa5
04-06 14:14:19.163 30024 30024 E ArmVmp : Match on catch block at 0xc3 in for 0xa5
04-06 14:14:19.164 30024 30072 E SQLiteDatabase: Error inserting transferred=1
media_job_uuid=a59d5650-16cf-46c3-89ba-2d986783acaf transcoded=0 gif_attribution=0
first_scan_length=0 direct_path=/v/t62.7117-
24/35629995_843884074314619_3176934185609863540_n.enc?ccb=11-
4&oh=01_ASCQp8DAvaw4vHy3ijhQgcHhlIKeKS1X53nEv3rS0EaEtw&oe=6638D964&_nc_sid=5e03e0
thumbnail_height_width_ratio=0.0 is_animated_sticker=0
file_hash=giXoadnEm1Ac1bK196eNrKirL38u9Kpx+T0+XsF1xVc= file_path=Media/MBWhatsApp
Voice Notes/202414/PTT-20240406-WA0002.opus file_size=5957 partial_media_hash=null
face_x=0 face_y=0 height=0 trim_to=0 media_key_timestamp=1712423532000
message_url=https://mmg.whatsapp.net/v/t62.7117-
24/35629995_843884074314619_3176934185609863540_n.enc?ccb=11-
4&oh=01_ASCQp8DAvaw4vHy3ijhQgcHhlIKeKS1X53nEv3rS0EaEtw&oe=6638D964&_nc_sid=5e03e0&m
ms3=true media_caption=null trim_from=0 mime_type=audio/ogg; codecs=opus
partial_media_enc_hash=null width=0 original_file_hash=null has_streaming_sidecar=0
autotransfer_retry_enabled=1 media_upload_handle=null message_row_id=21
multicast_id=null enc_file_hash=VAHL1ukiGLwlB39xt9uLOhUp5fFwIS8JltvE44lEUTM=
mute_video=0 page_count=0 first_scan_sidecar=null suspicious_content=0
file_length=5957 media_name=PTT-20240406-WA0002.opus media_duration=2 chat_row_id=5
media_key=[B@84a13cd
04-06 14:14:19.164 30024 30072 E SQLiteDatabase:
android.database.sqlite.SQLiteConstraintException: UNIQUE constraint failed:
message_media.message_row_id (code 1555 SQLITE_CONSTRAINT_PRIMARYKEY)
04-06 14:14:19.164 30024 30072 E SQLiteDatabase: at
android.database.sqlite.SQLiteConnection.nativeExecuteForLastInsertedRowId(Native
Method)
04-06 14:14:19.164 30024 30072 E SQLiteDatabase: at
android.database.sqlite.SQLiteConnection.executeForLastInsertedRowId(SQLiteConnecti
on.java:879)
04-06 14:14:19.164 30024 30072 E SQLiteDatabase: at
android.database.sqlite.SQLiteSession.executeForLastInsertedRowId(SQLiteSession.jav
a:790)
04-06 14:14:19.164 30024 30072 E SQLiteDatabase: at
android.database.sqlite.SQLiteStatement.executeInsert(SQLiteStatement.java:88)
04-06 14:14:19.164 30024 30072 E SQLiteDatabase: at
android.database.sqlite.SQLiteDatabase.insertWithOnConflict(SQLiteDatabase.java:159
9)
04-06 14:14:19.164 30024 30072 E SQLiteDatabase: at
android.database.sqlite.SQLiteDatabase.insert(SQLiteDatabase.java:1468)
04-06 14:14:19.164 30024 30072 E SQLiteDatabase: at X.2tm.A08(Unknown
Source:6)
04-06 14:14:19.164 30024 30072 E SQLiteDatabase: at X.35Y.A07(Unknown
Source:212)
04-06 14:14:19.164 30024 30072 E SQLiteDatabase: at X.3QF.A14(Unknown
Source:470)
04-06 14:14:19.164 30024 30072 E SQLiteDatabase: at X.31e.A03(Unknown
Source:174)
04-06 14:14:19.164 30024 30072 E SQLiteDatabase: at X.3Uz.A07(Unknown
Source:381)
04-06 14:14:19.164 30024 30072 E SQLiteDatabase: at X.3Uz.A02(Unknown
Source:692)
04-06 14:14:19.164 30024 30072 E SQLiteDatabase: at X.3eS.run(Unknown
Source:4041)
04-06 14:14:19.164 30024 30072 E SQLiteDatabase: at
android.os.Handler.handleCallback(Handler.java:914)
04-06 14:14:19.164 30024 30072 E SQLiteDatabase: at
android.os.Handler.dispatchMessage(Handler.java:100)
04-06 14:14:19.164 30024 30072 E SQLiteDatabase: at
X.0zr.dispatchMessage(Unknown Source:4)
04-06 14:14:19.164 30024 30072 E SQLiteDatabase: at
android.os.Looper.loop(Looper.java:224)
04-06 14:14:19.164 30024 30072 E SQLiteDatabase: at
android.os.HandlerThread.run(HandlerThread.java:67)
04-06 14:14:19.175 30024 30024 E ArmVmp : Match on catch block at 0xc3 in for 0xa9
04-06 14:14:19.177 30024 30024 E ArmVmp : Match on catch block at 0xc3 in for 0xa1
04-06 14:14:19.179 30024 30024 E ArmVmp : Match on catch block at 0xc3 in for 0xa1
04-06 14:14:19.195 30024 30024 E ArmVmp : Match on catch block at 0xc3 in for 0xa1
04-06 14:14:19.199 30024 30024 E ArmVmp : Match on catch block at 0xc3 in for 0xa5
04-06 14:14:19.201 30024 30024 E ArmVmp : Match on catch block at 0xc3 in for 0xa5
04-06 14:14:19.208 30024 30024 E ArmVmp : Match on catch block at 0xc3 in for 0xa9
04-06 14:14:19.212 30024 30024 E ArmVmp : Match on catch block at 0xc3 in for 0xa1
04-06 14:14:19.213 30024 30024 E ArmVmp : Match on catch block at 0xc3 in for 0xa1
04-06 14:14:19.224 30024 30024 E ArmVmp : Match on catch block at 0xc3 in for 0xa5
04-06 14:14:19.227 30024 30024 E ArmVmp : Match on catch block at 0xc3 in for 0xa9
04-06 14:14:19.231 30024 30024 E ArmVmp : Match on catch block at 0xc3 in for 0xa9
04-06 14:14:19.242 30024 30024 E ArmVmp : Match on catch block at 0xc3 in for 0xa1
04-06 14:14:19.245 30024 30024 E ArmVmp : Match on catch block at 0xc3 in for 0xa5
04-06 14:14:19.247 30024 30024 E ArmVmp : Match on catch block at 0xc3 in for 0xa5
04-06 14:14:19.258 30024 30024 E ArmVmp : Match on catch block at 0xc3 in for 0xa9
04-06 14:14:19.261 30024 30024 E ArmVmp : Match on catch block at 0xc3 in for 0xa1
04-06 14:14:19.263 30024 30024 E ArmVmp : Match on catch block at 0xc3 in for 0xa1
04-06 14:14:19.274 30024 30024 E ArmVmp : Match on catch block at 0xc3 in for 0xa5
04-06 14:14:19.277 30024 30024 E ArmVmp : Match on catch block at 0xc3 in for 0xa9
04-06 14:14:19.278 30024 30024 E ArmVmp : Match on catch block at 0xc3 in for 0xa9
04-06 14:14:19.291 30024 30024 E ArmVmp : Match on catch block at 0xc3 in for 0xa1
04-06 14:14:19.293 30024 30024 E ArmVmp : Match on catch block at 0xc3 in for 0xa5
04-06 14:14:19.295 30024 30024 E ArmVmp : Match on catch block at 0xc3 in for 0xa5
04-06 14:14:19.342 30024 30024 E ArmVmp : Match on catch block at 0xc3 in for 0xa5
04-06 14:14:19.345 30024 30024 E ArmVmp : Match on catch block at 0xc3 in for 0xa9
04-06 14:14:19.349 30024 30024 E ArmVmp : Match on catch block at 0xc3 in for 0xa9
04-06 14:14:19.393 30024 30024 E ArmVmp : Match on catch block at 0xc3 in for 0xa1
04-06 14:14:19.396 30024 30024 E ArmVmp : Match on catch block at 0xc3 in for 0xa5
04-06 14:14:19.399 30024 30024 E ArmVmp : Match on catch block at 0xc3 in for 0xa5
04-06 14:14:19.442 30024 30024 E ArmVmp : Match on catch block at 0xc3 in for 0xa9
04-06 14:14:19.445 30024 30024 E ArmVmp : Match on catch block at 0xc3 in for 0xa1
04-06 14:14:19.448 30024 30024 E ArmVmp : Match on catch block at 0xc3 in for 0xa1
04-06 14:14:19.509 30024 30024 E ArmVmp : Match on catch block at 0xc3 in for 0xa5
04-06 14:14:19.513 30024 30024 E ArmVmp : Match on catch block at 0xc3 in for 0xa9
04-06 14:14:19.515 30024 30024 E ArmVmp : Match on catch block at 0xc3 in for 0xa9
04-06 14:14:19.559 30024 30024 E ArmVmp : Match on catch block at 0xc3 in for 0xa1
04-06 14:14:19.562 30024 30024 E ArmVmp : Match on catch block at 0xc3 in for 0xa5
04-06 14:14:19.566 30024 30024 E ArmVmp : Match on catch block at 0xc3 in for 0xa5
04-06 14:14:19.575 30024 30024 E ArmVmp : Match on catch block at 0xc3 in for 0xa9
04-06 14:14:19.579 30024 30024 E ArmVmp : Match on catch block at 0xc3 in for 0xa1
04-06 14:14:19.582 30024 30024 E ArmVmp : Match on catch block at 0xc3 in for 0xa1
04-06 14:14:19.610 30024 30024 E ArmVmp : Match on catch block at 0xc3 in for 0xa5
04-06 14:14:19.614 30024 30024 E ArmVmp : Match on catch block at 0xc3 in for 0xa9
04-06 14:14:19.617 30024 30024 E ArmVmp : Match on catch block at 0xc3 in for 0xa9
04-06 14:14:19.659 30024 30024 E ArmVmp : Match on catch block at 0xc3 in for 0xa1
04-06 14:14:19.663 30024 30024 E ArmVmp : Match on catch block at 0xc3 in for 0xa5
04-06 14:14:19.666 30024 30024 E ArmVmp : Match on catch block at 0xc3 in for 0xa5
04-06 14:14:19.711 30024 30024 E ArmVmp : Match on catch block at 0xc3 in for 0xa9
04-06 14:14:19.716 30024 30024 E ArmVmp : Match on catch block at 0xc3 in for 0xa1
04-06 14:14:19.719 30024 30024 E ArmVmp : Match on catch block at 0xc3 in for 0xa1
04-06 14:14:19.759 30024 30024 E ArmVmp : Match on catch block at 0xc3 in for 0xa5
04-06 14:14:19.762 30024 30024 E ArmVmp : Match on catch block at 0xc3 in for 0xa9
04-06 14:14:19.765 30024 30024 E ArmVmp : Match on catch block at 0xc3 in for 0xa9
04-06 14:14:19.809 30024 30024 E ArmVmp : Match on catch block at 0xc3 in for 0xa1
04-06 14:14:19.813 30024 30024 E ArmVmp : Match on catch block at 0xc3 in for 0xa5
04-06 14:14:19.816 30024 30024 E ArmVmp : Match on catch block at 0xc3 in for 0xa5
04-06 14:14:19.859 30024 30024 E ArmVmp : Match on catch block at 0xc3 in for 0xa9
04-06 14:14:19.863 30024 30024 E ArmVmp : Match on catch block at 0xc3 in for 0xa1
04-06 14:14:19.866 30024 30024 E ArmVmp : Match on catch block at 0xc3 in for 0xa1
04-06 14:14:19.910 30024 30024 E ArmVmp : Match on catch block at 0xc3 in for 0xa5
04-06 14:14:19.913 30024 30024 E ArmVmp : Match on catch block at 0xc3 in for 0xa9
04-06 14:14:19.916 30024 30024 E ArmVmp : Match on catch block at 0xc3 in for 0xa9
04-06 14:14:19.976 30024 30024 E ArmVmp : Match on catch block at 0xc3 in for 0xa1
04-06 14:14:19.980 30024 30024 E ArmVmp : Match on catch block at 0xc3 in for 0xa5
04-06 14:14:19.983 30024 30024 E ArmVmp : Match on catch block at 0xc3 in for 0xa5
04-06 14:14:20.026 30024 30024 E ArmVmp : Match on catch block at 0xc3 in for 0xa9
04-06 14:14:20.028 30024 30024 E ArmVmp : Match on catch block at 0xc3 in for 0xa1
04-06 14:14:20.032 30024 30024 E ArmVmp : Match on catch block at 0xc3 in for 0xa1
04-06 14:14:20.076 30024 30024 E ArmVmp : Match on catch block at 0xc3 in for 0xa9
04-06 14:14:20.079 30024 30024 E ArmVmp : Match on catch block at 0xc3 in for 0xa1
04-06 14:14:20.082 30024 30024 E ArmVmp : Match on catch block at 0xc3 in for 0xa1
04-06 14:14:20.092 30024 30024 E ArmVmp : Match on catch block at 0xc3 in for 0xa5
04-06 14:14:20.095 30024 30024 E ArmVmp : Match on catch block at 0xc3 in for 0xa9
04-06 14:14:20.097 30024 30024 E ArmVmp : Match on catch block at 0xc3 in for 0xa9
04-06 14:14:20.126 30024 30024 E ArmVmp : Match on catch block at 0xc3 in for 0xa1
04-06 14:14:20.130 30024 30024 E ArmVmp : Match on catch block at 0xc3 in for 0xa5
04-06 14:14:20.133 30024 30024 E ArmVmp : Match on catch block at 0xc3 in for 0xa5
04-06 14:14:20.176 30024 30024 E ArmVmp : Match on catch block at 0xc3 in for 0xa9
04-06 14:14:20.179 30024 30024 E ArmVmp : Match on catch block at 0xc3 in for 0xa1
04-06 14:14:20.183 30024 30024 E ArmVmp : Match on catch block at 0xc3 in for 0xa1
04-06 14:14:20.226 30024 30024 E ArmVmp : Match on catch block at 0xc3 in for 0xa5
04-06 14:14:20.230 30024 30024 E ArmVmp : Match on catch block at 0xc3 in for 0xa9
04-06 14:14:20.233 30024 30024 E ArmVmp : Match on catch block at 0xc3 in for 0xa9
04-06 14:14:20.276 30024 30024 E ArmVmp : Match on catch block at 0xc3 in for 0xa1
04-06 14:14:20.279 30024 30024 E ArmVmp : Match on catch block at 0xc3 in for 0xa5
04-06 14:14:20.283 30024 30024 E ArmVmp : Match on catch block at 0xc3 in for 0xa5
04-06 14:14:20.326 30024 30024 E ArmVmp : Match on catch block at 0xc3 in for 0xa9
04-06 14:14:20.329 30024 30024 E ArmVmp : Match on catch block at 0xc3 in for 0xa1
04-06 14:14:20.332 30024 30024 E ArmVmp : Match on catch block at 0xc3 in for 0xa1
04-06 14:14:20.377 30024 30024 E ArmVmp : Match on catch block at 0xc3 in for 0xa5
04-06 14:14:20.380 30024 30024 E ArmVmp : Match on catch block at 0xc3 in for 0xa9
04-06 14:14:20.384 30024 30024 E ArmVmp : Match on catch block at 0xc3 in for 0xa9
04-06 14:14:20.426 30024 30024 E ArmVmp : Match on catch block at 0xc3 in for 0xa1
04-06 14:14:20.429 30024 30024 E ArmVmp : Match on catch block at 0xc3 in for 0xa5
04-06 14:14:20.433 30024 30024 E ArmVmp : Match on catch block at 0xc3 in for 0xa5
04-06 14:14:20.476 30024 30024 E ArmVmp : Match on catch block at 0xc3 in for 0xa9
04-06 14:14:20.480 30024 30024 E ArmVmp : Match on catch block at 0xc3 in for 0xa1
04-06 14:14:20.483 30024 30024 E ArmVmp : Match on catch block at 0xc3 in for 0xa1
04-06 14:14:20.526 30024 30024 E ArmVmp : Match on catch block at 0xc3 in for 0xa5
04-06 14:14:20.530 30024 30024 E ArmVmp : Match on catch block at 0xc3 in for 0xa9
04-06 14:14:20.533 30024 30024 E ArmVmp : Match on catch block at 0xc3 in for 0xa9
04-06 14:14:20.576 30024 30024 E ArmVmp : Match on catch block at 0xc3 in for 0xa1
04-06 14:14:20.579 30024 30024 E ArmVmp : Match on catch block at 0xc3 in for 0xa5
04-06 14:14:20.582 30024 30024 E ArmVmp : Match on catch block at 0xc3 in for 0xa5
04-06 14:14:20.591 30024 30024 E ArmVmp : Match on catch block at 0xc3 in for 0xa9
04-06 14:14:20.595 30024 30024 E ArmVmp : Match on catch block at 0xc3 in for 0xa1
04-06 14:14:20.599 30024 30024 E ArmVmp : Match on catch block at 0xc3 in for 0xa1
04-06 14:14:20.642 30024 30024 E ArmVmp : Match on catch block at 0xc3 in for 0xa5
04-06 14:14:20.646 30024 30024 E ArmVmp : Match on catch block at 0xc3 in for 0xa9
04-06 14:14:20.649 30024 30024 E ArmVmp : Match on catch block at 0xc3 in for 0xa9
04-06 14:14:20.693 30024 30024 E ArmVmp : Match on catch block at 0xc3 in for 0xa1
04-06 14:14:20.696 30024 30024 E ArmVmp : Match on catch block at 0xc3 in for 0xa5
04-06 14:14:20.699 30024 30024 E ArmVmp : Match on catch block at 0xc3 in for 0xa5
04-06 14:14:20.742 30024 30024 E ArmVmp : Match on catch block at 0xc3 in for 0xa9
04-06 14:14:20.746 30024 30024 E ArmVmp : Match on catch block at 0xc3 in for 0xa1
04-06 14:14:20.749 30024 30024 E ArmVmp : Match on catch block at 0xc3 in for 0xa1
04-06 14:14:20.793 30024 30024 E ArmVmp : Match on catch block at 0xc3 in for 0xa5
04-06 14:14:20.796 30024 30024 E ArmVmp : Match on catch block at 0xc3 in for 0xa9
04-06 14:14:20.800 30024 30024 E ArmVmp : Match on catch block at 0xc3 in for 0xa9
04-06 14:14:20.809 30024 30024 E ArmVmp : Match on catch block at 0xc3 in for 0xa1
04-06 14:14:20.812 30024 30024 E ArmVmp : Match on catch block at 0xc3 in for 0xa5
04-06 14:14:20.816 30024 30024 E ArmVmp : Match on catch block at 0xc3 in for 0xa5
04-06 14:14:20.826 30024 30024 E ArmVmp : Match on catch block at 0xc3 in for 0xa5
04-06 14:14:20.829 30024 30024 E ArmVmp : Match on catch block at 0xc3 in for 0xa9
04-06 14:14:20.832 30024 30024 E ArmVmp : Match on catch block at 0xc3 in for 0xa9
04-06 14:14:20.843 30024 30024 E ArmVmp : Match on catch block at 0xc3 in for 0xa1
04-06 14:14:20.847 30024 30024 E ArmVmp : Match on catch block at 0xc3 in for 0xa5
04-06 14:14:20.850 30024 30024 E ArmVmp : Match on catch block at 0xc3 in for 0xa5
04-06 14:14:20.859 30024 30024 E ArmVmp : Match on catch block at 0xc3 in for 0xa9
04-06 14:14:20.863 30024 30024 E ArmVmp : Match on catch block at 0xc3 in for 0xa1
04-06 14:14:20.865 30024 30024 E ArmVmp : Match on catch block at 0xc3 in for 0xa1
04-06 14:14:20.875 30024 30024 E ArmVmp : Match on catch block at 0xc3 in for 0xa5
04-06 14:14:20.879 30024 30024 E ArmVmp : Match on catch block at 0xc3 in for 0xa9
04-06 14:14:20.881 30024 30024 E ArmVmp : Match on catch block at 0xc3 in for 0xa9
04-06 14:14:20.891 30024 30024 E ArmVmp : Match on catch block at 0xc3 in for 0xa1
04-06 14:14:20.894 30024 30024 E ArmVmp : Match on catch block at 0xc3 in for 0xa5
04-06 14:14:20.896 30024 30024 E ArmVmp : Match on catch block at 0xc3 in for 0xa5
04-06 14:14:20.909 30024 30024 E ArmVmp : Match on catch block at 0xc3 in for 0xa9
04-06 14:14:20.911 30024 30024 E ArmVmp : Match on catch block at 0xc3 in for 0xa1
04-06 14:14:20.913 30024 30024 E ArmVmp : Match on catch block at 0xc3 in for 0xa1
04-06 14:14:20.925 30024 30024 E ArmVmp : Match on catch block at 0xc3 in for 0xa5
04-06 14:14:20.928 30024 30024 E ArmVmp : Match on catch block at 0xc3 in for 0xa9
04-06 14:14:20.931 30024 30024 E ArmVmp : Match on catch block at 0xc3 in for 0xa9
04-06 14:14:20.941 30024 30024 E ArmVmp : Match on catch block at 0xc3 in for 0xa1
04-06 14:14:20.944 30024 30024 E ArmVmp : Match on catch block at 0xc3 in for 0xa5
04-06 14:14:20.946 30024 30024 E ArmVmp : Match on catch block at 0xc3 in for 0xa5
04-06 14:14:20.958 30024 30024 E ArmVmp : Match on catch block at 0xc3 in for 0xa9
04-06 14:14:20.961 30024 30024 E ArmVmp : Match on catch block at 0xc3 in for 0xa1
04-06 14:14:20.964 30024 30024 E ArmVmp : Match on catch block at 0xc3 in for 0xa1
04-06 14:14:20.975 30024 30024 E ArmVmp : Match on catch block at 0xc3 in for 0xa5
04-06 14:14:20.978 30024 30024 E ArmVmp : Match on catch block at 0xc3 in for 0xa9
04-06 14:14:20.981 30024 30024 E ArmVmp : Match on catch block at 0xc3 in for 0xa9
04-06 14:14:20.992 30024 30024 E ArmVmp : Match on catch block at 0xc3 in for 0xa1
04-06 14:14:20.995 30024 30024 E ArmVmp : Match on catch block at 0xc3 in for 0xa5
04-06 14:14:20.997 30024 30024 E ArmVmp : Match on catch block at 0xc3 in for 0xa5
04-06 14:14:21.009 30024 30024 E ArmVmp : Match on catch block at 0xc3 in for 0xa9
04-06 14:14:21.013 30024 30024 E ArmVmp : Match on catch block at 0xc3 in for 0xa1
04-06 14:14:21.018 30024 30024 E ArmVmp : Match on catch block at 0xc3 in for 0xa1
04-06 14:14:21.046 30024 30024 E ArmVmp : Match on catch block at 0xc3 in for 0xa9
04-06 14:14:21.048 30024 30024 E ArmVmp : Match on catch block at 0xc3 in for 0xa1
04-06 14:14:21.051 30024 30024 E ArmVmp : Match on catch block at 0xc3 in for 0xa1
04-06 14:14:21.059 30024 30024 E ArmVmp : Match on catch block at 0xc3 in for 0xa5
04-06 14:14:21.063 30024 30024 E ArmVmp : Match on catch block at 0xc3 in for 0xa9
04-06 14:14:21.066 30024 30024 E ArmVmp : Match on catch block at 0xc3 in for 0xa9
04-06 14:14:21.075 30024 30024 E ArmVmp : Match on catch block at 0xc3 in for 0xa1
04-06 14:14:21.079 30024 30024 E ArmVmp : Match on catch block at 0xc3 in for 0xa5
04-06 14:14:21.082 30024 30024 E ArmVmp : Match on catch block at 0xc3 in for 0xa5
04-06 14:14:21.092 30024 30024 E ArmVmp : Match on catch block at 0xc3 in for 0xa9
04-06 14:14:21.096 30024 30024 E ArmVmp : Match on catch block at 0xc3 in for 0xa1
04-06 14:14:21.101 30024 30024 E ArmVmp : Match on catch block at 0xc3 in for 0xa1
04-06 14:14:21.112 30024 30024 E ArmVmp : Match on catch block at 0xc3 in for 0xa9
04-06 14:14:21.116 30024 30024 E ArmVmp : Match on catch block at 0xc3 in for 0xa1
04-06 14:14:21.118 30024 30024 E ArmVmp : Match on catch block at 0xc3 in for 0xa1
04-06 14:14:21.176 30024 30024 E ArmVmp : Match on catch block at 0xc3 in for 0xa5
04-06 14:14:21.180 30024 30024 E ArmVmp : Match on catch block at 0xc3 in for 0xa9
04-06 14:14:21.183 30024 30024 E ArmVmp : Match on catch block at 0xc3 in for 0xa9
04-06 14:14:21.593 30024 30024 E ArmVmp : Match on catch block at 0xc3 in for 0xa1
04-06 14:14:21.596 30024 30024 E ArmVmp : Match on catch block at 0xc3 in for 0xa5
04-06 14:14:21.600 30024 30024 E ArmVmp : Match on catch block at 0xc3 in for 0xa5
04-06 14:14:21.696 30024 30024 E ArmVmp : Match on catch block at 0xc3 in for 0xa5
04-06 14:14:21.699 30024 30024 E ArmVmp : Match on catch block at 0xc3 in for 0xa9
04-06 14:14:21.702 30024 30024 E ArmVmp : Match on catch block at 0xc3 in for 0xa9
04-06 14:14:22.093 30024 30024 E ArmVmp : Match on catch block at 0xc3 in for 0xa1
04-06 14:14:22.096 30024 30024 E ArmVmp : Match on catch block at 0xc3 in for 0xa5
04-06 14:14:22.099 30024 30024 E ArmVmp : Match on catch block at 0xc3 in for 0xa5
04-06 14:14:22.593 30024 30024 E ArmVmp : Match on catch block at 0xc3 in for 0xa9
04-06 14:14:22.597 30024 30024 E ArmVmp : Match on catch block at 0xc3 in for 0xa1
04-06 14:14:22.602 30024 30024 E ArmVmp : Match on catch block at 0xc3 in for 0xa1
04-06 14:14:23.091 30024 30024 E ArmVmp : Match on catch block at 0xc3 in for 0xa5
04-06 14:14:23.094 30024 30024 E ArmVmp : Match on catch block at 0xc3 in for 0xa9
04-06 14:14:23.096 30024 30024 E ArmVmp : Match on catch block at 0xc3 in for 0xa9
04-06 14:14:23.199 30024 30024 E ArmVmp : Match on catch block at 0xc3 in for 0xa1
04-06 14:14:23.203 30024 30024 E ArmVmp : Match on catch block at 0xc3 in for 0xa5
04-06 14:14:23.206 30024 30024 E ArmVmp : Match on catch block at 0xc3 in for 0xa5
04-06 14:14:23.214 30024 30024 E ArmVmp : Match on catch block at 0xc3 in for 0xa9
04-06 14:14:23.218 30024 30024 E ArmVmp : Match on catch block at 0xc3 in for 0xa1
04-06 14:14:23.221 30024 30024 E ArmVmp : Match on catch block at 0xc3 in for 0xa1
04-06 14:14:23.227 30024 30024 E ArmVmp : Match on catch block at 0xc3 in for 0xa5
04-06 14:14:23.230 30024 30024 E ArmVmp : Match on catch block at 0xc3 in for 0xa9
04-06 14:14:23.234 30024 30024 E ArmVmp : Match on catch block at 0xc3 in for 0xa9
04-06 14:14:23.243 30024 30024 E ArmVmp : Match on catch block at 0xc3 in for 0xa1
04-06 14:14:23.247 30024 30024 E ArmVmp : Match on catch block at 0xc3 in for 0xa5
04-06 14:14:23.250 30024 30024 E ArmVmp : Match on catch block at 0xc3 in for 0xa5
04-06 14:14:23.260 30024 30024 E ArmVmp : Match on catch block at 0xc3 in for 0xa9
04-06 14:14:23.263 30024 30024 E ArmVmp : Match on catch block at 0xc3 in for 0xa1
04-06 14:14:23.267 30024 30024 E ArmVmp : Match on catch block at 0xc3 in for 0xa1
04-06 14:14:23.275 30024 30024 E ArmVmp : Match on catch block at 0xc3 in for 0xa5
04-06 14:14:23.278 30024 30024 E ArmVmp : Match on catch block at 0xc3 in for 0xa9
04-06 14:14:23.281 30024 30024 E ArmVmp : Match on catch block at 0xc3 in for 0xa9
04-06 14:14:23.292 30024 30024 E ArmVmp : Match on catch block at 0xc3 in for 0xa1
04-06 14:14:23.296 30024 30024 E ArmVmp : Match on catch block at 0xc3 in for 0xa5
04-06 14:14:23.300 30024 30024 E ArmVmp : Match on catch block at 0xc3 in for 0xa5
04-06 14:14:23.310 30024 30024 E ArmVmp : Match on catch block at 0xc3 in for 0xa9
04-06 14:14:23.314 30024 30024 E ArmVmp : Match on catch block at 0xc3 in for 0xa1
04-06 14:14:23.319 30024 30024 E ArmVmp : Match on catch block at 0xc3 in for 0xa1
04-06 14:14:23.326 30024 30024 E ArmVmp : Match on catch block at 0xc3 in for 0xa5
04-06 14:14:23.330 30024 30024 E ArmVmp : Match on catch block at 0xc3 in for 0xa9
04-06 14:14:23.333 30024 30024 E ArmVmp : Match on catch block at 0xc3 in for 0xa9
04-06 14:14:23.343 30024 30024 E ArmVmp : Match on catch block at 0xc3 in for 0xa1
04-06 14:14:23.347 30024 30024 E ArmVmp : Match on catch block at 0xc3 in for 0xa5
04-06 14:14:23.351 30024 30024 E ArmVmp : Match on catch block at 0xc3 in for 0xa5
04-06 14:14:23.359 30024 30024 E ArmVmp : Match on catch block at 0xc3 in for 0xa9
04-06 14:14:23.363 30024 30024 E ArmVmp : Match on catch block at 0xc3 in for 0xa1
04-06 14:14:23.365 30024 30024 E ArmVmp : Match on catch block at 0xc3 in for 0xa1
04-06 14:14:23.375 30024 30024 E ArmVmp : Match on catch block at 0xc3 in for 0xa5
04-06 14:14:23.378 30024 30024 E ArmVmp : Match on catch block at 0xc3 in for 0xa9
04-06 14:14:23.380 30024 30024 E ArmVmp : Match on catch block at 0xc3 in for 0xa9
04-06 14:14:23.392 30024 30024 E ArmVmp : Match on catch block at 0xc3 in for 0xa1
04-06 14:14:23.395 30024 30024 E ArmVmp : Match on catch block at 0xc3 in for 0xa5
04-06 14:14:23.398 30024 30024 E ArmVmp : Match on catch block at 0xc3 in for 0xa5
04-06 14:14:23.408 30024 30024 E ArmVmp : Match on catch block at 0xc3 in for 0xa9
04-06 14:14:23.411 30024 30024 E ArmVmp : Match on catch block at 0xc3 in for 0xa1
04-06 14:14:23.413 30024 30024 E ArmVmp : Match on catch block at 0xc3 in for 0xa1
04-06 14:14:23.425 30024 30024 E ArmVmp : Match on catch block at 0xc3 in for 0xa5
04-06 14:14:23.428 30024 30024 E ArmVmp : Match on catch block at 0xc3 in for 0xa9
04-06 14:14:23.430 30024 30024 E ArmVmp : Match on catch block at 0xc3 in for 0xa9
04-06 14:14:23.442 30024 30024 E ArmVmp : Match on catch block at 0xc3 in for 0xa1
04-06 14:14:23.445 30024 30024 E ArmVmp : Match on catch block at 0xc3 in for 0xa5
04-06 14:14:23.447 30024 30024 E ArmVmp : Match on catch block at 0xc3 in for 0xa5
04-06 14:14:23.458 30024 30024 E ArmVmp : Match on catch block at 0xc3 in for 0xa9
04-06 14:14:23.461 30024 30024 E ArmVmp : Match on catch block at 0xc3 in for 0xa1
04-06 14:14:23.463 30024 30024 E ArmVmp : Match on catch block at 0xc3 in for 0xa1
04-06 14:14:23.475 30024 30024 E ArmVmp : Match on catch block at 0xc3 in for 0xa5
04-06 14:14:23.478 30024 30024 E ArmVmp : Match on catch block at 0xc3 in for 0xa9
04-06 14:14:23.480 30024 30024 E ArmVmp : Match on catch block at 0xc3 in for 0xa9
04-06 14:14:23.608 30024 30024 E ArmVmp : Match on catch block at 0xc3 in for 0xa1
04-06 14:14:23.611 30024 30024 E ArmVmp : Match on catch block at 0xc3 in for 0xa5
04-06 14:14:23.613 30024 30024 E ArmVmp : Match on catch block at 0xc3 in for 0xa5
04-06 14:14:24.047 30024 30024 E ArmVmp : Match on catch block at 0xc3 in for 0xa1
04-06 14:14:24.049 30024 30024 E ArmVmp : Match on catch block at 0xc3 in for 0xa5
04-06 14:14:24.050 30024 30024 E ArmVmp : Match on catch block at 0xc3 in for 0xa5
04-06 14:14:24.058 30024 30024 E ArmVmp : Match on catch block at 0xc3 in for 0xa9
04-06 14:14:24.061 30024 30024 E ArmVmp : Match on catch block at 0xc3 in for 0xa1
04-06 14:14:24.063 30024 30024 E ArmVmp : Match on catch block at 0xc3 in for 0xa1
04-06 14:14:24.110 30024 30024 E ArmVmp : Match on catch block at 0xc3 in for 0xa5
04-06 14:14:24.112 30024 30024 E ArmVmp : Match on catch block at 0xc3 in for 0xa9
04-06 14:14:24.113 30024 30024 E ArmVmp : Match on catch block at 0xc3 in for 0xa9
04-06 14:14:24.123 30024 30024 E ArmVmp : Match on catch block at 0xc3 in for 0xa1
04-06 14:14:24.125 30024 30024 E ArmVmp : Match on catch block at 0xc3 in for 0xa5
04-06 14:14:24.135 30024 30024 E ArmVmp : Match on catch block at 0xc3 in for 0xa5
04-06 14:14:24.625 30024 30024 E ArmVmp : Match on catch block at 0xc3 in for 0xa9
04-06 14:14:24.628 30024 30024 E ArmVmp : Match on catch block at 0xc3 in for 0xa1
04-06 14:14:24.630 30024 30024 E ArmVmp : Match on catch block at 0xc3 in for 0xa1
04-06 14:14:24.862 30024 30024 E ArmVmp : Match on catch block at 0xc3 in for 0xa1
04-06 14:14:24.866 30024 30024 E ArmVmp : Match on catch block at 0xc3 in for 0xa5
04-06 14:14:24.868 30024 30024 E ArmVmp : Match on catch block at 0xc3 in for 0xa5
04-06 14:14:24.881 30024 30024 E ArmVmp : Match on catch block at 0xc3 in for 0xa5
04-06 14:14:24.883 30024 30024 E ArmVmp : Match on catch block at 0xc3 in for 0xa9
04-06 14:14:24.885 30024 30024 E ArmVmp : Match on catch block at 0xc3 in for 0xa9
04-06 14:14:24.892 30024 30024 E ArmVmp : Match on catch block at 0xc3 in for 0xa1
04-06 14:14:24.894 30024 30024 E ArmVmp : Match on catch block at 0xc3 in for 0xa5
04-06 14:14:24.897 30024 30024 E ArmVmp : Match on catch block at 0xc3 in for 0xa5
04-06 14:14:24.908 30024 30024 E ArmVmp : Match on catch block at 0xc3 in for 0xa9
04-06 14:14:24.910 30024 30024 E ArmVmp : Match on catch block at 0xc3 in for 0xa1
04-06 14:14:24.912 30024 30024 E ArmVmp : Match on catch block at 0xc3 in for 0xa1
04-06 14:14:24.925 30024 30024 E ArmVmp : Match on catch block at 0xc3 in for 0xa5
04-06 14:14:24.927 30024 30024 E ArmVmp : Match on catch block at 0xc3 in for 0xa9
04-06 14:14:24.930 30024 30024 E ArmVmp : Match on catch block at 0xc3 in for 0xa9
04-06 14:14:24.941 30024 30024 E ArmVmp : Match on catch block at 0xc3 in for 0xa1
04-06 14:14:24.944 30024 30024 E ArmVmp : Match on catch block at 0xc3 in for 0xa5
04-06 14:14:24.947 30024 30024 E ArmVmp : Match on catch block at 0xc3 in for 0xa5
04-06 14:14:24.960 30024 30024 E ArmVmp : Match on catch block at 0xc3 in for 0xa9
04-06 14:14:24.963 30024 30024 E ArmVmp : Match on catch block at 0xc3 in for 0xa1
04-06 14:14:24.966 30024 30024 E ArmVmp : Match on catch block at 0xc3 in for 0xa1
04-06 14:14:24.979 30024 30024 E ArmVmp : Match on catch block at 0xc3 in for 0xa5
04-06 14:14:24.981 30024 30024 E ArmVmp : Match on catch block at 0xc3 in for 0xa9
04-06 14:14:24.983 30024 30024 E ArmVmp : Match on catch block at 0xc3 in for 0xa9
04-06 14:14:24.992 30024 30024 E ArmVmp : Match on catch block at 0xc3 in for 0xa1
04-06 14:14:24.994 30024 30024 E ArmVmp : Match on catch block at 0xc3 in for 0xa5
04-06 14:14:24.996 30024 30024 E ArmVmp : Match on catch block at 0xc3 in for 0xa5
04-06 14:14:25.009 30024 30024 E ArmVmp : Match on catch block at 0xc3 in for 0xa9
04-06 14:14:25.012 30024 30024 E ArmVmp : Match on catch block at 0xc3 in for 0xa1
04-06 14:14:25.014 30024 30024 E ArmVmp : Match on catch block at 0xc3 in for 0xa1
04-06 14:14:25.026 30024 30024 E ArmVmp : Match on catch block at 0xc3 in for 0xa5
04-06 14:14:25.029 30024 30024 E ArmVmp : Match on catch block at 0xc3 in for 0xa9
04-06 14:14:25.032 30024 30024 E ArmVmp : Match on catch block at 0xc3 in for 0xa9
04-06 14:14:25.042 30024 30024 E ArmVmp : Match on catch block at 0xc3 in for 0xa1
04-06 14:14:25.045 30024 30024 E ArmVmp : Match on catch block at 0xc3 in for 0xa5
04-06 14:14:25.047 30024 30024 E ArmVmp : Match on catch block at 0xc3 in for 0xa5
04-06 14:14:25.059 30024 30024 E ArmVmp : Match on catch block at 0xc3 in for 0xa9
04-06 14:14:25.061 30024 30024 E ArmVmp : Match on catch block at 0xc3 in for 0xa1
04-06 14:14:25.064 30024 30024 E ArmVmp : Match on catch block at 0xc3 in for 0xa1
04-06 14:14:25.109 30024 30024 E ArmVmp : Match on catch block at 0xc3 in for 0xa5
04-06 14:14:25.112 30024 30024 E ArmVmp : Match on catch block at 0xc3 in for 0xa9
04-06 14:14:25.113 30024 30024 E ArmVmp : Match on catch block at 0xc3 in for 0xa9
04-06 14:14:25.608 30024 30024 E ArmVmp : Match on catch block at 0xc3 in for 0xa1
