4&oh=01_ASBIZ9gudDjTf7OdwYVDIrJqHrSJLGvNsH_TmY6-xR3h9Q&oe=66390C1E&_nc_sid=5e03e0
thumbnail_height_width_ratio=1.0 is_animated_sticker=1
file_hash=GYhvvR7YJ8qSFbhnBMsikxdIP7gqZnPoTER0KEk8OF4= file_path=null file_size=0
partial_media_hash=null face_x=0 face_y=0 height=64 trim_to=0
media_key_timestamp=1712234954000 message_url=https://mmg.whatsapp.net/v/t62.15575-
24/31583224_1453329088598281_7102052473155085425_n.enc?ccb=11-
4&oh=01_ASBIZ9gudDjTf7OdwYVDIrJqHrSJLGvNsH_TmY6-
xR3h9Q&oe=66390C1E&_nc_sid=5e03e0&mms3=true media_caption=null trim_from=0
mime_type=image/webp partial_media_enc_hash=null width=64 original_file_hash=null
has_streaming_sidecar=0 autotransfer_retry_enabled=0 media_upload_handle=null
message_row_id=32 multicast_id=null
enc_file_hash=2/dDm6GIjNvwpzXat3KfvkgkSy/1hhp+N2OGKXoF7LI= mute_video=0
page_count=0 first_scan_sidecar=[B@9502d67 suspicious_content=0 file_length=801940
media_name=null media_duration=0 chat_row_id=8 media_key=[B@9a2e714
04-06 14:18:47.073 30024 30071 E SQLiteDatabase:
android.database.sqlite.SQLiteConstraintException: UNIQUE constraint failed:
message_media.message_row_id (code 1555 SQLITE_CONSTRAINT_PRIMARYKEY)
04-06 14:18:47.073 30024 30071 E SQLiteDatabase: at
android.database.sqlite.SQLiteConnection.nativeExecuteForLastInsertedRowId(Native
Method)
04-06 14:18:47.073 30024 30071 E SQLiteDatabase: at
android.database.sqlite.SQLiteConnection.executeForLastInsertedRowId(SQLiteConnecti
on.java:879)
04-06 14:18:47.073 30024 30071 E SQLiteDatabase: at
android.database.sqlite.SQLiteSession.executeForLastInsertedRowId(SQLiteSession.jav
a:790)
04-06 14:18:47.073 30024 30071 E SQLiteDatabase: at
android.database.sqlite.SQLiteStatement.executeInsert(SQLiteStatement.java:88)
04-06 14:18:47.073 30024 30071 E SQLiteDatabase: at
android.database.sqlite.SQLiteDatabase.insertWithOnConflict(SQLiteDatabase.java:159
9)
04-06 14:18:47.073 30024 30071 E SQLiteDatabase: at
android.database.sqlite.SQLiteDatabase.insert(SQLiteDatabase.java:1468)
04-06 14:18:47.073 30024 30071 E SQLiteDatabase: at X.2tm.A08(Unknown
Source:6)
04-06 14:18:47.073 30024 30071 E SQLiteDatabase: at X.35Y.A07(Unknown
Source:212)
04-06 14:18:47.073 30024 30071 E SQLiteDatabase: at X.3QF.A14(Unknown
Source:470)
04-06 14:18:47.073 30024 30071 E SQLiteDatabase: at X.3gU.run(Unknown
Source:982)
04-06 14:18:47.073 30024 30071 E SQLiteDatabase: at
android.os.Handler.handleCallback(Handler.java:914)
04-06 14:18:47.073 30024 30071 E SQLiteDatabase: at
android.os.Handler.dispatchMessage(Handler.java:100)
04-06 14:18:47.073 30024 30071 E SQLiteDatabase: at
X.0zq.dispatchMessage(Unknown Source:4)
04-06 14:18:47.073 30024 30071 E SQLiteDatabase: at
android.os.Looper.loop(Looper.java:224)
04-06 14:18:47.073 30024 30071 E SQLiteDatabase: at
android.os.HandlerThread.run(HandlerThread.java:67)
04-06 14:19:11.042 30024 30179 W BpBinder: Slow Binder: BpBinder transact took 238
ms, interface=android.content.IContentProvider, code=20 oneway=false
04-06 14:19:12.709 30024 30024 E GraphicExt:
GraphicExtModuleLoader::CreateGraphicExtInstance false
04-06 14:19:20.052 30024 30024 E GraphicExt:
GraphicExtModuleLoader::CreateGraphicExtInstance false
04-06 14:19:20.670 30024 30024 W InputEventReceiver: Attempted to finish an input
event but the input event receiver has already been disposed.
04-06 14:19:21.928 30024 30024 E ArmVmp : Match on catch block at 0x0a in for
0x175
04-06 14:19:21.952 30024 30024 E GraphicExt:
GraphicExtModuleLoader::CreateGraphicExtInstance false
04-06 14:19:22.749 30024 30024 W ActivityThread: handleWindowVisibility: no
activity for token android.os.BinderProxy@94a56e7
04-06 14:19:22.883 30024 30024 W Activity: Slow Operation: Activity
com.mbwhatsapp/.contact.picker.ContactPicker onStart took 102ms
04-06 14:19:22.904 30024 30024 E GraphicExt:
GraphicExtModuleLoader::CreateGraphicExtInstance false
04-06 14:19:25.599 30024 30024 E GraphicExt:
GraphicExtModuleLoader::CreateGraphicExtInstance false
04-06 14:19:25.632 30024 30024 W ActivityThread: handleWindowVisibility: no
activity for token android.os.BinderProxy@e76401
04-06 14:19:25.761 30024 30024 E ArmVmp : Match on catch block at 0x0a in for 0xc1
04-06 14:19:25.762 30024 30024 E ArmVmp : Match on catch block at 0x0a in for 0xc9
04-06 14:19:25.763 30024 31525 W System : ClassLoader referenced unknown path:
system/framework/mediatek-cta.jar
04-06 14:19:25.765 30024 31525 W System : ClassLoader referenced unknown path:
system/framework/mediatek-cta.jar
04-06 14:19:25.801 30024 30024 E GraphicExt:
GraphicExtModuleLoader::CreateGraphicExtInstance false
04-06 14:19:25.811 30024 30024 E ArmVmp : Match on catch block at 0xc3 in for 0xb9
04-06 14:19:25.812 30024 30024 E ArmVmp : Match on catch block at 0xc3 in for 0xb9
04-06 14:19:25.818 30024 31525 W System : ClassLoader referenced unknown path:
system/framework/mediatek-cta.jar
04-06 14:19:25.852 30024 30024 E ArmVmp : Match on catch block at 0xc3 in for 0xa1
04-06 14:19:25.854 30024 30024 E ArmVmp : Match on catch block at 0xc3 in for 0xa5
04-06 14:19:25.872 30024 30024 E ArmVmp : Match on catch block at 0xc3 in for 0xa9
04-06 14:19:25.874 30024 30024 E ArmVmp : Match on catch block at 0xc3 in for 0xa1
04-06 14:19:25.888 30024 30024 E ArmVmp : Match on catch block at 0xc3 in for 0xa1
04-06 14:19:25.890 30024 30024 E ArmVmp : Match on catch block at 0xc3 in for 0xa5
04-06 14:19:25.900 30024 30024 E ArmVmp : Match on catch block at 0xc3 in for 0xa5
04-06 14:19:25.901 30024 30024 E ArmVmp : Match on catch block at 0xc3 in for 0xa9
04-06 14:19:25.916 30024 30024 E ArmVmp : Match on catch block at 0xc3 in for 0xa9
04-06 14:19:25.918 30024 30024 E ArmVmp : Match on catch block at 0xc3 in for 0xa1
04-06 14:19:25.933 30024 30024 E ArmVmp : Match on catch block at 0xc3 in for 0xa1
04-06 14:19:25.935 30024 30024 E ArmVmp : Match on catch block at 0xc3 in for 0xa5
04-06 14:19:25.948 30024 31525 W System : ClassLoader referenced unknown path:
system/framework/mediatek-cta.jar
04-06 14:19:25.950 30024 30024 E ArmVmp : Match on catch block at 0xc3 in for 0xa5
04-06 14:19:25.952 30024 30024 E ArmVmp : Match on catch block at 0xc3 in for 0xa9
04-06 14:19:25.966 30024 30024 E ArmVmp : Match on catch block at 0xc3 in for 0xa9
04-06 14:19:25.968 30024 30024 E ArmVmp : Match on catch block at 0xc3 in for 0xa1
04-06 14:19:25.983 30024 30024 E ArmVmp : Match on catch block at 0xc3 in for 0xa1
04-06 14:19:25.985 30024 30024 E ArmVmp : Match on catch block at 0xc3 in for 0xa5
04-06 14:19:26.376 30024 30024 E ArmVmp : Match on catch block at 0xc3 in for 0xa9
04-06 14:19:26.379 30024 30024 E ArmVmp : Match on catch block at 0xc3 in for 0xa1
04-06 14:19:26.599 30024 30024 E ArmVmp : Match on catch block at 0xc3 in for 0xa9
04-06 14:19:26.601 30024 30024 E ArmVmp : Match on catch block at 0xc3 in for 0xa1
04-06 14:19:26.616 30024 30024 E ArmVmp : Match on catch block at 0xc3 in for 0xa1
04-06 14:19:26.618 30024 30024 E ArmVmp : Match on catch block at 0xc3 in for 0xa5
04-06 14:19:26.633 30024 30024 E ArmVmp : Match on catch block at 0xc3 in for 0xa5
04-06 14:19:26.634 30024 30024 E ArmVmp : Match on catch block at 0xc3 in for 0xa9
04-06 14:19:26.649 30024 30024 E ArmVmp : Match on catch block at 0xc3 in for 0xa1
04-06 14:19:26.651 30024 30024 E ArmVmp : Match on catch block at 0xc3 in for 0xa5
04-06 14:19:26.666 30024 30024 E ArmVmp : Match on catch block at 0xc3 in for 0xa9
04-06 14:19:26.667 30024 30024 E ArmVmp : Match on catch block at 0xc3 in for 0xa1
04-06 14:19:26.690 30024 30024 E ArmVmp : Match on catch block at 0xc3 in for 0xa5
04-06 14:19:26.693 30024 30024 E ArmVmp : Match on catch block at 0xc3 in for 0xa9
04-06 14:19:26.717 30024 30024 E ArmVmp : Match on catch block at 0xc3 in for 0xa1
04-06 14:19:26.721 30024 30024 E ArmVmp : Match on catch block at 0xc3 in for 0xa5
04-06 14:19:26.729 30024 30024 E ArmVmp : Match on catch block at 0xc3 in for 0xa1
04-06 14:19:26.733 30024 30024 E ArmVmp : Match on catch block at 0xc3 in for 0xa5
04-06 14:19:26.750 30024 30024 E ArmVmp : Match on catch block at 0xc3 in for 0xa5
04-06 14:19:26.753 30024 30024 E ArmVmp : Match on catch block at 0xc3 in for 0xa9
04-06 14:19:26.767 30024 30024 E ArmVmp : Match on catch block at 0xc3 in for 0xa9
04-06 14:19:26.770 30024 30024 E ArmVmp : Match on catch block at 0xc3 in for 0xa1
04-06 14:19:26.784 30024 30024 E ArmVmp : Match on catch block at 0xc3 in for 0xa1
04-06 14:19:26.787 30024 30024 E ArmVmp : Match on catch block at 0xc3 in for 0xa5
04-06 14:19:26.800 30024 30024 E ArmVmp : Match on catch block at 0xc3 in for 0xa5
04-06 14:19:26.804 30024 30024 E ArmVmp : Match on catch block at 0xc3 in for 0xa9
04-06 14:19:26.819 30024 30024 E ArmVmp : Match on catch block at 0xc3 in for 0xa9
04-06 14:19:26.822 30024 30024 E ArmVmp : Match on catch block at 0xc3 in for 0xa1
04-06 14:19:26.834 30024 30024 E ArmVmp : Match on catch block at 0xc3 in for 0xa1
04-06 14:19:26.837 30024 30024 E ArmVmp : Match on catch block at 0xc3 in for 0xa5
04-06 14:19:26.851 30024 30024 E ArmVmp : Match on catch block at 0xc3 in for 0xa5
04-06 14:19:26.855 30024 30024 E ArmVmp : Match on catch block at 0xc3 in for 0xa9
04-06 14:19:26.868 30024 30024 E ArmVmp : Match on catch block at 0xc3 in for 0xa9
04-06 14:19:26.871 30024 30024 E ArmVmp : Match on catch block at 0xc3 in for 0xa1
04-06 14:19:26.885 30024 30024 E ArmVmp : Match on catch block at 0xc3 in for 0xa1
04-06 14:19:26.889 30024 30024 E ArmVmp : Match on catch block at 0xc3 in for 0xa5
04-06 14:19:26.902 30024 30024 E ArmVmp : Match on catch block at 0xc3 in for 0xa5
04-06 14:19:26.906 30024 30024 E ArmVmp : Match on catch block at 0xc3 in for 0xa9
04-06 14:19:27.271 30024 30024 E ArmVmp : Match on catch block at 0xc3 in for 0xa1
04-06 14:19:27.275 30024 30024 E ArmVmp : Match on catch block at 0xc3 in for 0xa5
04-06 14:19:27.290 30024 30024 E ArmVmp : Match on catch block at 0xc3 in for 0xa1
04-06 14:19:27.293 30024 30024 E ArmVmp : Match on catch block at 0xc3 in for 0xa5
04-06 14:19:27.301 30024 30024 E ArmVmp : Match on catch block at 0xc3 in for 0xa5
04-06 14:19:27.304 30024 30024 E ArmVmp : Match on catch block at 0xc3 in for 0xa9
04-06 14:19:27.318 30024 30024 E ArmVmp : Match on catch block at 0xc3 in for 0xa9
04-06 14:19:27.321 30024 30024 E ArmVmp : Match on catch block at 0xc3 in for 0xa1
04-06 14:19:27.335 30024 30024 E ArmVmp : Match on catch block at 0xc3 in for 0xa1
04-06 14:19:27.338 30024 30024 E ArmVmp : Match on catch block at 0xc3 in for 0xa5
04-06 14:19:27.352 30024 30024 E ArmVmp : Match on catch block at 0xc3 in for 0xa5
04-06 14:19:27.354 30024 30024 E ArmVmp : Match on catch block at 0xc3 in for 0xa9
04-06 14:19:27.367 30024 30024 E ArmVmp : Match on catch block at 0xc3 in for 0xa9
04-06 14:19:27.370 30024 30024 E ArmVmp : Match on catch block at 0xc3 in for 0xa1
04-06 14:19:27.388 30024 30024 E ArmVmp : Match on catch block at 0xc3 in for 0xa1
04-06 14:19:27.392 30024 30024 E ArmVmp : Match on catch block at 0xc3 in for 0xa5
04-06 14:19:27.401 30024 30024 E ArmVmp : Match on catch block at 0xc3 in for 0xa5
04-06 14:19:27.404 30024 30024 E ArmVmp : Match on catch block at 0xc3 in for 0xa9
04-06 14:19:27.418 30024 30024 E ArmVmp : Match on catch block at 0xc3 in for 0xa9
04-06 14:19:27.422 30024 30024 E ArmVmp : Match on catch block at 0xc3 in for 0xa1
04-06 14:19:27.435 30024 30024 E ArmVmp : Match on catch block at 0xc3 in for 0xa1
04-06 14:19:27.439 30024 30024 E ArmVmp : Match on catch block at 0xc3 in for 0xa5
04-06 14:19:27.451 30024 30024 E ArmVmp : Match on catch block at 0xc3 in for 0xa5
04-06 14:19:27.455 30024 30024 E ArmVmp : Match on catch block at 0xc3 in for 0xa9
04-06 14:19:27.468 30024 30024 E ArmVmp : Match on catch block at 0xc3 in for 0xa9
04-06 14:19:27.471 30024 30024 E ArmVmp : Match on catch block at 0xc3 in for 0xa1
04-06 14:19:27.548 30024 30024 E ArmVmp : Match on catch block at 0xc3 in for 0xa5
04-06 14:19:27.551 30024 30024 E ArmVmp : Match on catch block at 0xc3 in for 0xa9
04-06 14:19:27.564 30024 30024 E ArmVmp : Match on catch block at 0xc3 in for 0xa5
04-06 14:19:27.566 30024 30024 E ArmVmp : Match on catch block at 0xc3 in for 0xa9
04-06 14:19:27.577 30024 30024 E ArmVmp : Match on catch block at 0xc3 in for 0xa1
04-06 14:19:27.581 30024 30024 E ArmVmp : Match on catch block at 0xc3 in for 0xa5
04-06 14:19:27.591 30024 30024 E ArmVmp : Match on catch block at 0xc3 in for 0xa5
04-06 14:19:27.594 30024 30024 E ArmVmp : Match on catch block at 0xc3 in for 0xa9
04-06 14:19:27.768 30024 30024 E ArmVmp : Match on catch block at 0xc3 in for 0xa9
04-06 14:19:27.772 30024 30024 E ArmVmp : Match on catch block at 0xc3 in for 0xa1
04-06 14:19:27.785 30024 30024 E ArmVmp : Match on catch block at 0xc3 in for 0xa1
04-06 14:19:27.789 30024 30024 E ArmVmp : Match on catch block at 0xc3 in for 0xa5
04-06 14:19:28.034 30024 30024 E ArmVmp : Match on catch block at 0xc3 in for 0xa5
04-06 14:19:28.037 30024 30024 E ArmVmp : Match on catch block at 0xc3 in for 0xa9
04-06 14:19:28.500 30024 30024 E ArmVmp : Match on catch block at 0xc3 in for 0xa9
04-06 14:19:28.503 30024 30024 E ArmVmp : Match on catch block at 0xc3 in for 0xa1
04-06 14:19:28.884 30024 30024 E ArmVmp : Match on catch block at 0xc3 in for 0xa9
04-06 14:19:28.886 30024 30024 E ArmVmp : Match on catch block at 0xc3 in for 0xa1
04-06 14:19:29.186 30024 30024 E ArmVmp : Match on catch block at 0xc3 in for 0xa1
04-06 14:19:29.190 30024 30024 E ArmVmp : Match on catch block at 0xc3 in for 0xa5
04-06 14:19:29.202 30024 30024 E ArmVmp : Match on catch block at 0xc3 in for 0xa5
04-06 14:19:29.205 30024 30024 E ArmVmp : Match on catch block at 0xc3 in for 0xa9
04-06 14:19:29.218 30024 30024 E ArmVmp : Match on catch block at 0xc3 in for 0xa9
04-06 14:19:29.221 30024 30024 E ArmVmp : Match on catch block at 0xc3 in for 0xa1
04-06 14:19:29.236 30024 30024 E ArmVmp : Match on catch block at 0xc3 in for 0xa1
04-06 14:19:29.239 30024 30024 E ArmVmp : Match on catch block at 0xc3 in for 0xa5
04-06 14:19:29.252 30024 30024 E ArmVmp : Match on catch block at 0xc3 in for 0xa5
04-06 14:19:29.255 30024 30024 E ArmVmp : Match on catch block at 0xc3 in for 0xa9
04-06 14:19:29.269 30024 30024 E ArmVmp : Match on catch block at 0xc3 in for 0xa9
04-06 14:19:29.275 30024 30024 E ArmVmp : Match on catch block at 0xc3 in for 0xa1
04-06 14:19:29.285 30024 30024 E ArmVmp : Match on catch block at 0xc3 in for 0xa1
04-06 14:19:29.289 30024 30024 E ArmVmp : Match on catch block at 0xc3 in for 0xa5
04-06 14:19:29.300 30024 30024 E ArmVmp : Match on catch block at 0xc3 in for 0xa5
04-06 14:19:29.303 30024 30024 E ArmVmp : Match on catch block at 0xc3 in for 0xa9
04-06 14:19:29.319 30024 30024 E ArmVmp : Match on catch block at 0xc3 in for 0xa9
04-06 14:19:29.323 30024 30024 E ArmVmp : Match on catch block at 0xc3 in for 0xa1
04-06 14:19:29.335 30024 30024 E ArmVmp : Match on catch block at 0xc3 in for 0xa1
04-06 14:19:29.339 30024 30024 E ArmVmp : Match on catch block at 0xc3 in for 0xa5
04-06 14:19:29.351 30024 30024 E ArmVmp : Match on catch block at 0xc3 in for 0xa5
04-06 14:19:29.354 30024 30024 E ArmVmp : Match on catch block at 0xc3 in for 0xa9
04-06 14:19:29.367 30024 30024 E ArmVmp : Match on catch block at 0xc3 in for 0xa9
04-06 14:19:29.371 30024 30024 E ArmVmp : Match on catch block at 0xc3 in for 0xa1
04-06 14:19:29.385 30024 30024 E ArmVmp : Match on catch block at 0xc3 in for 0xa1
04-06 14:19:29.389 30024 30024 E ArmVmp : Match on catch block at 0xc3 in for 0xa5
04-06 14:19:29.401 30024 30024 E ArmVmp : Match on catch block at 0xc3 in for 0xa5
04-06 14:19:29.403 30024 30024 E ArmVmp : Match on catch block at 0xc3 in for 0xa9
04-06 14:19:29.419 30024 30024 E ArmVmp : Match on catch block at 0xc3 in for 0xa9
04-06 14:19:29.422 30024 30024 E ArmVmp : Match on catch block at 0xc3 in for 0xa1
04-06 14:19:29.435 30024 30024 E ArmVmp : Match on catch block at 0xc3 in for 0xa1
04-06 14:19:29.439 30024 30024 E ArmVmp : Match on catch block at 0xc3 in for 0xa5
04-06 14:19:29.935 30024 30024 E ArmVmp : Match on catch block at 0xc3 in for 0xa5
04-06 14:19:29.939 30024 30024 E ArmVmp : Match on catch block at 0xc3 in for 0xa9
04-06 14:19:30.019 30024 30024 E ArmVmp : Match on catch block at 0xc3 in for 0xa9
04-06 14:19:30.023 30024 30024 E ArmVmp : Match on catch block at 0xc3 in for 0xa1
04-06 14:19:30.385 30024 30024 E ArmVmp : Match on catch block at 0xc3 in for 0xa1
04-06 14:19:30.388 30024 30024 E ArmVmp : Match on catch block at 0xc3 in for 0xa5
04-06 14:19:30.584 30024 30024 E ArmVmp : Match on catch block at 0xc3 in for 0xa5
04-06 14:19:30.588 30024 30024 E ArmVmp : Match on catch block at 0xc3 in for 0xa9
04-06 14:19:30.784 30024 30024 E ArmVmp : Match on catch block at 0xc3 in for 0xa9
04-06 14:19:30.788 30024 30024 E ArmVmp : Match on catch block at 0xc3 in for 0xa1
04-06 14:19:30.954 30024 30024 E ArmVmp : Match on catch block at 0xc3 in for 0xa1
04-06 14:19:30.958 30024 30024 E ArmVmp : Match on catch block at 0xc3 in for 0xa5
04-06 14:19:31.135 30024 30024 E ArmVmp : Match on catch block at 0xc3 in for 0xa5
04-06 14:19:31.138 30024 30024 E ArmVmp : Match on catch block at 0xc3 in for 0xa9
04-06 14:19:31.434 30024 30024 E ArmVmp : Match on catch block at 0xc3 in for 0xa9
04-06 14:19:31.436 30024 30024 E ArmVmp : Match on catch block at 0xc3 in for 0xa1
04-06 14:19:31.463 30024 30024 E ArmVmp : Match on catch block at 0xc3 in for 0xa5
04-06 14:19:31.468 30024 30024 E ArmVmp : Match on catch block at 0xc3 in for 0xa9
04-06 14:19:31.516 30024 30024 E ArmVmp : Match on catch block at 0xc3 in for 0xa5
04-06 14:19:31.520 30024 30024 E ArmVmp : Match on catch block at 0xc3 in for 0xa9
04-06 14:19:31.541 30024 30024 E ArmVmp : Match on catch block at 0xc3 in for 0xa9
04-06 14:19:31.544 30024 30024 E ArmVmp : Match on catch block at 0xc3 in for 0xa1
04-06 14:19:31.563 30024 30024 E ArmVmp : Match on catch block at 0xc3 in for 0xa1
04-06 14:19:31.569 30024 30024 E ArmVmp : Match on catch block at 0xc3 in for 0xa5
04-06 14:19:31.580 30024 30024 E ArmVmp : Match on catch block at 0xc3 in for 0xa5
04-06 14:19:31.587 30024 30024 E ArmVmp : Match on catch block at 0xc3 in for 0xa9
04-06 14:19:31.603 30024 30024 E ArmVmp : Match on catch block at 0xc3 in for 0xa9
04-06 14:19:31.609 30024 30024 E ArmVmp : Match on catch block at 0xc3 in for 0xa1
04-06 14:19:31.620 30024 30024 E ArmVmp : Match on catch block at 0xc3 in for 0xa1
04-06 14:19:31.625 30024 30024 E ArmVmp : Match on catch block at 0xc3 in for 0xa5
04-06 14:19:31.636 30024 30024 E ArmVmp : Match on catch block at 0xc3 in for 0xa5
04-06 14:19:31.641 30024 30024 E ArmVmp : Match on catch block at 0xc3 in for 0xa9
04-06 14:19:31.653 30024 30024 E ArmVmp : Match on catch block at 0xc3 in for 0xa9
04-06 14:19:31.657 30024 30024 E ArmVmp : Match on catch block at 0xc3 in for 0xa1
04-06 14:19:31.938 30024 30024 E ArmVmp : Match on catch block at 0xc3 in for 0xa5
04-06 14:19:31.941 30024 30024 E ArmVmp : Match on catch block at 0xc3 in for 0xa9
04-06 14:19:31.948 30024 31296 W MediaPlayer: Use of stream types is deprecated for
operations other than volume control
04-06 14:19:31.948 30024 31296 W MediaPlayer: See the documentation of
setAudioStreamType() for what to use instead with android.media.AudioAttributes to
qualify your playback use case
04-06 14:19:31.951 30024 30024 E ArmVmp : Match on catch block at 0xc3 in for 0xa1
04-06 14:19:31.956 30024 30024 E ArmVmp : Match on catch block at 0xc3 in for 0xa5
04-06 14:19:32.451 30024 30024 E ArmVmp : Match on catch block at 0xc3 in for 0xa5
04-06 14:19:32.453 30024 30024 E ArmVmp : Match on catch block at 0xc3 in for 0xa9
04-06 14:19:32.554 30024 30024 E ArmVmp : Match on catch block at 0xc3 in for 0xa1
04-06 14:19:32.556 30024 30024 E ArmVmp : Match on catch block at 0xc3 in for 0xa5
04-06 14:19:32.570 30024 30024 E ArmVmp : Match on catch block at 0xc3 in for 0xa1
04-06 14:19:32.572 30024 30024 E ArmVmp : Match on catch block at 0xc3 in for 0xa5
04-06 14:19:32.584 30024 30024 E ArmVmp : Match on catch block at 0xc3 in for 0xa5
04-06 14:19:32.588 30024 30024 E ArmVmp : Match on catch block at 0xc3 in for 0xa9
04-06 14:19:32.602 30024 30024 E ArmVmp : Match on catch block at 0xc3 in for 0xa9
04-06 14:19:32.606 30024 30024 E ArmVmp : Match on catch block at 0xc3 in for 0xa1
04-06 14:19:32.619 30024 30024 E ArmVmp : Match on catch block at 0xc3 in for 0xa1
04-06 14:19:32.621 30024 30024 E ArmVmp : Match on catch block at 0xc3 in for 0xa5
04-06 14:19:32.635 30024 30024 E ArmVmp : Match on catch block at 0xc3 in for 0xa5
04-06 14:19:32.638 30024 30024 E ArmVmp : Match on catch block at 0xc3 in for 0xa9
04-06 14:19:32.653 30024 30024 E ArmVmp : Match on catch block at 0xc3 in for 0xa9
04-06 14:19:32.656 30024 30024 E ArmVmp : Match on catch block at 0xc3 in for 0xa1
04-06 14:19:32.672 30024 30024 E ArmVmp : Match on catch block at 0xc3 in for 0xa1
04-06 14:19:32.674 30024 30024 E ArmVmp : Match on catch block at 0xc3 in for 0xa5
04-06 14:19:32.685 30024 30024 E ArmVmp : Match on catch block at 0xc3 in for 0xa5
04-06 14:19:32.687 30024 30024 E ArmVmp : Match on catch block at 0xc3 in for 0xa9
04-06 14:19:32.703 30024 30024 E ArmVmp : Match on catch block at 0xc3 in for 0xa9
04-06 14:19:32.707 30024 30024 E ArmVmp : Match on catch block at 0xc3 in for 0xa1
04-06 14:19:32.720 30024 30024 E ArmVmp : Match on catch block at 0xc3 in for 0xa1
04-06 14:19:32.725 30024 30024 E ArmVmp : Match on catch block at 0xc3 in for 0xa5
04-06 14:19:32.736 30024 30024 E ArmVmp : Match on catch block at 0xc3 in for 0xa5
04-06 14:19:32.739 30024 30024 E ArmVmp : Match on catch block at 0xc3 in for 0xa9
04-06 14:19:32.752 30024 30024 E ArmVmp : Match on catch block at 0xc3 in for 0xa9
04-06 14:19:32.757 30024 30024 E ArmVmp : Match on catch block at 0xc3 in for 0xa1
04-06 14:19:32.852 30024 30024 E ArmVmp : Match on catch block at 0xc3 in for 0xa1
04-06 14:19:32.855 30024 30024 E ArmVmp : Match on catch block at 0xc3 in for 0xa5
04-06 14:19:33.017 30024 30024 E ArmVmp : Match on catch block at 0xc3 in for 0xa5
04-06 14:19:33.020 30024 30024 E ArmVmp : Match on catch block at 0xc3 in for 0xa9
04-06 14:19:33.085 30024 30024 E ArmVmp : Match on catch block at 0xc3 in for 0xa9
04-06 14:19:33.087 30024 30024 E ArmVmp : Match on catch block at 0xc3 in for 0xa1
04-06 14:19:33.401 30024 30024 E ArmVmp : Match on catch block at 0xc3 in for 0xa1
04-06 14:19:33.403 30024 30024 E ArmVmp : Match on catch block at 0xc3 in for 0xa5
04-06 14:19:33.426 30024 30024 E ArmVmp : Match on catch block at 0xc3 in for 0xa9
04-06 14:19:33.430 30024 30024 E ArmVmp : Match on catch block at 0xc3 in for 0xa1
04-06 14:19:33.464 30024 30024 E ArmVmp : Match on catch block at 0xc3 in for 0xa1
04-06 14:19:33.465 30024 30024 E ArmVmp : Match on catch block at 0xc3 in for 0xa5
04-06 14:19:33.474 30024 30024 E ArmVmp : Match on catch block at 0xc3 in for 0xa5
04-06 14:19:33.477 30024 30024 E ArmVmp : Match on catch block at 0xc3 in for 0xa9
04-06 14:19:33.488 30024 30024 E ArmVmp : Match on catch block at 0xc3 in for 0xa9
04-06 14:19:33.491 30024 30024 E ArmVmp : Match on catch block at 0xc3 in for 0xa1
04-06 14:19:33.502 30024 30024 E ArmVmp : Match on catch block at 0xc3 in for 0xa5
04-06 14:19:33.504 30024 30024 E ArmVmp : Match on catch block at 0xc3 in for 0xa9
04-06 14:19:33.518 30024 30024 E ArmVmp : Match on catch block at 0xc3 in for 0xa9
04-06 14:19:33.521 30024 30024 E ArmVmp : Match on catch block at 0xc3 in for 0xa1
04-06 14:19:33.535 30024 30024 E ArmVmp : Match on catch block at 0xc3 in for 0xa1
04-06 14:19:33.539 30024 30024 E ArmVmp : Match on catch block at 0xc3 in for 0xa5
04-06 14:19:33.552 30024 30024 E ArmVmp : Match on catch block at 0xc3 in for 0xa5
04-06 14:19:33.555 30024 30024 E ArmVmp : Match on catch block at 0xc3 in for 0xa9
04-06 14:19:33.568 30024 30024 E ArmVmp : Match on catch block at 0xc3 in for 0xa9
04-06 14:19:33.570 30024 30024 E ArmVmp : Match on catch block at 0xc3 in for 0xa1
04-06 14:19:33.586 30024 30024 E ArmVmp : Match on catch block at 0xc3 in for 0xa1
04-06 14:19:33.589 30024 30024 E ArmVmp : Match on catch block at 0xc3 in for 0xa5
04-06 14:19:33.603 30024 30024 E ArmVmp : Match on catch block at 0xc3 in for 0xa5
04-06 14:19:33.606 30024 30024 E ArmVmp : Match on catch block at 0xc3 in for 0xa9
04-06 14:19:33.618 30024 30024 E ArmVmp : Match on catch block at 0xc3 in for 0xa9
04-06 14:19:33.621 30024 30024 E ArmVmp : Match on catch block at 0xc3 in for 0xa1
04-06 14:19:33.703 30024 30024 E ArmVmp : Match on catch block at 0xc3 in for 0xa9
04-06 14:19:33.705 30024 30024 E ArmVmp : Match on catch block at 0xc3 in for 0xa1
04-06 14:19:33.709 30024 31296 W MediaPlayer: Use of stream types is deprecated for
operations other than volume control
04-06 14:19:33.709 30024 31296 W MediaPlayer: See the documentation of
setAudioStreamType() for what to use instead with android.media.AudioAttributes to
qualify your playback use case
04-06 14:19:33.718 30024 30024 E ArmVmp : Match on catch block at 0xc3 in for 0xa5
04-06 14:19:33.722 30024 30024 E ArmVmp : Match on catch block at 0xc3 in for 0xa9
04-06 14:19:33.816 30024 30024 E ArmVmp : Match on catch block at 0xc3 in for 0xa9
04-06 14:19:33.821 30024 30024 E ArmVmp : Match on catch block at 0xc3 in for 0xa1
04-06 14:19:33.843 30024 30024 E ArmVmp : Match on catch block at 0xc3 in for 0xa9
04-06 14:19:33.844 30024 30024 E ArmVmp : Match on catch block at 0xc3 in for 0xa1
04-06 14:19:33.918 30024 30024 E ArmVmp : Match on catch block at 0xc3 in for 0xa1
04-06 14:19:33.920 30024 30024 E ArmVmp : Match on catch block at 0xc3 in for 0xa5
04-06 14:19:33.959 30024 30024 E ArmVmp : Match on catch block at 0xc3 in for 0xa1
04-06 14:19:33.963 30024 30024 E ArmVmp : Match on catch block at 0xc3 in for 0xa5
04-06 14:19:33.980 30024 30024 E ArmVmp : Match on catch block at 0xc3 in for 0xa5
04-06 14:19:33.984 30024 30024 E ArmVmp : Match on catch block at 0xc3 in for 0xa9
04-06 14:19:33.991 30024 30024 E ArmVmp : Match on catch block at 0xc3 in for 0xa1
04-06 14:19:33.995 30024 30024 E ArmVmp : Match on catch block at 0xc3 in for 0xa5
04-06 14:19:34.087 30024 30024 E ArmVmp : Match on catch block at 0xc3 in for 0xa9
04-06 14:19:34.091 30024 30024 E ArmVmp : Match on catch block at 0xc3 in for 0xa1
04-06 14:19:34.126 30024 30024 E GraphicExt:
GraphicExtModuleLoader::CreateGraphicExtInstance false
04-06 14:19:34.187 30024 30024 E ArmVmp : Match on catch block at 0xc3 in for 0xa5
04-06 14:19:34.189 30024 30024 E ArmVmp : Match on catch block at 0xc3 in for 0xa9
04-06 14:19:34.209 30024 30024 E ArmVmp : Match on catch block at 0xc3 in for 0xa9
04-06 14:19:34.212 30024 30024 E ArmVmp : Match on catch block at 0xc3 in for 0xa1
04-06 14:19:34.715 30024 30024 E ArmVmp : Match on catch block at 0xc3 in for 0xa1
04-06 14:19:34.718 30024 30024 E ArmVmp : Match on catch block at 0xc3 in for 0xa5
04-06 14:19:36.329 30024 30024 E ArmVmp : Match on catch block at 0x0a in for 0xc9
04-06 14:19:36.334 30024 31561 W System : ClassLoader referenced unknown path:
system/framework/mediatek-cta.jar
04-06 14:19:36.342 30024 30024 E ArmVmp : Match on catch block at 0x0a in for
0x135
04-06 14:19:36.373 30024 31525 W System : ClassLoader referenced unknown path:
system/framework/mediatek-cta.jar
04-06 14:19:36.396 30024 31525 W System : ClassLoader referenced unknown path:
system/framework/mediatek-cta.jar
04-06 14:19:36.447 30024 30024 E ActivityInjector: get life cycle exception
04-06 14:19:36.447 30024 30024 E ActivityInjector: java.lang.ClassCastException:
android.os.BinderProxy cannot be cast to
android.app.servertransaction.ClientTransaction
04-06 14:19:36.447 30024 30024 E ActivityInjector: at
android.app.ActivityInjector.checkAccessControl(ActivityInjector.java:24)
04-06 14:19:36.447 30024 30024 E ActivityInjector: at
android.app.Activity.onResume(Activity.java:1859)
04-06 14:19:36.447 30024 30024 E ActivityInjector: at X.03u.onResume(Unknown
Source:3)
04-06 14:19:36.447 30024 30024 E ActivityInjector: at X.4fW.onResume(Unknown
Source:0)
04-06 14:19:36.447 30024 30024 E ActivityInjector: at X.4fV.onResume(Unknown
Source:0)
04-06 14:19:36.447 30024 30024 E ActivityInjector: at X.4fS.onResume(Unknown
Source:0)
04-06 14:19:36.447 30024 30024 E ActivityInjector: at X.4fQ.onResume(Unknown
Source:0)
04-06 14:19:36.447 30024 30024 E ActivityInjector: at X.4bS.onResume(Unknown
Source:0)
04-06 14:19:36.447 30024 30024 E ActivityInjector: at
com.mbwhatsapp.HomeActivity.onResume(Unknown Source:30)
04-06 14:19:36.447 30024 30024 E ActivityInjector: at
android.app.Instrumentation.callActivityOnResume(Instrumentation.java:1453)
04-06 14:19:36.447 30024 30024 E ActivityInjector: at
android.app.Activity.performResume(Activity.java:8050)
04-06 14:19:36.447 30024 30024 E ActivityInjector: at
android.app.ActivityThread.performResumeActivity(ActivityThread.java:4287)
04-06 14:19:36.447 30024 30024 E ActivityInjector: at
android.app.ActivityThread.handleResumeActivity(ActivityThread.java:4329)
04-06 14:19:36.447 30024 30024 E ActivityInjector: at
android.app.servertransaction.ResumeActivityItem.execute(ResumeActivityItem.java:52
)
04-06 14:19:36.447 30024 30024 E ActivityInjector: at
android.app.servertransaction.TransactionExecutor.executeLifecycleState(Transaction
Executor.java:176)
04-06 14:19:36.447 30024 30024 E ActivityInjector: at
android.app.servertransaction.TransactionExecutor.execute(TransactionExecutor.java:
97)
04-06 14:19:36.447 30024 30024 E ActivityInjector: at
android.app.ClientTransactionHandler.executeTransaction(ClientTransactionHandler.ja
va:57)
04-06 14:19:36.447 30024 30024 E ActivityInjector: at
android.app.ActivityThread.handleRelaunchActivityLocally(ActivityThread.java:5358)
04-06 14:19:36.447 30024 30024 E ActivityInjector: at
android.app.ActivityThread.access$3600(ActivityThread.java:230)
04-06 14:19:36.447 30024 30024 E ActivityInjector: at
android.app.ActivityThread$H.handleMessage(ActivityThread.java:2078)
04-06 14:19:36.447 30024 30024 E ActivityInjector: at
android.os.Handler.dispatchMessage(Handler.java:107)
04-06 14:19:36.447 30024 30024 E ActivityInjector: at
android.os.Looper.loop(Looper.java:224)
04-06 14:19:36.447 30024 30024 E ActivityInjector: at
android.app.ActivityThread.main(ActivityThread.java:7551)
04-06 14:19:36.447 30024 30024 E ActivityInjector: at
java.lang.reflect.Method.invoke(Native Method)
04-06 14:19:36.447 30024 30024 E ActivityInjector: at
com.android.internal.os.RuntimeInit$MethodAndArgsCaller.run(RuntimeInit.java:539)
04-06 14:19:36.447 30024 30024 E ActivityInjector: at
com.android.internal.os.ZygoteInit.main(ZygoteInit.java:995)
04-06 14:19:36.508 30024 30024 E GraphicExt:
GraphicExtModuleLoader::CreateGraphicExtInstance false
04-06 14:19:36.625 30024 30024 E RecyclerView: No adapter attached; skipping layout
04-06 14:19:36.645 30024 30024 W Looper : Slow Looper main: doFrame is 348ms late
because of 2 msg, msg 1 took 350ms (seq=7972 late=20ms
h=android.app.ActivityThread$H w=160)
04-06 14:19:36.722 30024 30024 E RecyclerView: No adapter attached; skipping layout
04-06 14:19:36.747 30024 30024 E ArmVmp : Match on catch block at 0x0a in for 0xd5
04-06 14:19:36.847 30024 30024 E ArmVmp : Match on catch block at 0x5b in for 0x89
04-06 14:19:36.852 30024 30024 E ArmVmp : Match on catch block at 0x5b in for 0x85
04-06 14:19:39.480 30024 30024 E GraphicExt:
GraphicExtModuleLoader::CreateGraphicExtInstance false
04-06 14:19:40.750 30024 30024 W ActivityThread: handleWindowVisibility: no
activity for token android.os.BinderProxy@bd5c6d5
04-06 14:19:40.908 30024 30024 E ArmVmp : Match on catch block at 0x0a in for 0xc5
04-06 14:19:40.910 30024 31525 W System : ClassLoader referenced unknown path:
system/framework/mediatek-cta.jar
04-06 14:19:40.911 30024 30024 E ArmVmp : Match on catch block at 0x0a in for 0xc1
04-06 14:19:40.966 30024 30024 E GraphicExt:
GraphicExtModuleLoader::CreateGraphicExtInstance false
04-06 14:19:40.969 30024 31525 W System : ClassLoader referenced unknown path:
system/framework/mediatek-cta.jar
04-06 14:19:41.097 30024 30024 W View : requestLayout() improperly called by
X.4rg{96a38a4 V.E....L. ......ID 0,280-1080,1260} during layout: running second
layout pass
04-06 14:19:41.097 30024 30024 W View : requestLayout() improperly called by
android.widget.LinearLayout{254460d V.E...... ......ID 338,3-1040,977 #7f0b0e50
app:id/main_layout} during layout: running second layout pass
04-06 14:19:41.097 30024 30024 W View : requestLayout() improperly called by
com.mbwhatsapp.conversation.conversationrow.ConversationRowImage$RowImageView{647f9
c2 VFED..CL. ......ID 11,11-691,963 #7f0b0c84 app:id/image} during layout: running
second layout pass
04-06 14:19:41.101 30024 30024 E ArmVmp : Match on catch block at 0xc3 in for 0xb1
04-06 14:19:41.107 30024 30024 E ArmVmp : Match on catch block at 0xc3 in for 0xb1
04-06 14:19:41.157 30024 30024 E ArmVmp : Match on catch block at 0xc3 in for 0xa5
04-06 14:19:41.161 30024 30024 E ArmVmp : Match on catch block at 0xc3 in for 0xa9
04-06 14:19:41.163 30024 30024 E ArmVmp : Match on catch block at 0xc3 in for 0xa9
04-06 14:19:41.182 30024 30024 W View : requestLayout() improperly called by
X.4rg{96a38a4 V.E....L. ......ID 0,280-1080,1260} during second layout pass:
posting in next frame
04-06 14:19:41.182 30024 30024 W View : requestLayout() improperly called by
android.widget.LinearLayout{254460d V.E...... .......D 338,3-1040,977 #7f0b0e50
app:id/main_layout} during second layout pass: posting in next frame
04-06 14:19:41.194 30024 30024 E ArmVmp : Match on catch block at 0xc3 in for 0xa5
04-06 14:19:41.196 30024 30024 E ArmVmp : Match on catch block at 0xc3 in for 0xa9
04-06 14:19:41.198 30024 30024 E ArmVmp : Match on catch block at 0xc3 in for 0xa9
04-06 14:19:41.214 30024 30024 E ArmVmp : Match on catch block at 0xc3 in for 0xa1
04-06 14:19:41.218 30024 30024 E ArmVmp : Match on catch block at 0xc3 in for 0xa5
04-06 14:19:41.237 30024 30024 E ArmVmp : Match on catch block at 0xc3 in for 0xa5
04-06 14:19:41.240 30024 30024 E ArmVmp : Match on catch block at 0xc3 in for 0xa9
04-06 14:19:41.242 30024 30024 E ArmVmp : Match on catch block at 0xc3 in for 0xa9
04-06 14:19:41.704 30024 30024 E ArmVmp : Match on catch block at 0xc3 in for 0xa1
04-06 14:19:41.710 30024 30024 E ArmVmp : Match on catch block at 0xc3 in for 0xa5
04-06 14:19:41.713 30024 30024 E ArmVmp : Match on catch block at 0xc3 in for 0xa5
04-06 14:19:41.736 30024 30024 E ArmVmp : Match on catch block at 0xc3 in for 0xa9
04-06 14:19:41.740 30024 30024 E ArmVmp : Match on catch block at 0xc3 in for 0xa1
04-06 14:19:41.742 30024 30024 E ArmVmp : Match on catch block at 0xc3 in for 0xa1
04-06 14:19:41.753 30024 30024 E ArmVmp : Match on catch block at 0xc3 in for 0xa5
04-06 14:19:41.757 30024 30024 E ArmVmp : Match on catch block at 0xc3 in for 0xa9
04-06 14:19:41.760 30024 30024 E ArmVmp : Match on catch block at 0xc3 in for 0xa9
04-06 14:19:41.770 30024 30024 E ArmVmp : Match on catch block at 0xc3 in for 0xa1
04-06 14:19:41.775 30024 30024 E ArmVmp : Match on catch block at 0xc3 in for 0xa5
04-06 14:19:41.778 30024 30024 E ArmVmp : Match on catch block at 0xc3 in for 0xa5
04-06 14:19:41.787 30024 30024 E ArmVmp : Match on catch block at 0xc3 in for 0xa9
04-06 14:19:41.793 30024 30024 E ArmVmp : Match on catch block at 0xc3 in for 0xa1
04-06 14:19:41.795 30024 30024 E ArmVmp : Match on catch block at 0xc3 in for 0xa1
04-06 14:19:41.803 30024 30024 E ArmVmp : Match on catch block at 0xc3 in for 0xa5
04-06 14:19:41.807 30024 30024 E ArmVmp : Match on catch block at 0xc3 in for 0xa9
04-06 14:19:41.810 30024 30024 E ArmVmp : Match on catch block at 0xc3 in for 0xa9
04-06 14:19:41.819 30024 30024 E ArmVmp : Match on catch block at 0xc3 in for 0xa1
04-06 14:19:41.825 30024 30024 E ArmVmp : Match on catch block at 0xc3 in for 0xa5
04-06 14:19:41.828 30024 30024 E ArmVmp : Match on catch block at 0xc3 in for 0xa5
04-06 14:19:41.837 30024 30024 E ArmVmp : Match on catch block at 0xc3 in for 0xa9
04-06 14:19:41.842 30024 30024 E ArmVmp : Match on catch block at 0xc3 in for 0xa1
04-06 14:19:41.845 30024 30024 E ArmVmp : Match on catch block at 0xc3 in for 0xa1
04-06 14:19:41.852 30024 30024 E ArmVmp : Match on catch block at 0xc3 in for 0xa5
04-06 14:19:41.856 30024 30024 E ArmVmp : Match on catch block at 0xc3 in for 0xa9
04-06 14:19:41.858 30024 30024 E ArmVmp : Match on catch block at 0xc3 in for 0xa9
04-06 14:19:41.870 30024 30024 E ArmVmp : Match on catch block at 0xc3 in for 0xa1
04-06 14:19:41.875 30024 30024 E ArmVmp : Match on catch block at 0xc3 in for 0xa5
04-06 14:19:41.878 30024 30024 E ArmVmp : Match on catch block at 0xc3 in for 0xa5
04-06 14:19:41.885 30024 30024 E ArmVmp : Match on catch block at 0xc3 in for 0xa9
04-06 14:19:41.890 30024 30024 E ArmVmp : Match on catch block at 0xc3 in for 0xa1
04-06 14:19:41.894 30024 30024 E ArmVmp : Match on catch block at 0xc3 in for 0xa1
04-06 14:19:41.903 30024 30024 E ArmVmp : Match on catch block at 0xc3 in for 0xa5
04-06 14:19:41.906 30024 30024 E ArmVmp : Match on catch block at 0xc3 in for 0xa9
04-06 14:19:41.908 30024 30024 E ArmVmp : Match on catch block at 0xc3 in for 0xa9
04-06 14:19:41.919 30024 30024 E ArmVmp : Match on catch block at 0xc3 in for 0xa1
04-06 14:19:41.922 30024 30024 E ArmVmp : Match on catch block at 0xc3 in for 0xa5
04-06 14:19:41.924 30024 30024 E ArmVmp : Match on catch block at 0xc3 in for 0xa5
04-06 14:19:41.937 30024 30024 E ArmVmp : Match on catch block at 0xc3 in for 0xa9
04-06 14:19:41.941 30024 30024 E ArmVmp : Match on catch block at 0xc3 in for 0xa1
04-06 14:19:41.945 30024 30024 E ArmVmp : Match on catch block at 0xc3 in for 0xa1
04-06 14:19:41.952 30024 30024 E ArmVmp : Match on catch block at 0xc3 in for 0xa5
04-06 14:19:41.956 30024 30024 E ArmVmp : Match on catch block at 0xc3 in for 0xa9
04-06 14:19:41.958 30024 30024 E ArmVmp : Match on catch block at 0xc3 in for 0xa9
04-06 14:19:41.968 30024 30024 E ArmVmp : Match on catch block at 0xc3 in for 0xa1
04-06 14:19:41.972 30024 30024 E ArmVmp : Match on catch block at 0xc3 in for 0xa5
04-06 14:19:41.973 30024 30024 E ArmVmp : Match on catch block at 0xc3 in for 0xa5
04-06 14:19:41.986 30024 30024 E ArmVmp : Match on catch block at 0xc3 in for 0xa9
04-06 14:19:41.991 30024 30024 E ArmVmp : Match on catch block at 0xc3 in for 0xa1
04-06 14:19:41.993 30024 30024 E ArmVmp : Match on catch block at 0xc3 in for 0xa1
04-06 14:19:42.002 30024 30024 E ArmVmp : Match on catch block at 0xc3 in for 0xa5
04-06 14:19:42.005 30024 30024 E ArmVmp : Match on catch block at 0xc3 in for 0xa9
04-06 14:19:42.007 30024 30024 E ArmVmp : Match on catch block at 0xc3 in for 0xa9
04-06 14:19:42.019 30024 30024 E ArmVmp : Match on catch block at 0xc3 in for 0xa1
04-06 14:19:42.022 30024 30024 E ArmVmp : Match on catch block at 0xc3 in for 0xa5
04-06 14:19:42.023 30024 30024 E ArmVmp : Match on catch block at 0xc3 in for 0xa5
04-06 14:19:42.035 30024 30024 E ArmVmp : Match on catch block at 0xc3 in for 0xa9
04-06 14:19:42.037 30024 30024 E ArmVmp : Match on catch block at 0xc3 in for 0xa1
04-06 14:19:42.039 30024 30024 E ArmVmp : Match on catch block at 0xc3 in for 0xa1
04-06 14:19:42.052 30024 30024 E ArmVmp : Match on catch block at 0xc3 in for 0xa5
04-06 14:19:42.056 30024 30024 E ArmVmp : Match on catch block at 0xc3 in for 0xa9
04-06 14:19:42.058 30024 30024 E ArmVmp : Match on catch block at 0xc3 in for 0xa9
04-06 14:19:42.203 30024 30024 E ArmVmp : Match on catch block at 0xc3 in for 0xa1
04-06 14:19:42.207 30024 30024 E ArmVmp : Match on catch block at 0xc3 in for 0xa5
04-06 14:19:42.211 30024 30024 E ArmVmp : Match on catch block at 0xc3 in for 0xa5
04-06 14:19:42.420 30024 30024 E ArmVmp : Match on catch block at 0xc3 in for 0xa9
04-06 14:19:42.423 30024 30024 E ArmVmp : Match on catch block at 0xc3 in for 0xa1
04-06 14:19:42.427 30024 30024 E ArmVmp : Match on catch block at 0xc3 in for 0xa1
04-06 14:19:42.435 30024 30024 E ArmVmp : Match on catch block at 0xc3 in for 0xa5
04-06 14:19:42.440 30024 30024 E ArmVmp : Match on catch block at 0xc3 in for 0xa9
04-06 14:19:42.444 30024 30024 E ArmVmp : Match on catch block at 0xc3 in for 0xa9
04-06 14:19:42.603 30024 30024 E ArmVmp : Match on catch block at 0xc3 in for 0xa1
04-06 14:19:42.605 30024 30024 E ArmVmp : Match on catch block at 0xc3 in for 0xa5
04-06 14:19:42.607 30024 30024 E ArmVmp : Match on catch block at 0xc3 in for 0xa5
04-06 14:19:42.619 30024 30024 E ArmVmp : Match on catch block at 0xc3 in for 0xa9
04-06 14:19:42.621 30024 30024 E ArmVmp : Match on catch block at 0xc3 in for 0xa1
04-06 14:19:42.623 30024 30024 E ArmVmp : Match on catch block at 0xc3 in for 0xa1
04-06 14:19:42.637 30024 30024 E ArmVmp : Match on catch block at 0xc3 in for 0xa5
04-06 14:19:42.640 30024 30024 E ArmVmp : Match on catch block at 0xc3 in for 0xa9
04-06 14:19:42.641 30024 30024 E ArmVmp : Match on catch block at 0xc3 in for 0xa9
04-06 14:19:42.652 30024 30024 E ArmVmp : Match on catch block at 0xc3 in for 0xa1
04-06 14:19:42.657 30024 30024 E ArmVmp : Match on catch block at 0xc3 in for 0xa5
04-06 14:19:42.659 30024 30024 E ArmVmp : Match on catch block at 0xc3 in for 0xa5
04-06 14:19:42.672 30024 30024 E ArmVmp : Match on catch block at 0xc3 in for 0xa9
04-06 14:19:42.677 30024 30024 E ArmVmp : Match on catch block at 0xc3 in for 0xa1
04-06 14:19:42.680 30024 30024 E ArmVmp : Match on catch block at 0xc3 in for 0xa1
04-06 14:19:42.686 30024 30024 E ArmVmp : Match on catch block at 0xc3 in for 0xa5
04-06 14:19:42.689 30024 30024 E ArmVmp : Match on catch block at 0xc3 in for 0xa9
04-06 14:19:42.692 30024 30024 E ArmVmp : Match on catch block at 0xc3 in for 0xa9
04-06 14:19:42.705 30024 30024 E ArmVmp : Match on catch block at 0xc3 in for 0xa1
04-06 14:19:42.709 30024 30024 E ArmVmp : Match on catch block at 0xc3 in for 0xa5
04-06 14:19:42.712 30024 30024 E ArmVmp : Match on catch block at 0xc3 in for 0xa5
04-06 14:19:42.721 30024 30024 E ArmVmp : Match on catch block at 0xc3 in for 0xa9
04-06 14:19:42.727 30024 30024 E ArmVmp : Match on catch block at 0xc3 in for 0xa1
04-06 14:19:42.730 30024 30024 E ArmVmp : Match on catch block at 0xc3 in for 0xa1
04-06 14:19:42.736 30024 30024 E ArmVmp : Match on catch block at 0xc3 in for 0xa1
04-06 14:19:42.741 30024 30024 E ArmVmp : Match on catch block at 0xc3 in for 0xa5
04-06 14:19:42.754 30024 30024 E ArmVmp : Match on catch block at 0xc3 in for 0xa5
04-06 14:19:42.757 30024 30024 E ArmVmp : Match on catch block at 0xc3 in for 0xa9
04-06 14:19:42.771 30024 30024 E ArmVmp : Match on catch block at 0xc3 in for 0xa9
04-06 14:19:42.774 30024 30024 E ArmVmp : Match on catch block at 0xc3 in for 0xa1
04-06 14:19:42.780 30024 30024 E ArmVmp : Match on catch block at 0xc3 in for 0xa1
04-06 14:19:42.787 30024 30024 E ArmVmp : Match on catch block at 0xc3 in for 0xa1
04-06 14:19:42.793 30024 30024 E ArmVmp : Match on catch block at 0xc3 in for 0xa5
04-06 14:19:42.796 30024 30024 E ArmVmp : Match on catch block at 0xc3 in for 0xa5
04-06 14:19:42.804 30024 30024 E ArmVmp : Match on catch block at 0xc3 in for 0xa5
04-06 14:19:42.807 30024 30024 E ArmVmp : Match on catch block at 0xc3 in for 0xa9
04-06 14:19:42.819 30024 30024 E ArmVmp : Match on catch block at 0xc3 in for 0xa9
04-06 14:19:42.822 30024 30024 E ArmVmp : Match on catch block at 0xc3 in for 0xa1
04-06 14:19:42.824 30024 30024 E ArmVmp : Match on catch block at 0xc3 in for 0xa1
04-06 14:19:42.836 30024 30024 E ArmVmp : Match on catch block at 0xc3 in for 0xa1
04-06 14:19:42.839 30024 30024 E ArmVmp : Match on catch block at 0xc3 in for 0xa5
04-06 14:19:42.841 30024 30024 E ArmVmp : Match on catch block at 0xc3 in for 0xa5
04-06 14:19:42.853 30024 30024 E ArmVmp : Match on catch block at 0xc3 in for 0xa5
04-06 14:19:42.856 30024 30024 E ArmVmp : Match on catch block at 0xc3 in for 0xa9
04-06 14:19:42.858 30024 30024 E ArmVmp : Match on catch block at 0xc3 in for 0xa9
04-06 14:19:42.870 30024 30024 E ArmVmp : Match on catch block at 0xc3 in for 0xa9
04-06 14:19:42.874 30024 30024 E ArmVmp : Match on catch block at 0xc3 in for 0xa1
04-06 14:19:42.888 30024 30024 E ArmVmp : Match on catch block at 0xc3 in for 0xa1
04-06 14:19:42.893 30024 30024 E ArmVmp : Match on catch block at 0xc3 in for 0xa5
04-06 14:19:42.896 30024 30024 E ArmVmp : Match on catch block at 0xc3 in for 0xa5
04-06 14:19:42.904 30024 30024 E ArmVmp : Match on catch block at 0xc3 in for 0xa9
04-06 14:19:42.908 30024 30024 E ArmVmp : Match on catch block at 0xc3 in for 0xa1
04-06 14:19:42.911 30024 30024 E ArmVmp : Match on catch block at 0xc3 in for 0xa1
04-06 14:19:42.921 30024 30024 E ArmVmp : Match on catch block at 0xc3 in for 0xa9
04-06 14:19:42.927 30024 30024 E ArmVmp : Match on catch block at 0xc3 in for 0xa1
04-06 14:19:42.929 30024 30024 E ArmVmp : Match on catch block at 0xc3 in for 0xa1
04-06 14:19:42.936 30024 30024 E ArmVmp : Match on catch block at 0xc3 in for 0xa9
04-06 14:19:42.939 30024 30024 E ArmVmp : Match on catch block at 0xc3 in for 0xa1
04-06 14:19:42.942 30024 30024 E ArmVmp : Match on catch block at 0xc3 in for 0xa1
04-06 14:19:42.952 30024 30024 E ArmVmp : Match on catch block at 0xc3 in for 0xa9
04-06 14:19:42.956 30024 30024 E ArmVmp : Match on catch block at 0xc3 in for 0xa1
04-06 14:19:42.959 30024 30024 E ArmVmp : Match on catch block at 0xc3 in for 0xa1
04-06 14:19:42.969 30024 30024 E ArmVmp : Match on catch block at 0xc3 in for 0xa9
04-06 14:19:42.973 30024 30024 E ArmVmp : Match on catch block at 0xc3 in for 0xa1
04-06 14:19:42.975 30024 30024 E ArmVmp : Match on catch block at 0xc3 in for 0xa1
04-06 14:19:42.986 30024 30024 E ArmVmp : Match on catch block at 0xc3 in for 0xa9
04-06 14:19:42.991 30024 30024 E ArmVmp : Match on catch block at 0xc3 in for 0xa1
04-06 14:19:42.994 30024 30024 E ArmVmp : Match on catch block at 0xc3 in for 0xa1
04-06 14:19:43.003 30024 30024 E ArmVmp : Match on catch block at 0xc3 in for 0xa9
04-06 14:19:43.007 30024 30024 E ArmVmp : Match on catch block at 0xc3 in for 0xa1
04-06 14:19:43.009 30024 30024 E ArmVmp : Match on catch block at 0xc3 in for 0xa1
04-06 14:19:43.020 30024 30024 E ArmVmp : Match on catch block at 0xc3 in for 0xa9
04-06 14:19:43.025 30024 30024 E ArmVmp : Match on catch block at 0xc3 in for 0xa1
04-06 14:19:43.029 30024 30024 E ArmVmp : Match on catch block at 0xc3 in for 0xa1
04-06 14:19:43.037 30024 30024 E ArmVmp : Match on catch block at 0xc3 in for 0xa9
04-06 14:19:43.042 30024 30024 E ArmVmp : Match on catch block at 0xc3 in for 0xa1
04-06 14:19:43.044 30024 30024 E ArmVmp : Match on catch block at 0xc3 in for 0xa1
04-06 14:19:43.052 30024 30024 E ArmVmp : Match on catch block at 0xc3 in for 0xa9
04-06 14:19:43.057 30024 30024 E ArmVmp : Match on catch block at 0xc3 in for 0xa1
04-06 14:19:43.060 30024 30024 E ArmVmp : Match on catch block at 0xc3 in for 0xa1
04-06 14:19:43.070 30024 30024 E ArmVmp : Match on catch block at 0xc3 in for 0xa9
04-06 14:19:43.075 30024 30024 E ArmVmp : Match on catch block at 0xc3 in for 0xa1
04-06 14:19:43.078 30024 30024 E ArmVmp : Match on catch block at 0xc3 in for 0xa1
04-06 14:19:43.087 30024 30024 E ArmVmp : Match on catch block at 0xc3 in for 0xa9
04-06 14:19:43.092 30024 30024 E ArmVmp : Match on catch block at 0xc3 in for 0xa1
04-06 14:19:43.096 30024 30024 E ArmVmp : Match on catch block at 0xc3 in for 0xa1
04-06 14:19:43.103 30024 30024 E ArmVmp : Match on catch block at 0xc3 in for 0xa1
04-06 14:19:43.106 30024 30024 E ArmVmp : Match on catch block at 0xc3 in for 0xa5
04-06 14:19:43.110 30024 30024 E ArmVmp : Match on catch block at 0xc3 in for 0xa5
04-06 14:19:43.119 30024 30024 E ArmVmp : Match on catch block at 0xc3 in for 0xa9
04-06 14:19:43.123 30024 30024 E ArmVmp : Match on catch block at 0xc3 in for 0xa1
04-06 14:19:43.126 30024 30024 E ArmVmp : Match on catch block at 0xc3 in for 0xa1
04-06 14:19:43.135 30024 30024 E ArmVmp : Match on catch block at 0xc3 in for 0xa5
04-06 14:19:43.139 30024 30024 E ArmVmp : Match on catch block at 0xc3 in for 0xa9
04-06 14:19:43.142 30024 30024 E ArmVmp : Match on catch block at 0xc3 in for 0xa9
04-06 14:19:43.152 30024 30024 E ArmVmp : Match on catch block at 0xc3 in for 0xa1
04-06 14:19:43.156 30024 30024 E ArmVmp : Match on catch block at 0xc3 in for 0xa5
04-06 14:19:43.159 30024 30024 E ArmVmp : Match on catch block at 0xc3 in for 0xa5
04-06 14:19:43.170 30024 30024 E ArmVmp : Match on catch block at 0xc3 in for 0xa9
04-06 14:19:43.174 30024 30024 E ArmVmp : Match on catch block at 0xc3 in for 0xa1
04-06 14:19:43.177 30024 30024 E ArmVmp : Match on catch block at 0xc3 in for 0xa1
04-06 14:19:43.185 30024 30024 E ArmVmp : Match on catch block at 0xc3 in for 0xa5
04-06 14:19:43.189 30024 30024 E ArmVmp : Match on catch block at 0xc3 in for 0xa9
04-06 14:19:43.192 30024 30024 E ArmVmp : Match on catch block at 0xc3 in for 0xa9
04-06 14:19:43.203 30024 30024 E ArmVmp : Match on catch block at 0xc3 in for 0xa1
04-06 14:19:43.208 30024 30024 E ArmVmp : Match on catch block at 0xc3 in for 0xa5
04-06 14:19:43.211 30024 30024 E ArmVmp : Match on catch block at 0xc3 in for 0xa5
04-06 14:19:43.219 30024 30024 E ArmVmp : Match on catch block at 0xc3 in for 0xa9
04-06 14:19:43.224 30024 30024 E ArmVmp : Match on catch block at 0xc3 in for 0xa1
04-06 14:19:43.229 30024 30024 E ArmVmp : Match on catch block at 0xc3 in for 0xa1
04-06 14:19:43.237 30024 30024 E ArmVmp : Match on catch block at 0xc3 in for 0xa5
04-06 14:19:43.243 30024 30024 E ArmVmp : Match on catch block at 0xc3 in for 0xa9
04-06 14:19:43.246 30024 30024 E ArmVmp : Match on catch block at 0xc3 in for 0xa9
04-06 14:19:43.254 30024 30024 E ArmVmp : Match on catch block at 0xc3 in for 0xa1
04-06 14:19:43.260 30024 30024 E ArmVmp : Match on catch block at 0xc3 in for 0xa5
04-06 14:19:43.263 30024 30024 E ArmVmp : Match on catch block at 0xc3 in for 0xa5
04-06 14:19:43.269 30024 30024 E ArmVmp : Match on catch block at 0xc3 in for 0xa9
04-06 14:19:43.275 30024 30024 E ArmVmp : Match on catch block at 0xc3 in for 0xa1
04-06 14:19:43.279 30024 30024 E ArmVmp : Match on catch block at 0xc3 in for 0xa1
