04-06 14:22:55.734 30024 30024 E ArmVmp : Match on catch block at 0xc3 in for 0xa5
04-06 14:22:55.746 30024 30024 E ArmVmp : Match on catch block at 0xc3 in for 0xa1
04-06 14:22:55.750 30024 30024 E ArmVmp : Match on catch block at 0xc3 in for 0xa5
04-06 14:22:55.764 30024 30024 E ArmVmp : Match on catch block at 0xc3 in for 0xa1
04-06 14:22:55.770 30024 30024 E ArmVmp : Match on catch block at 0xc3 in for 0xa5
04-06 14:22:55.779 30024 30024 E ArmVmp : Match on catch block at 0xc3 in for 0xa1
04-06 14:22:55.785 30024 30024 E ArmVmp : Match on catch block at 0xc3 in for 0xa5
04-06 14:22:55.797 30024 30024 E ArmVmp : Match on catch block at 0xc3 in for 0xa1
04-06 14:22:55.802 30024 30024 E ArmVmp : Match on catch block at 0xc3 in for 0xa5
04-06 14:22:55.813 30024 30024 E ArmVmp : Match on catch block at 0xc3 in for 0xa1
04-06 14:22:55.818 30024 30024 E ArmVmp : Match on catch block at 0xc3 in for 0xa5
04-06 14:22:55.830 30024 30024 E ArmVmp : Match on catch block at 0xc3 in for 0xa1
04-06 14:22:55.834 30024 30024 E ArmVmp : Match on catch block at 0xc3 in for 0xa5
04-06 14:22:55.847 30024 30024 E ArmVmp : Match on catch block at 0xc3 in for 0xa1
04-06 14:22:55.851 30024 30024 E ArmVmp : Match on catch block at 0xc3 in for 0xa5
04-06 14:22:55.863 30024 30024 E ArmVmp : Match on catch block at 0xc3 in for 0xa1
04-06 14:22:55.868 30024 30024 E ArmVmp : Match on catch block at 0xc3 in for 0xa5
04-06 14:22:55.880 30024 30024 E ArmVmp : Match on catch block at 0xc3 in for 0xa1
04-06 14:22:55.886 30024 30024 E ArmVmp : Match on catch block at 0xc3 in for 0xa5
04-06 14:22:55.897 30024 30024 E ArmVmp : Match on catch block at 0xc3 in for 0xa1
04-06 14:22:55.903 30024 30024 E ArmVmp : Match on catch block at 0xc3 in for 0xa5
04-06 14:22:55.913 30024 30024 E ArmVmp : Match on catch block at 0xc3 in for 0xa9
04-06 14:22:55.917 30024 30024 E ArmVmp : Match on catch block at 0xc3 in for 0xa1
04-06 14:22:55.929 30024 30024 E ArmVmp : Match on catch block at 0xc3 in for 0xa9
04-06 14:22:55.934 30024 30024 E ArmVmp : Match on catch block at 0xc3 in for 0xa1
04-06 14:22:55.948 30024 30024 E ArmVmp : Match on catch block at 0xc3 in for 0xa9
04-06 14:22:55.954 30024 30024 E ArmVmp : Match on catch block at 0xc3 in for 0xa1
04-06 14:22:55.962 30024 30024 E ArmVmp : Match on catch block at 0xc3 in for 0xa9
04-06 14:22:55.968 30024 30024 E ArmVmp : Match on catch block at 0xc3 in for 0xa1
04-06 14:22:55.980 30024 30024 E ArmVmp : Match on catch block at 0xc3 in for 0xa9
04-06 14:22:55.984 30024 30024 E ArmVmp : Match on catch block at 0xc3 in for 0xa1
04-06 14:22:55.998 30024 30024 E ArmVmp : Match on catch block at 0xc3 in for 0xa9
04-06 14:22:56.003 30024 30024 E ArmVmp : Match on catch block at 0xc3 in for 0xa1
04-06 14:22:56.012 30024 30024 E ArmVmp : Match on catch block at 0xc3 in for 0xa9
04-06 14:22:56.016 30024 30024 E ArmVmp : Match on catch block at 0xc3 in for 0xa1
04-06 14:22:56.031 30024 30024 E ArmVmp : Match on catch block at 0xc3 in for 0xa9
04-06 14:22:56.036 30024 30024 E ArmVmp : Match on catch block at 0xc3 in for 0xa1
04-06 14:22:56.046 30024 30024 E ArmVmp : Match on catch block at 0xc3 in for 0xa1
04-06 14:22:56.052 30024 30024 E ArmVmp : Match on catch block at 0xc3 in for 0xa5
04-06 14:22:56.250 30024 31152 W AudioTrack: createTrack_l(141):
AUDIO_OUTPUT_FLAG_FAST denied by server; frameCount 0 -> 11000
04-06 14:22:56.301 30024 30024 E ArmVmp : Match on catch block at 0xc3 in for 0xa9
04-06 14:22:56.308 30024 30024 E ArmVmp : Match on catch block at 0xc3 in for 0xa1
04-06 14:22:56.323 30024 30024 E ArmVmp : Match on catch block at 0xc3 in for 0xa9
04-06 14:22:56.328 30024 30024 E ArmVmp : Match on catch block at 0xc3 in for 0xa1
04-06 14:22:56.336 30024 30024 E ArmVmp : Match on catch block at 0xc3 in for 0xa1
04-06 14:22:56.341 30024 30024 E ArmVmp : Match on catch block at 0xc3 in for 0xa5
04-06 14:22:56.359 30024 30024 E ArmVmp : Match on catch block at 0xc3 in for 0xa5
04-06 14:22:56.365 30024 30024 E ArmVmp : Match on catch block at 0xc3 in for 0xa9
04-06 14:22:56.410 30024 30024 E ArmVmp : Match on catch block at 0xc3 in for 0xa1
04-06 14:22:56.412 30024 30024 E ArmVmp : Match on catch block at 0xc3 in for 0xa5
04-06 14:22:56.422 30024 30024 E ArmVmp : Match on catch block at 0xc3 in for 0xa1
04-06 14:22:56.424 30024 30024 E ArmVmp : Match on catch block at 0xc3 in for 0xa5
04-06 14:22:56.434 30024 30024 E ArmVmp : Match on catch block at 0xc3 in for 0xa5
04-06 14:22:56.438 30024 30024 E ArmVmp : Match on catch block at 0xc3 in for 0xa9
04-06 14:22:56.445 30024 30024 E ArmVmp : Match on catch block at 0xc3 in for 0xa5
04-06 14:22:56.448 30024 30024 E ArmVmp : Match on catch block at 0xc3 in for 0xa9
04-06 14:22:56.463 30024 30024 E ArmVmp : Match on catch block at 0xc3 in for 0xa5
04-06 14:22:56.467 30024 30024 E ArmVmp : Match on catch block at 0xc3 in for 0xa9
04-06 14:22:56.480 30024 30024 E ArmVmp : Match on catch block at 0xc3 in for 0xa5
04-06 14:22:56.484 30024 30024 E ArmVmp : Match on catch block at 0xc3 in for 0xa9
04-06 14:22:56.495 30024 30024 E ArmVmp : Match on catch block at 0xc3 in for 0xa5
04-06 14:22:56.499 30024 30024 E ArmVmp : Match on catch block at 0xc3 in for 0xa9
04-06 14:22:56.513 30024 30024 E ArmVmp : Match on catch block at 0xc3 in for 0xa5
04-06 14:22:56.520 30024 30024 E ArmVmp : Match on catch block at 0xc3 in for 0xa9
04-06 14:22:56.529 30024 30024 E ArmVmp : Match on catch block at 0xc3 in for 0xa5
04-06 14:22:56.533 30024 30024 E ArmVmp : Match on catch block at 0xc3 in for 0xa9
04-06 14:22:56.548 30024 30024 E ArmVmp : Match on catch block at 0xc3 in for 0xa5
04-06 14:22:56.554 30024 30024 E ArmVmp : Match on catch block at 0xc3 in for 0xa9
04-06 14:22:56.562 30024 30024 E ArmVmp : Match on catch block at 0xc3 in for 0xa5
04-06 14:22:56.566 30024 30024 E ArmVmp : Match on catch block at 0xc3 in for 0xa9
04-06 14:22:56.581 30024 30024 E ArmVmp : Match on catch block at 0xc3 in for 0xa5
04-06 14:22:56.588 30024 30024 E ArmVmp : Match on catch block at 0xc3 in for 0xa9
04-06 14:22:56.595 30024 30024 E ArmVmp : Match on catch block at 0xc3 in for 0xa5
04-06 14:22:56.599 30024 30024 E ArmVmp : Match on catch block at 0xc3 in for 0xa9
04-06 14:22:56.614 30024 30024 E ArmVmp : Match on catch block at 0xc3 in for 0xa5
04-06 14:22:56.620 30024 30024 E ArmVmp : Match on catch block at 0xc3 in for 0xa9
04-06 14:22:56.629 30024 30024 E ArmVmp : Match on catch block at 0xc3 in for 0xa5
04-06 14:22:56.633 30024 30024 E ArmVmp : Match on catch block at 0xc3 in for 0xa9
04-06 14:22:56.647 30024 30024 E ArmVmp : Match on catch block at 0xc3 in for 0xa5
04-06 14:22:56.648 30024 1801 W System : ClassLoader referenced unknown path:
system/framework/mediatek-cta.jar
04-06 14:22:56.650 30024 1801 W System : ClassLoader referenced unknown path:
system/framework/mediatek-cta.jar
04-06 14:22:56.653 30024 30024 E ArmVmp : Match on catch block at 0xc3 in for 0xa9
04-06 14:22:56.662 30024 30024 E ArmVmp : Match on catch block at 0xc3 in for 0xa5
04-06 14:22:56.668 30024 30024 E ArmVmp : Match on catch block at 0xc3 in for 0xa9
04-06 14:22:56.679 30024 30024 E ArmVmp : Match on catch block at 0xc3 in for 0xa5
04-06 14:22:56.683 30024 30024 E ArmVmp : Match on catch block at 0xc3 in for 0xa9
04-06 14:22:56.696 30024 30024 E ArmVmp : Match on catch block at 0xc3 in for 0xa5
04-06 14:22:56.700 30024 30024 E ArmVmp : Match on catch block at 0xc3 in for 0xa9
04-06 14:22:56.716 30024 30024 E ArmVmp : Match on catch block at 0xc3 in for 0xa5
04-06 14:22:56.720 30024 30024 E ArmVmp : Match on catch block at 0xc3 in for 0xa9
04-06 14:22:56.729 30024 30024 E ArmVmp : Match on catch block at 0xc3 in for 0xa5
04-06 14:22:56.733 30024 30024 E ArmVmp : Match on catch block at 0xc3 in for 0xa9
04-06 14:22:56.746 30024 30024 E ArmVmp : Match on catch block at 0xc3 in for 0xa5
04-06 14:22:56.751 30024 30024 E ArmVmp : Match on catch block at 0xc3 in for 0xa9
04-06 14:22:56.762 30024 30024 E ArmVmp : Match on catch block at 0xc3 in for 0xa5
04-06 14:22:56.766 30024 30024 E ArmVmp : Match on catch block at 0xc3 in for 0xa9
04-06 14:22:56.780 30024 30024 E ArmVmp : Match on catch block at 0xc3 in for 0xa5
04-06 14:22:56.783 30024 30024 E ArmVmp : Match on catch block at 0xc3 in for 0xa9
04-06 14:22:56.798 30024 30024 E ArmVmp : Match on catch block at 0xc3 in for 0xa5
04-06 14:22:56.803 30024 30024 E ArmVmp : Match on catch block at 0xc3 in for 0xa9
04-06 14:22:56.812 30024 30024 E ArmVmp : Match on catch block at 0xc3 in for 0xa5
04-06 14:22:56.816 30024 30024 E ArmVmp : Match on catch block at 0xc3 in for 0xa9
04-06 14:22:56.831 30024 30024 E ArmVmp : Match on catch block at 0xc3 in for 0xa5
04-06 14:22:56.837 30024 30024 E ArmVmp : Match on catch block at 0xc3 in for 0xa9
04-06 14:22:56.847 30024 30024 E ArmVmp : Match on catch block at 0xc3 in for 0xa5
04-06 14:22:56.853 30024 30024 E ArmVmp : Match on catch block at 0xc3 in for 0xa9
04-06 14:22:56.863 30024 30024 E ArmVmp : Match on catch block at 0xc3 in for 0xa5
04-06 14:22:56.868 30024 30024 E ArmVmp : Match on catch block at 0xc3 in for 0xa9
04-06 14:22:56.880 30024 30024 E ArmVmp : Match on catch block at 0xc3 in for 0xa5
04-06 14:22:56.885 30024 30024 E ArmVmp : Match on catch block at 0xc3 in for 0xa9
04-06 14:22:56.897 30024 30024 E ArmVmp : Match on catch block at 0xc3 in for 0xa5
04-06 14:22:56.903 30024 30024 E ArmVmp : Match on catch block at 0xc3 in for 0xa9
04-06 14:22:56.914 30024 30024 E ArmVmp : Match on catch block at 0xc3 in for 0xa5
04-06 14:22:56.919 30024 30024 E ArmVmp : Match on catch block at 0xc3 in for 0xa9
04-06 14:22:56.929 30024 30024 E ArmVmp : Match on catch block at 0xc3 in for 0xa5
04-06 14:22:56.934 30024 30024 E ArmVmp : Match on catch block at 0xc3 in for 0xa9
04-06 14:22:56.948 30024 30024 E ArmVmp : Match on catch block at 0xc3 in for 0xa5
04-06 14:22:56.954 30024 30024 E ArmVmp : Match on catch block at 0xc3 in for 0xa9
04-06 14:22:56.962 30024 30024 E ArmVmp : Match on catch block at 0xc3 in for 0xa5
04-06 14:22:56.967 30024 30024 E ArmVmp : Match on catch block at 0xc3 in for 0xa9
04-06 14:22:56.980 30024 30024 E ArmVmp : Match on catch block at 0xc3 in for 0xa5
04-06 14:22:56.986 30024 30024 E ArmVmp : Match on catch block at 0xc3 in for 0xa9
04-06 14:22:56.996 30024 30024 E ArmVmp : Match on catch block at 0xc3 in for 0xa5
04-06 14:22:57.002 30024 30024 E ArmVmp : Match on catch block at 0xc3 in for 0xa9
04-06 14:22:57.013 30024 30024 E ArmVmp : Match on catch block at 0xc3 in for 0xa5
04-06 14:22:57.017 30024 30024 E ArmVmp : Match on catch block at 0xc3 in for 0xa9
04-06 14:22:57.024 30024 30071 E SQLiteDatabase: Error inserting transferred=1
media_job_uuid=859e8139-f598-4d72-b92f-2abb93b74b94 transcoded=0 gif_attribution=0
first_scan_length=0 direct_path=/v/t62.7117-
24/29670337_1571804670345030_1699429563799670097_n.enc?ccb=11-
4&oh=01_ASBzYeikI5KdpJKL8M_np9r2S-gR1Q36cp_nggODXIgXew&oe=6638DAF0&_nc_sid=5e03e0
thumbnail_height_width_ratio=0.0 is_animated_sticker=0
file_hash=Pihrqe1CN4ReQtR1uV2zFiAPLqNE+GszqlVOrW2wcB0= file_path=Media/MBWhatsApp
Voice Notes/202414/PTT-20240406-WA0014.opus file_size=0 partial_media_hash=null
face_x=0 face_y=0 height=0 trim_to=0 media_key_timestamp=1712424150759
message_url=https://mmg.whatsapp.net/v/t62.7117-
24/29670337_1571804670345030_1699429563799670097_n.enc?ccb=11-
4&oh=01_ASBzYeikI5KdpJKL8M_np9r2S-
gR1Q36cp_nggODXIgXew&oe=6638DAF0&_nc_sid=5e03e0&mms3=true media_caption=null
trim_from=0 mime_type=audio/ogg; codecs=opus partial_media_enc_hash=null width=0
original_file_hash=null has_streaming_sidecar=0 autotransfer_retry_enabled=0
media_upload_handle=null message_row_id=55 multicast_id=null
enc_file_hash=wo0vC3BYvr7UrqGQ50J7I64MlCRKCSEbo5gxm3WrXcA= mute_video=0
page_count=0 first_scan_sidecar=null suspicious_content=0 file_length=67514
media_name=c81659a0b27c4d0bb06ff30c4963c1d5.opus media_duration=28 chat_row_id=8
media_key=[B@67de3a8
04-06 14:22:57.024 30024 30071 E SQLiteDatabase:
android.database.sqlite.SQLiteConstraintException: UNIQUE constraint failed:
message_media.message_row_id (code 1555 SQLITE_CONSTRAINT_PRIMARYKEY)
04-06 14:22:57.024 30024 30071 E SQLiteDatabase: at
android.database.sqlite.SQLiteConnection.nativeExecuteForLastInsertedRowId(Native
Method)
04-06 14:22:57.024 30024 30071 E SQLiteDatabase: at
android.database.sqlite.SQLiteConnection.executeForLastInsertedRowId(SQLiteConnecti
on.java:879)
04-06 14:22:57.024 30024 30071 E SQLiteDatabase: at
android.database.sqlite.SQLiteSession.executeForLastInsertedRowId(SQLiteSession.jav
a:790)
04-06 14:22:57.024 30024 30071 E SQLiteDatabase: at
android.database.sqlite.SQLiteStatement.executeInsert(SQLiteStatement.java:88)
04-06 14:22:57.024 30024 30071 E SQLiteDatabase: at
android.database.sqlite.SQLiteDatabase.insertWithOnConflict(SQLiteDatabase.java:159
9)
04-06 14:22:57.024 30024 30071 E SQLiteDatabase: at
android.database.sqlite.SQLiteDatabase.insert(SQLiteDatabase.java:1468)
04-06 14:22:57.024 30024 30071 E SQLiteDatabase: at X.2tm.A08(Unknown
Source:6)
04-06 14:22:57.024 30024 30071 E SQLiteDatabase: at X.35Y.A07(Unknown
Source:212)
04-06 14:22:57.024 30024 30071 E SQLiteDatabase: at X.3QF.A14(Unknown
Source:470)
04-06 14:22:57.024 30024 30071 E SQLiteDatabase: at X.3gU.run(Unknown
Source:982)
04-06 14:22:57.024 30024 30071 E SQLiteDatabase: at
android.os.Handler.handleCallback(Handler.java:914)
04-06 14:22:57.024 30024 30071 E SQLiteDatabase: at
android.os.Handler.dispatchMessage(Handler.java:100)
04-06 14:22:57.024 30024 30071 E SQLiteDatabase: at
X.0zq.dispatchMessage(Unknown Source:4)
04-06 14:22:57.024 30024 30071 E SQLiteDatabase: at
android.os.Looper.loop(Looper.java:224)
04-06 14:22:57.024 30024 30071 E SQLiteDatabase: at
android.os.HandlerThread.run(HandlerThread.java:67)
04-06 14:22:57.030 30024 30024 E ArmVmp : Match on catch block at 0xc3 in for 0xa9
04-06 14:22:57.037 30024 30024 E ArmVmp : Match on catch block at 0xc3 in for 0xa1
04-06 14:22:57.054 30024 30024 E ArmVmp : Match on catch block at 0xc3 in for 0xa1
04-06 14:22:57.059 30024 30024 E ArmVmp : Match on catch block at 0xc3 in for 0xa5
04-06 14:22:57.067 30024 30024 E ArmVmp : Match on catch block at 0xc3 in for 0xa1
04-06 14:22:57.071 30024 30024 E ArmVmp : Match on catch block at 0xc3 in for 0xa5
04-06 14:22:57.265 30024 30024 E ArmVmp : Match on catch block at 0xc3 in for 0xa9
04-06 14:22:57.268 30024 30024 E ArmVmp : Match on catch block at 0xc3 in for 0xa1
04-06 14:22:57.273 30024 31296 W MediaPlayer: Use of stream types is deprecated for
operations other than volume control
04-06 14:22:57.273 30024 31296 W MediaPlayer: See the documentation of
setAudioStreamType() for what to use instead with android.media.AudioAttributes to
qualify your playback use case
04-06 14:22:57.280 30024 30024 E ArmVmp : Match on catch block at 0xc3 in for 0xa1
04-06 14:22:57.284 30024 30024 E ArmVmp : Match on catch block at 0xc3 in for 0xa5
04-06 14:22:57.780 30024 30024 E ArmVmp : Match on catch block at 0xc3 in for 0xa1
04-06 14:22:57.783 30024 30024 E ArmVmp : Match on catch block at 0xc3 in for 0xa5
04-06 14:22:58.280 30024 30024 E ArmVmp : Match on catch block at 0xc3 in for 0xa1
04-06 14:22:58.284 30024 30024 E ArmVmp : Match on catch block at 0xc3 in for 0xa5
04-06 14:22:58.783 30024 30024 E ArmVmp : Match on catch block at 0xc3 in for 0xa9
04-06 14:22:58.792 30024 30024 E ArmVmp : Match on catch block at 0xc3 in for 0xa1
04-06 14:22:58.862 30024 30024 E ArmVmp : Match on catch block at 0xc3 in for 0xa9
04-06 14:22:58.865 30024 30024 E ArmVmp : Match on catch block at 0xc3 in for 0xa1
04-06 14:22:58.879 30024 30024 E ArmVmp : Match on catch block at 0xc3 in for 0xa9
04-06 14:22:58.883 30024 30024 E ArmVmp : Match on catch block at 0xc3 in for 0xa1
04-06 14:22:58.896 30024 30024 E ArmVmp : Match on catch block at 0xc3 in for 0xa9
04-06 14:22:58.899 30024 30024 E ArmVmp : Match on catch block at 0xc3 in for 0xa1
04-06 14:22:58.914 30024 30024 E ArmVmp : Match on catch block at 0xc3 in for 0xa9
04-06 14:22:58.919 30024 30024 E ArmVmp : Match on catch block at 0xc3 in for 0xa1
04-06 14:22:58.930 30024 30024 E ArmVmp : Match on catch block at 0xc3 in for 0xa9
04-06 14:22:58.936 30024 30024 E ArmVmp : Match on catch block at 0xc3 in for 0xa1
04-06 14:22:58.946 30024 30024 E ArmVmp : Match on catch block at 0xc3 in for 0xa9
04-06 14:22:58.951 30024 30024 E ArmVmp : Match on catch block at 0xc3 in for 0xa1
04-06 14:22:58.963 30024 30024 E ArmVmp : Match on catch block at 0xc3 in for 0xa9
04-06 14:22:58.967 30024 30024 E ArmVmp : Match on catch block at 0xc3 in for 0xa1
04-06 14:22:58.980 30024 30024 E ArmVmp : Match on catch block at 0xc3 in for 0xa9
04-06 14:22:58.986 30024 30024 E ArmVmp : Match on catch block at 0xc3 in for 0xa1
04-06 14:22:58.995 30024 30024 E ArmVmp : Match on catch block at 0xc3 in for 0xa9
04-06 14:22:59.002 30024 30024 E ArmVmp : Match on catch block at 0xc3 in for 0xa1
04-06 14:22:59.013 30024 30024 E ArmVmp : Match on catch block at 0xc3 in for 0xa9
04-06 14:22:59.017 30024 30024 E ArmVmp : Match on catch block at 0xc3 in for 0xa1
04-06 14:22:59.029 30024 30024 E ArmVmp : Match on catch block at 0xc3 in for 0xa9
04-06 14:22:59.034 30024 30024 E ArmVmp : Match on catch block at 0xc3 in for 0xa1
04-06 14:22:59.047 30024 30024 E ArmVmp : Match on catch block at 0xc3 in for 0xa9
04-06 14:22:59.052 30024 30024 E ArmVmp : Match on catch block at 0xc3 in for 0xa1
04-06 14:22:59.062 30024 30024 E ArmVmp : Match on catch block at 0xc3 in for 0xa9
04-06 14:22:59.068 30024 30024 E ArmVmp : Match on catch block at 0xc3 in for 0xa1
04-06 14:22:59.079 30024 30024 E ArmVmp : Match on catch block at 0xc3 in for 0xa9
04-06 14:22:59.085 30024 30024 E ArmVmp : Match on catch block at 0xc3 in for 0xa1
04-06 14:22:59.096 30024 30024 E ArmVmp : Match on catch block at 0xc3 in for 0xa9
04-06 14:22:59.100 30024 30024 E ArmVmp : Match on catch block at 0xc3 in for 0xa1
04-06 14:22:59.114 30024 30024 E ArmVmp : Match on catch block at 0xc3 in for 0xa9
04-06 14:22:59.120 30024 30024 E ArmVmp : Match on catch block at 0xc3 in for 0xa1
04-06 14:22:59.129 30024 30024 E ArmVmp : Match on catch block at 0xc3 in for 0xa9
04-06 14:22:59.135 30024 30024 E ArmVmp : Match on catch block at 0xc3 in for 0xa1
04-06 14:22:59.279 30024 30024 E ArmVmp : Match on catch block at 0xc3 in for 0xa9
04-06 14:22:59.282 30024 30024 E ArmVmp : Match on catch block at 0xc3 in for 0xa1
04-06 14:22:59.632 30024 30024 E ArmVmp : Match on catch block at 0xc3 in for 0xa1
04-06 14:22:59.634 30024 30024 E ArmVmp : Match on catch block at 0xc3 in for 0xa5
04-06 14:22:59.654 30024 30024 E ArmVmp : Match on catch block at 0xc3 in for 0xa9
04-06 14:22:59.658 30024 30024 E ArmVmp : Match on catch block at 0xc3 in for 0xa1
04-06 14:22:59.664 30024 30024 E ArmVmp : Match on catch block at 0xc3 in for 0xa9
04-06 14:22:59.667 30024 30024 E ArmVmp : Match on catch block at 0xc3 in for 0xa1
04-06 14:22:59.766 30024 30024 E ArmVmp : Match on catch block at 0xc3 in for 0xa5
04-06 14:22:59.771 30024 30024 E ArmVmp : Match on catch block at 0xc3 in for 0xa9
04-06 14:22:59.783 30024 30024 E ArmVmp : Match on catch block at 0xc3 in for 0xa1
04-06 14:22:59.786 30024 30024 E ArmVmp : Match on catch block at 0xc3 in for 0xa5
04-06 14:22:59.797 30024 30024 E ArmVmp : Match on catch block at 0xc3 in for 0xa1
04-06 14:22:59.800 30024 30024 E ArmVmp : Match on catch block at 0xc3 in for 0xa5
04-06 14:22:59.813 30024 30024 E ArmVmp : Match on catch block at 0xc3 in for 0xa1
04-06 14:22:59.817 30024 30024 E ArmVmp : Match on catch block at 0xc3 in for 0xa5
04-06 14:22:59.831 30024 30024 E ArmVmp : Match on catch block at 0xc3 in for 0xa1
04-06 14:22:59.837 30024 30024 E ArmVmp : Match on catch block at 0xc3 in for 0xa5
04-06 14:22:59.846 30024 30024 E ArmVmp : Match on catch block at 0xc3 in for 0xa1
04-06 14:22:59.851 30024 30024 E ArmVmp : Match on catch block at 0xc3 in for 0xa5
04-06 14:22:59.864 30024 30024 E ArmVmp : Match on catch block at 0xc3 in for 0xa1
04-06 14:22:59.868 30024 30024 E ArmVmp : Match on catch block at 0xc3 in for 0xa5
04-06 14:22:59.886 30024 30024 E ArmVmp : Match on catch block at 0xc3 in for 0xa1
04-06 14:22:59.891 30024 30024 E ArmVmp : Match on catch block at 0xc3 in for 0xa5
04-06 14:22:59.900 30024 30024 E ArmVmp : Match on catch block at 0xc3 in for 0xa1
04-06 14:22:59.903 30024 30024 E ArmVmp : Match on catch block at 0xc3 in for 0xa5
04-06 14:22:59.915 30024 30024 E ArmVmp : Match on catch block at 0xc3 in for 0xa1
04-06 14:22:59.920 30024 30024 E ArmVmp : Match on catch block at 0xc3 in for 0xa5
04-06 14:22:59.929 30024 30024 E ArmVmp : Match on catch block at 0xc3 in for 0xa1
04-06 14:22:59.933 30024 30024 E ArmVmp : Match on catch block at 0xc3 in for 0xa5
04-06 14:22:59.947 30024 30024 E ArmVmp : Match on catch block at 0xc3 in for 0xa1
04-06 14:22:59.951 30024 30024 E ArmVmp : Match on catch block at 0xc3 in for 0xa5
04-06 14:22:59.965 30024 30024 E ArmVmp : Match on catch block at 0xc3 in for 0xa1
04-06 14:22:59.971 30024 30024 E ArmVmp : Match on catch block at 0xc3 in for 0xa5
04-06 14:22:59.980 30024 30024 E ArmVmp : Match on catch block at 0xc3 in for 0xa1
04-06 14:22:59.986 30024 30024 E ArmVmp : Match on catch block at 0xc3 in for 0xa5
04-06 14:23:00.163 30024 30024 E ArmVmp : Match on catch block at 0xc3 in for 0xa1
04-06 14:23:00.167 30024 30024 E ArmVmp : Match on catch block at 0xc3 in for 0xa5
04-06 14:23:00.270 30024 30024 E ArmVmp : Match on catch block at 0xc3 in for 0xa1
04-06 14:23:00.280 30024 30024 E ArmVmp : Match on catch block at 0xc3 in for 0xa5
04-06 14:23:00.396 30024 30024 E ArmVmp : Match on catch block at 0xc3 in for 0xa1
04-06 14:23:00.400 30024 30024 E ArmVmp : Match on catch block at 0xc3 in for 0xa5
04-06 14:23:00.598 30024 30024 E ArmVmp : Match on catch block at 0xc3 in for 0xa1
04-06 14:23:00.601 30024 30024 E ArmVmp : Match on catch block at 0xc3 in for 0xa5
04-06 14:23:00.762 30024 30024 E ArmVmp : Match on catch block at 0xc3 in for 0xa1
04-06 14:23:00.765 30024 30024 E ArmVmp : Match on catch block at 0xc3 in for 0xa5
04-06 14:23:00.846 30024 30024 E ArmVmp : Match on catch block at 0xc3 in for 0xa1
04-06 14:23:00.849 30024 30024 E ArmVmp : Match on catch block at 0xc3 in for 0xa5
04-06 14:23:01.029 30024 30024 E ArmVmp : Match on catch block at 0xc3 in for 0xa1
04-06 14:23:01.033 30024 30024 E ArmVmp : Match on catch block at 0xc3 in for 0xa5
04-06 14:23:01.151 30024 30024 E ArmVmp : Match on catch block at 0xc3 in for 0xa1
04-06 14:23:01.165 30024 30024 E ArmVmp : Match on catch block at 0xc3 in for 0xa5
04-06 14:23:01.229 30024 30024 E ArmVmp : Match on catch block at 0xc3 in for 0xa1
04-06 14:23:01.232 30024 30024 E ArmVmp : Match on catch block at 0xc3 in for 0xa5
04-06 14:23:01.263 30024 30024 E ArmVmp : Match on catch block at 0xc3 in for 0xa1
04-06 14:23:01.266 30024 30024 E ArmVmp : Match on catch block at 0xc3 in for 0xa5
04-06 14:23:01.280 30024 30024 E ArmVmp : Match on catch block at 0xc3 in for 0xa1
04-06 14:23:01.285 30024 30024 E ArmVmp : Match on catch block at 0xc3 in for 0xa5
04-06 14:23:01.296 30024 30024 E ArmVmp : Match on catch block at 0xc3 in for 0xa1
04-06 14:23:01.303 30024 30024 E ArmVmp : Match on catch block at 0xc3 in for 0xa5
04-06 14:23:01.313 30024 30024 E ArmVmp : Match on catch block at 0xc3 in for 0xa1
04-06 14:23:01.317 30024 30024 E ArmVmp : Match on catch block at 0xc3 in for 0xa5
04-06 14:23:01.329 30024 30024 E ArmVmp : Match on catch block at 0xc3 in for 0xa1
04-06 14:23:01.334 30024 30024 E ArmVmp : Match on catch block at 0xc3 in for 0xa5
04-06 14:23:01.346 30024 30024 E ArmVmp : Match on catch block at 0xc3 in for 0xa1
04-06 14:23:01.350 30024 30024 E ArmVmp : Match on catch block at 0xc3 in for 0xa5
04-06 14:23:01.364 30024 30024 E ArmVmp : Match on catch block at 0xc3 in for 0xa1
04-06 14:23:01.371 30024 30024 E ArmVmp : Match on catch block at 0xc3 in for 0xa5
04-06 14:23:01.379 30024 30024 E ArmVmp : Match on catch block at 0xc3 in for 0xa1
04-06 14:23:01.383 30024 30024 E ArmVmp : Match on catch block at 0xc3 in for 0xa5
04-06 14:23:01.398 30024 30024 E ArmVmp : Match on catch block at 0xc3 in for 0xa1
04-06 14:23:01.404 30024 30024 E ArmVmp : Match on catch block at 0xc3 in for 0xa5
04-06 14:23:01.413 30024 30024 E ArmVmp : Match on catch block at 0xc3 in for 0xa1
04-06 14:23:01.416 30024 30024 E ArmVmp : Match on catch block at 0xc3 in for 0xa5
04-06 14:23:01.430 30024 30024 E ArmVmp : Match on catch block at 0xc3 in for 0xa1
04-06 14:23:01.436 30024 30024 E ArmVmp : Match on catch block at 0xc3 in for 0xa5
04-06 14:23:01.446 30024 30024 E ArmVmp : Match on catch block at 0xc3 in for 0xa1
04-06 14:23:01.452 30024 30024 E ArmVmp : Match on catch block at 0xc3 in for 0xa5
04-06 14:23:01.464 30024 30024 E ArmVmp : Match on catch block at 0xc3 in for 0xa1
04-06 14:23:01.468 30024 30024 E ArmVmp : Match on catch block at 0xc3 in for 0xa5
04-06 14:23:01.480 30024 30024 E ArmVmp : Match on catch block at 0xc3 in for 0xa1
04-06 14:23:01.484 30024 30024 E ArmVmp : Match on catch block at 0xc3 in for 0xa5
04-06 14:23:01.497 30024 30024 E ArmVmp : Match on catch block at 0xc3 in for 0xa1
04-06 14:23:01.501 30024 30024 E ArmVmp : Match on catch block at 0xc3 in for 0xa5
04-06 14:23:01.513 30024 30024 E ArmVmp : Match on catch block at 0xc3 in for 0xa1
04-06 14:23:01.517 30024 30024 E ArmVmp : Match on catch block at 0xc3 in for 0xa5
04-06 14:23:01.646 30024 30024 E ArmVmp : Match on catch block at 0xc3 in for 0xa1
04-06 14:23:01.649 30024 30024 E ArmVmp : Match on catch block at 0xc3 in for 0xa5
04-06 14:23:02.146 30024 30024 E ArmVmp : Match on catch block at 0xc3 in for 0xa1
04-06 14:23:02.149 30024 30024 E ArmVmp : Match on catch block at 0xc3 in for 0xa5
04-06 14:23:02.396 30024 30024 E ArmVmp : Match on catch block at 0xc3 in for 0xa1
04-06 14:23:02.399 30024 30024 E ArmVmp : Match on catch block at 0xc3 in for 0xa5
04-06 14:23:02.630 30024 30024 E ArmVmp : Match on catch block at 0xc3 in for 0xa1
04-06 14:23:02.634 30024 30024 E ArmVmp : Match on catch block at 0xc3 in for 0xa5
04-06 14:23:02.830 30024 30024 E ArmVmp : Match on catch block at 0xc3 in for 0xa1
04-06 14:23:02.833 30024 30024 E ArmVmp : Match on catch block at 0xc3 in for 0xa5
04-06 14:23:03.046 30024 30024 E ArmVmp : Match on catch block at 0xc3 in for 0xa1
04-06 14:23:03.049 30024 30024 E ArmVmp : Match on catch block at 0xc3 in for 0xa5
04-06 14:23:03.279 30024 30024 E ArmVmp : Match on catch block at 0xc3 in for 0xa1
04-06 14:23:03.283 30024 30024 E ArmVmp : Match on catch block at 0xc3 in for 0xa5
04-06 14:23:03.346 30024 30024 E ArmVmp : Match on catch block at 0xc3 in for 0xa1
04-06 14:23:03.349 30024 30024 E ArmVmp : Match on catch block at 0xc3 in for 0xa5
04-06 14:23:03.399 30024 30024 E ArmVmp : Match on catch block at 0xc3 in for 0xa1
04-06 14:23:03.401 30024 30024 E ArmVmp : Match on catch block at 0xc3 in for 0xa5
04-06 14:23:03.433 30024 30024 E ArmVmp : Match on catch block at 0xc3 in for 0xa1
04-06 14:23:03.436 30024 30024 E ArmVmp : Match on catch block at 0xc3 in for 0xa5
04-06 14:23:03.448 30024 30024 E ArmVmp : Match on catch block at 0xc3 in for 0xa1
04-06 14:23:03.451 30024 30024 E ArmVmp : Match on catch block at 0xc3 in for 0xa5
04-06 14:23:03.463 30024 30024 E GraphicExt:
GraphicExtModuleLoader::CreateGraphicExtInstance false
04-06 14:23:03.497 30024 30024 E ArmVmp : Match on catch block at 0xc3 in for 0xa1
04-06 14:23:03.500 30024 30024 E ArmVmp : Match on catch block at 0xc3 in for 0xa5
04-06 14:23:03.510 30024 31296 W MediaPlayer: Use of stream types is deprecated for
operations other than volume control
04-06 14:23:03.510 30024 31296 W MediaPlayer: See the documentation of
setAudioStreamType() for what to use instead with android.media.AudioAttributes to
qualify your playback use case
04-06 14:23:03.530 30024 30024 E ArmVmp : Match on catch block at 0xc3 in for 0xa1
04-06 14:23:03.535 30024 30024 E ArmVmp : Match on catch block at 0xc3 in for 0xa5
04-06 14:23:03.561 30024 30024 E ArmVmp : Match on catch block at 0xc3 in for 0xa5
04-06 14:23:03.570 30024 30024 E ArmVmp : Match on catch block at 0xc3 in for 0xa9
04-06 14:23:03.591 30024 30024 E ArmVmp : Match on catch block at 0xc3 in for 0xa5
04-06 14:23:03.600 30024 30024 E ArmVmp : Match on catch block at 0xc3 in for 0xa9
04-06 14:23:03.628 30024 30024 E ArmVmp : Match on catch block at 0xc3 in for 0xa5
04-06 14:23:03.634 30024 30024 E ArmVmp : Match on catch block at 0xc3 in for 0xa9
04-06 14:23:03.648 30024 30024 E ArmVmp : Match on catch block at 0xc3 in for 0xa5
04-06 14:23:03.654 30024 30024 E ArmVmp : Match on catch block at 0xc3 in for 0xa9
04-06 14:23:03.668 30024 30024 E ArmVmp : Match on catch block at 0xc3 in for 0xa5
04-06 14:23:03.674 30024 30024 E ArmVmp : Match on catch block at 0xc3 in for 0xa9
04-06 14:23:03.687 30024 30024 E ArmVmp : Match on catch block at 0xc3 in for 0xa5
04-06 14:23:03.692 30024 30024 E ArmVmp : Match on catch block at 0xc3 in for 0xa9
04-06 14:23:03.705 30024 30024 E ArmVmp : Match on catch block at 0xc3 in for 0xa5
04-06 14:23:03.709 30024 30024 E ArmVmp : Match on catch block at 0xc3 in for 0xa9
04-06 14:23:03.722 30024 30024 E ArmVmp : Match on catch block at 0xc3 in for 0xa5
04-06 14:23:03.728 30024 30024 E ArmVmp : Match on catch block at 0xc3 in for 0xa9
04-06 14:23:03.741 30024 30024 E ArmVmp : Match on catch block at 0xc3 in for 0xa5
04-06 14:23:03.746 30024 30024 E ArmVmp : Match on catch block at 0xc3 in for 0xa9
04-06 14:23:03.763 30024 30024 E ArmVmp : Match on catch block at 0xc3 in for 0xa5
04-06 14:23:03.769 30024 30024 E ArmVmp : Match on catch block at 0xc3 in for 0xa9
04-06 14:23:03.781 30024 30024 E ArmVmp : Match on catch block at 0xc3 in for 0xa5
04-06 14:23:03.786 30024 30024 E ArmVmp : Match on catch block at 0xc3 in for 0xa9
04-06 14:23:03.801 30024 30024 E ArmVmp : Match on catch block at 0xc3 in for 0xa5
04-06 14:23:03.807 30024 30024 E ArmVmp : Match on catch block at 0xc3 in for 0xa9
04-06 14:23:03.822 30024 30024 E ArmVmp : Match on catch block at 0xc3 in for 0xa5
04-06 14:23:03.828 30024 30024 E ArmVmp : Match on catch block at 0xc3 in for 0xa9
04-06 14:23:03.844 30024 30024 E ArmVmp : Match on catch block at 0xc3 in for 0xa5
04-06 14:23:03.849 30024 30024 E ArmVmp : Match on catch block at 0xc3 in for 0xa9
04-06 14:23:03.865 30024 30024 E ArmVmp : Match on catch block at 0xc3 in for 0xa5
04-06 14:23:03.871 30024 30024 E ArmVmp : Match on catch block at 0xc3 in for 0xa9
04-06 14:23:04.013 30024 30024 E ArmVmp : Match on catch block at 0xc3 in for 0xa5
04-06 14:23:04.019 30024 30024 E ArmVmp : Match on catch block at 0xc3 in for 0xa9
04-06 14:23:04.231 30024 30024 E ArmVmp : Match on catch block at 0xc3 in for 0xa1
04-06 14:23:04.235 30024 30024 E ArmVmp : Match on catch block at 0xc3 in for 0xa5
04-06 14:23:04.250 30024 30024 E ArmVmp : Match on catch block at 0xc3 in for 0xa1
04-06 14:23:04.253 30024 30024 E ArmVmp : Match on catch block at 0xc3 in for 0xa5
04-06 14:23:04.714 30024 30024 E ArmVmp : Match on catch block at 0xc3 in for 0xa1
04-06 14:23:04.718 30024 30024 E ArmVmp : Match on catch block at 0xc3 in for 0xa5
04-06 14:23:05.012 30024 30024 E ArmVmp : Match on catch block at 0xc3 in for 0xa1
04-06 14:23:05.015 30024 30024 E ArmVmp : Match on catch block at 0xc3 in for 0xa5
04-06 14:23:05.041 30024 30024 E ArmVmp : Match on catch block at 0xc3 in for 0xa1
04-06 14:23:05.045 30024 30024 E ArmVmp : Match on catch block at 0xc3 in for 0xa5
04-06 14:23:05.062 30024 30024 E ArmVmp : Match on catch block at 0xc3 in for 0xa9
04-06 14:23:05.064 30024 30024 E ArmVmp : Match on catch block at 0xc3 in for 0xa1
04-06 14:23:05.069 30024 30024 E ArmVmp : Match on catch block at 0xc3 in for 0xa9
04-06 14:23:05.073 30024 30024 E ArmVmp : Match on catch block at 0xc3 in for 0xa1
04-06 14:23:05.101 30024 30024 E ArmVmp : Match on catch block at 0xc3 in for 0xa5
04-06 14:23:05.103 30024 30024 E ArmVmp : Match on catch block at 0xc3 in for 0xa9
04-06 14:23:05.116 30024 30024 E ArmVmp : Match on catch block at 0xc3 in for 0xa1
04-06 14:23:05.118 30024 30024 E ArmVmp : Match on catch block at 0xc3 in for 0xa5
04-06 14:23:05.130 30024 30024 E ArmVmp : Match on catch block at 0xc3 in for 0xa1
04-06 14:23:05.132 30024 30024 E ArmVmp : Match on catch block at 0xc3 in for 0xa5
04-06 14:23:05.146 30024 30024 E ArmVmp : Match on catch block at 0xc3 in for 0xa1
04-06 14:23:05.148 30024 30024 E ArmVmp : Match on catch block at 0xc3 in for 0xa5
04-06 14:23:05.164 30024 30024 E ArmVmp : Match on catch block at 0xc3 in for 0xa1
04-06 14:23:05.167 30024 30024 E ArmVmp : Match on catch block at 0xc3 in for 0xa5
04-06 14:23:05.182 30024 30024 E ArmVmp : Match on catch block at 0xc3 in for 0xa1
04-06 14:23:05.188 30024 30024 E ArmVmp : Match on catch block at 0xc3 in for 0xa5
04-06 14:23:05.198 30024 30024 E ArmVmp : Match on catch block at 0xc3 in for 0xa1
04-06 14:23:05.205 30024 30024 E ArmVmp : Match on catch block at 0xc3 in for 0xa5
04-06 14:23:05.214 30024 30024 E ArmVmp : Match on catch block at 0xc3 in for 0xa1
04-06 14:23:05.220 30024 30024 E ArmVmp : Match on catch block at 0xc3 in for 0xa5
04-06 14:23:05.231 30024 30024 E ArmVmp : Match on catch block at 0xc3 in for 0xa1
04-06 14:23:05.234 30024 30024 E ArmVmp : Match on catch block at 0xc3 in for 0xa5
04-06 14:23:05.354 30024 30024 E ArmVmp : Match on catch block at 0xc3 in for 0xa1
04-06 14:23:05.357 30024 30024 E ArmVmp : Match on catch block at 0xc3 in for 0xa5
04-06 14:23:05.364 30024 31296 W MediaPlayer: Use of stream types is deprecated for
operations other than volume control
04-06 14:23:05.364 30024 31296 W MediaPlayer: See the documentation of
setAudioStreamType() for what to use instead with android.media.AudioAttributes to
qualify your playback use case
04-06 14:23:05.365 30024 30024 E ArmVmp : Match on catch block at 0xc3 in for 0xa1
04-06 14:23:05.368 30024 30024 E ArmVmp : Match on catch block at 0xc3 in for 0xa5
04-06 14:23:05.453 30024 30024 E GraphicExt:
GraphicExtModuleLoader::CreateGraphicExtInstance false
04-06 14:23:05.550 30024 30024 E ArmVmp : Match on catch block at 0xc3 in for 0xa9
04-06 14:23:05.556 30024 30024 E ArmVmp : Match on catch block at 0xc3 in for 0xa1
04-06 14:23:05.690 30024 30024 E ArmVmp : Match on catch block at 0xc3 in for 0xa5
04-06 14:23:05.695 30024 30024 E ArmVmp : Match on catch block at 0xc3 in for 0xa9
04-06 14:23:05.708 30024 30024 E ArmVmp : Match on catch block at 0xc3 in for 0xa5
04-06 14:23:05.711 30024 30024 E ArmVmp : Match on catch block at 0xc3 in for 0xa9
04-06 14:23:06.048 30024 30024 E ArmVmp : Match on catch block at 0xc3 in for 0xa5
04-06 14:23:06.052 30024 30024 E ArmVmp : Match on catch block at 0xc3 in for 0xa9
04-06 14:23:06.100 30024 30024 E ArmVmp : Match on catch block at 0xc3 in for 0xa1
04-06 14:23:06.103 30024 30024 E ArmVmp : Match on catch block at 0xc3 in for 0xa5
04-06 14:23:06.124 30024 30024 E ArmVmp : Match on catch block at 0xc3 in for 0xa5
04-06 14:23:06.126 30024 30024 E ArmVmp : Match on catch block at 0xc3 in for 0xa9
04-06 14:23:06.132 30024 30024 E ArmVmp : Match on catch block at 0xc3 in for 0xa1
04-06 14:23:06.134 30024 30024 E ArmVmp : Match on catch block at 0xc3 in for 0xa5
04-06 14:23:06.147 30024 30024 E ArmVmp : Match on catch block at 0xc3 in for 0xa9
04-06 14:23:06.149 30024 30024 E ArmVmp : Match on catch block at 0xc3 in for 0xa1
04-06 14:23:06.163 30024 30024 E ArmVmp : Match on catch block at 0xc3 in for 0xa9
04-06 14:23:06.165 30024 30024 E ArmVmp : Match on catch block at 0xc3 in for 0xa1
04-06 14:23:06.181 30024 30024 E ArmVmp : Match on catch block at 0xc3 in for 0xa9
04-06 14:23:06.183 30024 30024 E ArmVmp : Match on catch block at 0xc3 in for 0xa1
04-06 14:23:06.198 30024 30024 E ArmVmp : Match on catch block at 0xc3 in for 0xa9
04-06 14:23:06.201 30024 30024 E ArmVmp : Match on catch block at 0xc3 in for 0xa1
04-06 14:23:06.214 30024 30024 E ArmVmp : Match on catch block at 0xc3 in for 0xa9
04-06 14:23:06.218 30024 30024 E ArmVmp : Match on catch block at 0xc3 in for 0xa1
04-06 14:23:06.231 30024 30024 E ArmVmp : Match on catch block at 0xc3 in for 0xa9
04-06 14:23:06.233 30024 30024 E ArmVmp : Match on catch block at 0xc3 in for 0xa1
04-06 14:23:06.247 30024 30024 E ArmVmp : Match on catch block at 0xc3 in for 0xa9
04-06 14:23:06.250 30024 30024 E ArmVmp : Match on catch block at 0xc3 in for 0xa1
04-06 14:23:06.264 30024 30024 E ArmVmp : Match on catch block at 0xc3 in for 0xa9
04-06 14:23:06.268 30024 30024 E ArmVmp : Match on catch block at 0xc3 in for 0xa1
04-06 14:23:06.281 30024 30024 E ArmVmp : Match on catch block at 0xc3 in for 0xa9
04-06 14:23:06.284 30024 30024 E ArmVmp : Match on catch block at 0xc3 in for 0xa1
04-06 14:23:06.297 30024 30024 E ArmVmp : Match on catch block at 0xc3 in for 0xa9
04-06 14:23:06.301 30024 30024 E ArmVmp : Match on catch block at 0xc3 in for 0xa1
04-06 14:23:06.315 30024 30024 E ArmVmp : Match on catch block at 0xc3 in for 0xa9
04-06 14:23:06.318 30024 30024 E ArmVmp : Match on catch block at 0xc3 in for 0xa1
04-06 14:23:06.331 30024 30024 E ArmVmp : Match on catch block at 0xc3 in for 0xa9
04-06 14:23:06.333 30024 30024 E ArmVmp : Match on catch block at 0xc3 in for 0xa1
04-06 14:23:06.347 30024 30024 E ArmVmp : Match on catch block at 0xc3 in for 0xa9
04-06 14:23:06.350 30024 30024 E ArmVmp : Match on catch block at 0xc3 in for 0xa1
04-06 14:23:06.364 30024 30024 E ArmVmp : Match on catch block at 0xc3 in for 0xa9
04-06 14:23:06.367 30024 30024 E ArmVmp : Match on catch block at 0xc3 in for 0xa1
04-06 14:23:06.380 30024 30024 E ArmVmp : Match on catch block at 0xc3 in for 0xa9
04-06 14:23:06.383 30024 30024 E ArmVmp : Match on catch block at 0xc3 in for 0xa1
04-06 14:23:06.397 30024 30024 E ArmVmp : Match on catch block at 0xc3 in for 0xa9
04-06 14:23:06.400 30024 30024 E ArmVmp : Match on catch block at 0xc3 in for 0xa1
04-06 14:23:06.414 30024 30024 E ArmVmp : Match on catch block at 0xc3 in for 0xa9
04-06 14:23:06.417 30024 30024 E ArmVmp : Match on catch block at 0xc3 in for 0xa1
04-06 14:23:06.431 30024 30024 E ArmVmp : Match on catch block at 0xc3 in for 0xa9
04-06 14:23:06.434 30024 30024 E ArmVmp : Match on catch block at 0xc3 in for 0xa1
04-06 14:23:06.448 30024 30024 E ArmVmp : Match on catch block at 0xc3 in for 0xa9
04-06 14:23:06.451 30024 30024 E ArmVmp : Match on catch block at 0xc3 in for 0xa1
04-06 14:23:06.464 30024 30024 E ArmVmp : Match on catch block at 0xc3 in for 0xa9
04-06 14:23:06.467 30024 30024 E ArmVmp : Match on catch block at 0xc3 in for 0xa1
04-06 14:23:06.481 30024 30024 E ArmVmp : Match on catch block at 0xc3 in for 0xa9
04-06 14:23:06.484 30024 30024 E ArmVmp : Match on catch block at 0xc3 in for 0xa1
04-06 14:23:06.497 30024 30024 E ArmVmp : Match on catch block at 0xc3 in for 0xa9
04-06 14:23:06.500 30024 30024 E ArmVmp : Match on catch block at 0xc3 in for 0xa1
04-06 14:23:06.514 30024 30024 E ArmVmp : Match on catch block at 0xc3 in for 0xa9
04-06 14:23:06.517 30024 30024 E ArmVmp : Match on catch block at 0xc3 in for 0xa1
04-06 14:23:06.531 30024 30024 E ArmVmp : Match on catch block at 0xc3 in for 0xa9
04-06 14:23:06.533 30024 30024 E ArmVmp : Match on catch block at 0xc3 in for 0xa1
04-06 14:23:06.547 30024 30024 E ArmVmp : Match on catch block at 0xc3 in for 0xa9
04-06 14:23:06.550 30024 30024 E ArmVmp : Match on catch block at 0xc3 in for 0xa1
04-06 14:23:06.930 30024 30024 E ArmVmp : Match on catch block at 0xc3 in for 0xa9
04-06 14:23:06.933 30024 30024 E ArmVmp : Match on catch block at 0xc3 in for 0xa1
04-06 14:23:07.474 30024 30024 E GraphicExt:
GraphicExtModuleLoader::CreateGraphicExtInstance false
04-06 14:23:07.508 30024 30024 E ArmVmp : Match on catch block at 0xc3 in for 0xa1
04-06 14:23:07.510 30024 30024 E ArmVmp : Match on catch block at 0xc3 in for 0xa5
04-06 14:23:07.520 30024 30024 E ArmVmp : Match on catch block at 0xc3 in for 0xa1
04-06 14:23:07.523 30024 30024 E ArmVmp : Match on catch block at 0xc3 in for 0xa5
04-06 14:23:09.116 30024 30024 E ArmVmp : Match on catch block at 0xc3 in for 0xa5
04-06 14:23:09.122 30024 30024 E ArmVmp : Match on catch block at 0xc3 in for 0xa9
04-06 14:23:09.134 30024 30024 E ArmVmp : Match on catch block at 0xc3 in for 0xa5
04-06 14:23:09.139 30024 30024 E ArmVmp : Match on catch block at 0xc3 in for 0xa9
04-06 14:23:09.149 30024 30024 E ArmVmp : Match on catch block at 0xc3 in for 0xa5
04-06 14:23:09.152 30024 30024 E ArmVmp : Match on catch block at 0xc3 in for 0xa9
04-06 14:23:09.167 30024 30024 E ArmVmp : Match on catch block at 0xc3 in for 0xa1
04-06 14:23:09.170 30024 30024 E ArmVmp : Match on catch block at 0xc3 in for 0xa5
04-06 14:23:09.183 30024 30024 E ArmVmp : Match on catch block at 0xc3 in for 0xa9
04-06 14:23:09.185 30024 30024 E ArmVmp : Match on catch block at 0xc3 in for 0xa1
04-06 14:23:09.199 30024 30024 E ArmVmp : Match on catch block at 0xc3 in for 0xa1
04-06 14:23:09.201 30024 30024 E ArmVmp : Match on catch block at 0xc3 in for 0xa5
04-06 14:23:09.215 30024 30024 E ArmVmp : Match on catch block at 0xc3 in for 0xa1
04-06 14:23:09.217 30024 30024 E ArmVmp : Match on catch block at 0xc3 in for 0xa5
04-06 14:23:09.230 30024 30024 E ArmVmp : Match on catch block at 0xc3 in for 0xa1
04-06 14:23:09.232 30024 30024 E ArmVmp : Match on catch block at 0xc3 in for 0xa5
04-06 14:23:09.248 30024 30024 E ArmVmp : Match on catch block at 0xc3 in for 0xa1
04-06 14:23:09.251 30024 30024 E ArmVmp : Match on catch block at 0xc3 in for 0xa5
04-06 14:23:09.264 30024 30024 E ArmVmp : Match on catch block at 0xc3 in for 0xa1
04-06 14:23:09.266 30024 30024 E ArmVmp : Match on catch block at 0xc3 in for 0xa5
04-06 14:23:09.281 30024 30024 E ArmVmp : Match on catch block at 0xc3 in for 0xa1
04-06 14:23:09.283 30024 30024 E ArmVmp : Match on catch block at 0xc3 in for 0xa5
04-06 14:23:09.298 30024 30024 E ArmVmp : Match on catch block at 0xc3 in for 0xa1
04-06 14:23:09.301 30024 30024 E ArmVmp : Match on catch block at 0xc3 in for 0xa5
04-06 14:23:09.314 30024 30024 E ArmVmp : Match on catch block at 0xc3 in for 0xa1
04-06 14:23:09.317 30024 30024 E ArmVmp : Match on catch block at 0xc3 in for 0xa5
04-06 14:23:09.331 30024 30024 E ArmVmp : Match on catch block at 0xc3 in for 0xa1
04-06 14:23:09.333 30024 30024 E ArmVmp : Match on catch block at 0xc3 in for 0xa5
04-06 14:23:09.348 30024 30024 E ArmVmp : Match on catch block at 0xc3 in for 0xa1
04-06 14:23:09.351 30024 30024 E ArmVmp : Match on catch block at 0xc3 in for 0xa5
04-06 14:23:09.364 30024 30024 E ArmVmp : Match on catch block at 0xc3 in for 0xa1
04-06 14:23:09.367 30024 30024 E ArmVmp : Match on catch block at 0xc3 in for 0xa5
04-06 14:23:09.381 30024 30024 E ArmVmp : Match on catch block at 0xc3 in for 0xa1
04-06 14:23:09.384 30024 30024 E ArmVmp : Match on catch block at 0xc3 in for 0xa5
04-06 14:23:09.398 30024 30024 E ArmVmp : Match on catch block at 0xc3 in for 0xa1
04-06 14:23:09.401 30024 30024 E ArmVmp : Match on catch block at 0xc3 in for 0xa5
04-06 14:23:09.414 30024 30024 E ArmVmp : Match on catch block at 0xc3 in for 0xa1
04-06 14:23:09.417 30024 30024 E ArmVmp : Match on catch block at 0xc3 in for 0xa5
04-06 14:23:09.431 30024 30024 E ArmVmp : Match on catch block at 0xc3 in for 0xa1
04-06 14:23:09.434 30024 30024 E ArmVmp : Match on catch block at 0xc3 in for 0xa5
04-06 14:23:09.448 30024 30024 E ArmVmp : Match on catch block at 0xc3 in for 0xa1
04-06 14:23:09.451 30024 30024 E ArmVmp : Match on catch block at 0xc3 in for 0xa5
04-06 14:23:09.474 30024 30024 E GraphicExt:
GraphicExtModuleLoader::CreateGraphicExtInstance false
04-06 14:23:09.481 30024 30024 E ArmVmp : Match on catch block at 0xc3 in for 0xa9
04-06 14:23:09.483 30024 30024 E ArmVmp : Match on catch block at 0xc3 in for 0xa1
04-06 14:23:09.498 30024 30024 E ArmVmp : Match on catch block at 0xc3 in for 0xa1
04-06 14:23:09.500 30024 30024 E ArmVmp : Match on catch block at 0xc3 in for 0xa5
04-06 14:23:09.509 30024 30024 E ArmVmp : Match on catch block at 0xc3 in for 0xa1
04-06 14:23:09.514 30024 30024 E ArmVmp : Match on catch block at 0xc3 in for 0xa5
04-06 14:23:10.138 30024 30024 E ArmVmp : Match on catch block at 0xc3 in for 0xa5
04-06 14:23:10.143 30024 30024 E ArmVmp : Match on catch block at 0xc3 in for 0xa9
04-06 14:23:10.151 30024 30024 E ArmVmp : Match on catch block at 0xc3 in for 0xa5
04-06 14:23:10.156 30024 30024 E ArmVmp : Match on catch block at 0xc3 in for 0xa9
04-06 14:23:11.490 30024 30024 E GraphicExt:
GraphicExtModuleLoader::CreateGraphicExtInstance false
04-06 14:23:11.752 30024 30024 E ArmVmp : Match on catch block at 0xc3 in for 0xa9
04-06 14:23:11.757 30024 30024 E ArmVmp : Match on catch block at 0xc3 in for 0xa1
04-06 14:23:11.776 30024 30024 E ArmVmp : Match on catch block at 0xc3 in for 0xa9
04-06 14:23:11.783 30024 30024 E ArmVmp : Match on catch block at 0xc3 in for 0xa1
04-06 14:23:11.795 30024 30024 E ArmVmp : Match on catch block at 0xc3 in for 0xa9
04-06 14:23:11.800 30024 30024 E ArmVmp : Match on catch block at 0xc3 in for 0xa1
04-06 14:23:11.815 30024 30024 E ArmVmp : Match on catch block at 0xc3 in for 0xa9
04-06 14:23:11.822 30024 30024 E ArmVmp : Match on catch block at 0xc3 in for 0xa1
04-06 14:23:11.839 30024 30024 E ArmVmp : Match on catch block at 0xc3 in for 0xa9
04-06 14:23:11.843 30024 30024 E ArmVmp : Match on catch block at 0xc3 in for 0xa1
04-06 14:23:11.851 30024 30024 E ArmVmp : Match on catch block at 0xc3 in for 0xa9
04-06 14:23:11.859 30024 30024 E ArmVmp : Match on catch block at 0xc3 in for 0xa1
04-06 14:23:11.872 30024 30024 E ArmVmp : Match on catch block at 0xc3 in for 0xa9
04-06 14:23:11.876 30024 30024 E ArmVmp : Match on catch block at 0xc3 in for 0xa1
04-06 14:23:11.885 30024 30024 E ArmVmp : Match on catch block at 0xc3 in for 0xa9
04-06 14:23:11.892 30024 30024 E ArmVmp : Match on catch block at 0xc3 in for 0xa1
04-06 14:23:11.905 30024 30024 E ArmVmp : Match on catch block at 0xc3 in for 0xa9
04-06 14:23:11.909 30024 30024 E ArmVmp : Match on catch block at 0xc3 in for 0xa1
04-06 14:23:11.918 30024 30024 E ArmVmp : Match on catch block at 0xc3 in for 0xa9
04-06 14:23:11.923 30024 30024 E ArmVmp : Match on catch block at 0xc3 in for 0xa1
04-06 14:23:11.936 30024 30024 E ArmVmp : Match on catch block at 0xc3 in for 0xa9
04-06 14:23:11.942 30024 30024 E ArmVmp : Match on catch block at 0xc3 in for 0xa1
04-06 14:23:11.953 30024 30024 E ArmVmp : Match on catch block at 0xc3 in for 0xa9
04-06 14:23:11.959 30024 30024 E ArmVmp : Match on catch block at 0xc3 in for 0xa1
04-06 14:23:11.973 30024 30024 E ArmVmp : Match on catch block at 0xc3 in for 0xa9
04-06 14:23:11.976 30024 30024 E ArmVmp : Match on catch block at 0xc3 in for 0xa1
04-06 14:23:11.985 30024 30024 E ArmVmp : Match on catch block at 0xc3 in for 0xa9
04-06 14:23:11.989 30024 30024 E ArmVmp : Match on catch block at 0xc3 in for 0xa1
04-06 14:23:12.002 30024 30024 E ArmVmp : Match on catch block at 0xc3 in for 0xa9
04-06 14:23:12.008 30024 30024 E ArmVmp : Match on catch block at 0xc3 in for 0xa1
04-06 14:23:13.239 30024 30024 E ArmVmp : Match on catch block at 0xc3 in for 0xa1
04-06 14:23:13.243 30024 30024 E ArmVmp : Match on catch block at 0xc3 in for 0xa5
04-06 14:23:13.255 30024 31296 W MediaPlayer: Use of stream types is deprecated for
operations other than volume control
04-06 14:23:13.255 30024 31296 W MediaPlayer: See the documentation of
setAudioStreamType() for what to use instead with android.media.AudioAttributes to
qualify your playback use case
04-06 14:23:13.267 30024 30024 E ArmVmp : Match on catch block at 0xc3 in for 0xa1
04-06 14:23:13.272 30024 30024 E ArmVmp : Match on catch block at 0xc3 in for 0xa5
04-06 14:23:13.285 30024 30024 E ArmVmp : Match on catch block at 0xc3 in for 0xa1
04-06 14:23:13.288 30024 30024 E ArmVmp : Match on catch block at 0xc3 in for 0xa5
04-06 14:23:13.511 30024 30024 E GraphicExt:
GraphicExtModuleLoader::CreateGraphicExtInstance false
04-06 14:23:14.866 30024 30024 E ArmVmp : Match on catch block at 0xc3 in for 0xa9
04-06 14:23:14.871 30024 30024 E ArmVmp : Match on catch block at 0xc3 in for 0xa1
04-06 14:23:14.882 30024 30024 E ArmVmp : Match on catch block at 0xc3 in for 0xa9
04-06 14:23:14.890 30024 30024 E ArmVmp : Match on catch block at 0xc3 in for 0xa1
04-06 14:23:14.899 30024 30024 E ArmVmp : Match on catch block at 0xc3 in for 0xa9
04-06 14:23:14.904 30024 30024 E ArmVmp : Match on catch block at 0xc3 in for 0xa1
04-06 14:23:14.915 30024 30024 E ArmVmp : Match on catch block at 0xc3 in for 0xa9
04-06 14:23:14.918 30024 30024 E ArmVmp : Match on catch block at 0xc3 in for 0xa1
04-06 14:23:14.931 30024 30024 E ArmVmp : Match on catch block at 0xc3 in for 0xa9
04-06 14:23:14.934 30024 30024 E ArmVmp : Match on catch block at 0xc3 in for 0xa1
04-06 14:23:14.949 30024 30024 E ArmVmp : Match on catch block at 0xc3 in for 0xa9
04-06 14:23:14.951 30024 30024 E ArmVmp : Match on catch block at 0xc3 in for 0xa1
04-06 14:23:14.965 30024 30024 E ArmVmp : Match on catch block at 0xc3 in for 0xa9
04-06 14:23:14.969 30024 30024 E ArmVmp : Match on catch block at 0xc3 in for 0xa1
04-06 14:23:14.981 30024 30024 E ArmVmp : Match on catch block at 0xc3 in for 0xa9
04-06 14:23:14.985 30024 30024 E ArmVmp : Match on catch block at 0xc3 in for 0xa1
04-06 14:23:15.000 30024 30024 E ArmVmp : Match on catch block at 0xc3 in for 0xa9
04-06 14:23:15.006 30024 30024 E ArmVmp : Match on catch block at 0xc3 in for 0xa1
04-06 14:23:15.014 30024 30024 E ArmVmp : Match on catch block at 0xc3 in for 0xa9
04-06 14:23:15.016 30024 30024 E ArmVmp : Match on catch block at 0xc3 in for 0xa1
04-06 14:23:15.032 30024 30024 E ArmVmp : Match on catch block at 0xc3 in for 0xa9
04-06 14:23:15.034 30024 30024 E ArmVmp : Match on catch block at 0xc3 in for 0xa1
04-06 14:23:15.048 30024 30024 E ArmVmp : Match on catch block at 0xc3 in for 0xa9
04-06 14:23:15.050 30024 30024 E ArmVmp : Match on catch block at 0xc3 in for 0xa1
04-06 14:23:15.065 30024 30024 E ArmVmp : Match on catch block at 0xc3 in for 0xa9
04-06 14:23:15.067 30024 30024 E ArmVmp : Match on catch block at 0xc3 in for 0xa1
