denied { read } for name="u:object_r:mtkcam_prop:s0" dev="tmpfs" ino=317
scontext=u:r:untrusted_app:s0:c225,c256,c512,c768
tcontext=u:object_r:mtkcam_prop:s0 tclass=file permissive=0
04-06 14:21:58.539 30024 30040 W CameraManagerGlobal: ignore the torch status
update of camera: 21
04-06 14:21:58.540 30024 30040 E libc : Access denied finding property
"camera.aux.packagelist"
04-06 14:21:58.540 30024 30040 W CameraManagerGlobal: ignore the torch status
update of camera: 22
04-06 14:21:58.541 30024 30040 E libc : Access denied finding property
"camera.aux.packagelist"
04-06 14:21:58.541 30024 30040 W CameraManagerGlobal: ignore the torch status
update of camera: 61
04-06 14:21:58.547 30024 30040 E libc : Access denied finding property
"camera.aux.packagelist"
04-06 14:21:58.552 30024 30024 W BottomSheetBehavior: BottomSheetBehavior now
supports multiple callbacks. `setBottomSheetCallback()` removes all existing
callbacks, including ones set internally by library authors, which may result in
unintended behavior. This may change in the future. Please use
`addBottomSheetCallback()` and `removeBottomSheetCallback()` instead to set your
own callbacks.
04-06 14:21:58.573 30024 30024 E RecyclerView: No adapter attached; skipping layout
04-06 14:21:58.593 30024 30024 E RecyclerView: No adapter attached; skipping layout
04-06 14:21:58.716 30024 31289 W RefBase : CallStack::getCurrentInternal not
linked, returning null
04-06 14:21:58.716 30024 31289 W RefBase : CallStack::logStackInternal not linked
04-06 14:21:58.719 30024 30038 W System : A resource failed to call close.
04-06 14:21:58.720 30024 30038 W RefBase : CallStack::getCurrentInternal not
linked, returning null
04-06 14:21:58.720 30024 30038 W RefBase : CallStack::logStackInternal not linked
04-06 14:21:58.721 30024 30038 W System : A resource failed to call close.
04-06 14:21:59.571 30024 30024 E ArmVmp : Match on catch block at 0x0a in for 0xc5
04-06 14:21:59.572 30024 31827 W System : ClassLoader referenced unknown path:
system/framework/mediatek-cta.jar
04-06 14:21:59.572 30024 30024 E ArmVmp : Match on catch block at 0x0a in for 0xc1
04-06 14:21:59.602 30024 30024 E GraphicExt:
GraphicExtModuleLoader::CreateGraphicExtInstance false
04-06 14:21:59.635 30024 30024 E ArmVmp : Match on catch block at 0xc3 in for 0xa1
04-06 14:21:59.638 30024 30024 E ArmVmp : Match on catch block at 0xc3 in for 0xa5
04-06 14:21:59.642 30024 31827 W System : ClassLoader referenced unknown path:
system/framework/mediatek-cta.jar
04-06 14:21:59.665 30024 30024 E GraphicExt:
GraphicExtModuleLoader::CreateGraphicExtInstance false
04-06 14:21:59.699 30024 30024 E ArmVmp : Match on catch block at 0xc3 in for 0xa5
04-06 14:21:59.701 30024 30024 E ArmVmp : Match on catch block at 0xc3 in for 0xa9
04-06 14:21:59.730 30024 30024 E ArmVmp : Match on catch block at 0xc3 in for 0xa9
04-06 14:21:59.732 30024 30024 E ArmVmp : Match on catch block at 0xc3 in for 0xa1
04-06 14:21:59.756 30024 30024 E ArmVmp : Match on catch block at 0xc3 in for 0xa9
04-06 14:21:59.761 30024 30024 E ArmVmp : Match on catch block at 0xc3 in for 0xa1
04-06 14:22:00.143 30024 30071 E SQLiteDatabase: Error inserting transferred=0
media_job_uuid=8f7c1634-d209-4e00-a793-61d49d06edd3 transcoded=1 gif_attribution=0
first_scan_length=0 direct_path=null thumbnail_height_width_ratio=2.25
is_animated_sticker=0 file_hash=null
file_path=/data/user/0/com.mbwhatsapp/files/.Shared/ea71e4b7-e580-444b-92d7-
9ac8adca49a0.jpg file_size=373707 partial_media_hash=null face_x=0 face_y=0
height=2340 trim_to=0 media_key_timestamp=0 message_url=null media_caption=null
trim_from=0 mime_type=null partial_media_enc_hash=null width=1080
original_file_hash=1NJTYQkNNk30fGM2ZFDZJl2Hd+S9tgyu6YToJf9AkHY=
has_streaming_sidecar=0 autotransfer_retry_enabled=1 media_upload_handle=null
message_row_id=51 multicast_id=null enc_file_hash=null mute_video=0 page_count=0
first_scan_sidecar=null suspicious_content=0 file_length=373707
media_name=ea71e4b7-e580-444b-92d7-9ac8adca49a0.jpg media_duration=0 chat_row_id=5
media_key=null
04-06 14:22:00.143 30024 30071 E SQLiteDatabase:
android.database.sqlite.SQLiteConstraintException: UNIQUE constraint failed:
message_media.message_row_id (code 1555 SQLITE_CONSTRAINT_PRIMARYKEY)
04-06 14:22:00.143 30024 30071 E SQLiteDatabase: at
android.database.sqlite.SQLiteConnection.nativeExecuteForLastInsertedRowId(Native
Method)
04-06 14:22:00.143 30024 30071 E SQLiteDatabase: at
android.database.sqlite.SQLiteConnection.executeForLastInsertedRowId(SQLiteConnecti
on.java:879)
04-06 14:22:00.143 30024 30071 E SQLiteDatabase: at
android.database.sqlite.SQLiteSession.executeForLastInsertedRowId(SQLiteSession.jav
a:790)
04-06 14:22:00.143 30024 30071 E SQLiteDatabase: at
android.database.sqlite.SQLiteStatement.executeInsert(SQLiteStatement.java:88)
04-06 14:22:00.143 30024 30071 E SQLiteDatabase: at
android.database.sqlite.SQLiteDatabase.insertWithOnConflict(SQLiteDatabase.java:159
9)
04-06 14:22:00.143 30024 30071 E SQLiteDatabase: at
android.database.sqlite.SQLiteDatabase.insert(SQLiteDatabase.java:1468)
04-06 14:22:00.143 30024 30071 E SQLiteDatabase: at X.2tm.A08(Unknown
Source:6)
04-06 14:22:00.143 30024 30071 E SQLiteDatabase: at X.35Y.A07(Unknown
Source:212)
04-06 14:22:00.143 30024 30071 E SQLiteDatabase: at X.3QF.A14(Unknown
Source:470)
04-06 14:22:00.143 30024 30071 E SQLiteDatabase: at X.3gU.run(Unknown
Source:982)
04-06 14:22:00.143 30024 30071 E SQLiteDatabase: at
android.os.Handler.handleCallback(Handler.java:914)
04-06 14:22:00.143 30024 30071 E SQLiteDatabase: at
android.os.Handler.dispatchMessage(Handler.java:100)
04-06 14:22:00.143 30024 30071 E SQLiteDatabase: at
X.0zq.dispatchMessage(Unknown Source:4)
04-06 14:22:00.143 30024 30071 E SQLiteDatabase: at
android.os.Looper.loop(Looper.java:224)
04-06 14:22:00.143 30024 30071 E SQLiteDatabase: at
android.os.HandlerThread.run(HandlerThread.java:67)
04-06 14:22:00.147 30024 30024 W BottomSheetBehavior: BottomSheetBehavior now
supports multiple callbacks. `setBottomSheetCallback()` removes all existing
callbacks, including ones set internally by library authors, which may result in
unintended behavior. This may change in the future. Please use
`addBottomSheetCallback()` and `removeBottomSheetCallback()` instead to set your
own callbacks.
04-06 14:22:00.158 30024 1508 W System : ClassLoader referenced unknown path:
system/framework/mediatek-cta.jar
04-06 14:22:00.177 30024 30024 E ArmVmp : Match on catch block at 0xc3 in for 0xa5
04-06 14:22:00.182 30024 30024 E ArmVmp : Match on catch block at 0xc3 in for 0xa9
04-06 14:22:00.186 30024 1508 W System : ClassLoader referenced unknown path:
system/framework/mediatek-cta.jar
04-06 14:22:00.194 30024 30024 E ArmVmp : Match on catch block at 0xc3 in for 0xa1
04-06 14:22:00.197 30024 30024 E ArmVmp : Match on catch block at 0xc3 in for 0xa5
04-06 14:22:00.207 30024 30024 E ArmVmp : Match on catch block at 0xc3 in for 0xa5
04-06 14:22:00.210 30024 30024 E ArmVmp : Match on catch block at 0xc3 in for 0xa9
04-06 14:22:00.221 30024 30024 E ArmVmp : Match on catch block at 0xc3 in for 0xa9
04-06 14:22:00.226 30024 30024 E ArmVmp : Match on catch block at 0xc3 in for 0xa1
04-06 14:22:00.255 30024 30024 E ArmVmp : Match on catch block at 0xc3 in for 0xa1
04-06 14:22:00.259 30024 30024 E ArmVmp : Match on catch block at 0xc3 in for 0xa5
04-06 14:22:00.289 30024 30024 E ArmVmp : Match on catch block at 0xc3 in for 0xa9
04-06 14:22:00.294 30024 30024 E ArmVmp : Match on catch block at 0xc3 in for 0xa1
04-06 14:22:00.313 30024 30024 E ArmVmp : Match on catch block at 0xc3 in for 0xa1
04-06 14:22:00.317 30024 30024 E ArmVmp : Match on catch block at 0xc3 in for 0xa5
04-06 14:22:00.338 30024 30024 E ArmVmp : Match on catch block at 0xc3 in for 0xa9
04-06 14:22:00.342 30024 30024 E ArmVmp : Match on catch block at 0xc3 in for 0xa1
04-06 14:22:00.386 30024 30024 W InputEventReceiver: Attempted to finish an input
event but the input event receiver has already been disposed.
04-06 14:22:00.390 30024 30024 E ArmVmp : Match on catch block at 0xc3 in for 0xa5
04-06 14:22:00.393 30024 30024 E ArmVmp : Match on catch block at 0xc3 in for 0xa9
04-06 14:22:00.406 30024 30024 E ArmVmp : Match on catch block at 0xc3 in for 0xa9
04-06 14:22:00.411 30024 30024 E ArmVmp : Match on catch block at 0xc3 in for 0xa1
04-06 14:22:00.422 30024 30024 E ArmVmp : Match on catch block at 0xc3 in for 0xa1
04-06 14:22:00.425 30024 30024 E ArmVmp : Match on catch block at 0xc3 in for 0xa5
04-06 14:22:00.439 30024 30024 E ArmVmp : Match on catch block at 0xc3 in for 0xa9
04-06 14:22:00.443 30024 30024 E ArmVmp : Match on catch block at 0xc3 in for 0xa1
04-06 14:22:00.468 30024 30024 E ArmVmp : Match on catch block at 0xc3 in for 0xa5
04-06 14:22:00.473 30024 30024 E ArmVmp : Match on catch block at 0xc3 in for 0xa9
04-06 14:22:00.482 30024 30024 E ArmVmp : Match on catch block at 0xc3 in for 0xa5
04-06 14:22:00.484 30024 30024 E ArmVmp : Match on catch block at 0xc3 in for 0xa9
04-06 14:22:00.491 30024 30024 E ArmVmp : Match on catch block at 0xc3 in for 0xa9
04-06 14:22:00.493 30024 30024 E ArmVmp : Match on catch block at 0xc3 in for 0xa1
04-06 14:22:00.505 30024 30024 E ArmVmp : Match on catch block at 0xc3 in for 0xa1
04-06 14:22:00.508 30024 30024 E ArmVmp : Match on catch block at 0xc3 in for 0xa5
04-06 14:22:00.521 30024 30024 E ArmVmp : Match on catch block at 0xc3 in for 0xa5
04-06 14:22:00.525 30024 30024 E ArmVmp : Match on catch block at 0xc3 in for 0xa9
04-06 14:22:00.538 30024 30024 E ArmVmp : Match on catch block at 0xc3 in for 0xa5
04-06 14:22:00.541 30024 30024 E ArmVmp : Match on catch block at 0xc3 in for 0xa9
04-06 14:22:00.546 30024 31296 W MediaPlayer: Use of stream types is deprecated for
operations other than volume control
04-06 14:22:00.546 30024 31296 W MediaPlayer: See the documentation of
setAudioStreamType() for what to use instead with android.media.AudioAttributes to
qualify your playback use case
04-06 14:22:00.563 30024 30024 E ArmVmp : Match on catch block at 0xc3 in for 0xa5
04-06 14:22:00.568 30024 30024 E ArmVmp : Match on catch block at 0xc3 in for 0xa9
04-06 14:22:00.578 30024 30024 E ArmVmp : Match on catch block at 0xc3 in for 0xa1
04-06 14:22:00.581 30024 30024 E ArmVmp : Match on catch block at 0xc3 in for 0xa5
04-06 14:22:00.587 30024 30024 E ArmVmp : Match on catch block at 0xc3 in for 0xa5
04-06 14:22:00.591 30024 30024 E ArmVmp : Match on catch block at 0xc3 in for 0xa9
04-06 14:22:00.605 30024 30024 E ArmVmp : Match on catch block at 0xc3 in for 0xa9
04-06 14:22:00.607 30024 30024 E ArmVmp : Match on catch block at 0xc3 in for 0xa1
04-06 14:22:00.622 30024 30024 E ArmVmp : Match on catch block at 0xc3 in for 0xa1
04-06 14:22:00.625 30024 30024 E ArmVmp : Match on catch block at 0xc3 in for 0xa5
04-06 14:22:00.639 30024 30024 E ArmVmp : Match on catch block at 0xc3 in for 0xa5
04-06 14:22:00.644 30024 30024 E ArmVmp : Match on catch block at 0xc3 in for 0xa9
04-06 14:22:00.655 30024 30024 E ArmVmp : Match on catch block at 0xc3 in for 0xa9
04-06 14:22:00.659 30024 30024 E ArmVmp : Match on catch block at 0xc3 in for 0xa1
04-06 14:22:00.671 30024 30024 E ArmVmp : Match on catch block at 0xc3 in for 0xa1
04-06 14:22:00.676 30024 30024 E ArmVmp : Match on catch block at 0xc3 in for 0xa5
04-06 14:22:00.688 30024 30024 E ArmVmp : Match on catch block at 0xc3 in for 0xa5
04-06 14:22:00.693 30024 30024 E ArmVmp : Match on catch block at 0xc3 in for 0xa9
04-06 14:22:00.706 30024 30024 E ArmVmp : Match on catch block at 0xc3 in for 0xa9
04-06 14:22:00.712 30024 30024 E ArmVmp : Match on catch block at 0xc3 in for 0xa1
04-06 14:22:00.723 30024 30024 E ArmVmp : Match on catch block at 0xc3 in for 0xa1
04-06 14:22:00.728 30024 30024 E ArmVmp : Match on catch block at 0xc3 in for 0xa5
04-06 14:22:00.739 30024 30024 E ArmVmp : Match on catch block at 0xc3 in for 0xa5
04-06 14:22:00.744 30024 30024 E ArmVmp : Match on catch block at 0xc3 in for 0xa9
04-06 14:22:00.755 30024 30024 E ArmVmp : Match on catch block at 0xc3 in for 0xa9
04-06 14:22:00.760 30024 30024 E ArmVmp : Match on catch block at 0xc3 in for 0xa1
04-06 14:22:00.773 30024 30024 E ArmVmp : Match on catch block at 0xc3 in for 0xa1
04-06 14:22:00.778 30024 30024 E ArmVmp : Match on catch block at 0xc3 in for 0xa5
04-06 14:22:00.789 30024 30024 E ArmVmp : Match on catch block at 0xc3 in for 0xa5
04-06 14:22:00.793 30024 30024 E ArmVmp : Match on catch block at 0xc3 in for 0xa9
04-06 14:22:00.806 30024 30024 E ArmVmp : Match on catch block at 0xc3 in for 0xa9
04-06 14:22:00.810 30024 30024 E ArmVmp : Match on catch block at 0xc3 in for 0xa1
04-06 14:22:00.824 30024 30024 E ArmVmp : Match on catch block at 0xc3 in for 0xa1
04-06 14:22:00.829 30024 30024 E ArmVmp : Match on catch block at 0xc3 in for 0xa5
04-06 14:22:00.839 30024 30024 E ArmVmp : Match on catch block at 0xc3 in for 0xa5
04-06 14:22:00.845 30024 30024 E ArmVmp : Match on catch block at 0xc3 in for 0xa9
04-06 14:22:00.856 30024 30024 E ArmVmp : Match on catch block at 0xc3 in for 0xa9
04-06 14:22:00.861 30024 30024 E ArmVmp : Match on catch block at 0xc3 in for 0xa1
04-06 14:22:00.871 30024 30024 E ArmVmp : Match on catch block at 0xc3 in for 0xa1
04-06 14:22:00.877 30024 30024 E ArmVmp : Match on catch block at 0xc3 in for 0xa5
04-06 14:22:00.889 30024 30024 E ArmVmp : Match on catch block at 0xc3 in for 0xa5
04-06 14:22:00.894 30024 30024 E ArmVmp : Match on catch block at 0xc3 in for 0xa9
04-06 14:22:00.906 30024 30024 E ArmVmp : Match on catch block at 0xc3 in for 0xa9
04-06 14:22:00.909 30024 30024 E ArmVmp : Match on catch block at 0xc3 in for 0xa1
04-06 14:22:00.916 30024 30071 E SQLiteDatabase: Error inserting transferred=1
media_job_uuid=8f7c1634-d209-4e00-a793-61d49d06edd3 transcoded=1 gif_attribution=0
first_scan_length=0 direct_path=/v/t62.7118-
24/30778937_976374124152041_5225833487881733463_n.enc?ccb=11-4&oh=01_ASCtLND-
u2rDaDMJaxayQvT8Ac44rGuZXuxZ5UgMcNKiRA&oe=6638E0FD&_nc_sid=5e03e0
thumbnail_height_width_ratio=2.25 is_animated_sticker=0
file_hash=rQ9cRrYw5IKtj6gI+JogyIHobdjX0o0cmi4IocPeSeI= file_path=Media/MBWhatsApp
Images/Sent/IMG-20240406-WA0013.jpg file_size=373707
partial_media_hash=d5rU9HzMBSqtRcNSFbLAwW5FZn+8Y5Ir8w+JmDFFwmE= face_x=0 face_y=0
height=2340 trim_to=0 media_key_timestamp=1712424121281
message_url=https://mmg.whatsapp.net/v/t62.7118-
24/30778937_976374124152041_5225833487881733463_n.enc?ccb=11-4&oh=01_ASCtLND-
u2rDaDMJaxayQvT8Ac44rGuZXuxZ5UgMcNKiRA&oe=6638E0FD&_nc_sid=5e03e0&mms3=true
media_caption=null trim_from=0 mime_type=null partial_media_enc_hash=null
width=1080 original_file_hash=1NJTYQkNNk30fGM2ZFDZJl2Hd+S9tgyu6YToJf9AkHY=
has_streaming_sidecar=1 autotransfer_retry_enabled=0 media_upload_handle=null
message_row_id=51 multicast_id=null
enc_file_hash=dMoTqxSAt5Z6ryCQLlIfWddnnBP2Qv/DZT1cDJLa6w0= mute_video=0
page_count=0 first_scan_sidecar=null suspicious_content=0 file_length=373707
media_name=ea71e4b7-e580-444b-92d7-9ac8adca49a0.jpg media_duration=0 chat_row_id=5
media_key=[B@eb835bc
04-06 14:22:00.916 30024 30071 E SQLiteDatabase:
android.database.sqlite.SQLiteConstraintException: UNIQUE constraint failed:
message_media.message_row_id (code 1555 SQLITE_CONSTRAINT_PRIMARYKEY)
04-06 14:22:00.916 30024 30071 E SQLiteDatabase: at
android.database.sqlite.SQLiteConnection.nativeExecuteForLastInsertedRowId(Native
Method)
04-06 14:22:00.916 30024 30071 E SQLiteDatabase: at
android.database.sqlite.SQLiteConnection.executeForLastInsertedRowId(SQLiteConnecti
on.java:879)
04-06 14:22:00.916 30024 30071 E SQLiteDatabase: at
android.database.sqlite.SQLiteSession.executeForLastInsertedRowId(SQLiteSession.jav
a:790)
04-06 14:22:00.916 30024 30071 E SQLiteDatabase: at
android.database.sqlite.SQLiteStatement.executeInsert(SQLiteStatement.java:88)
04-06 14:22:00.916 30024 30071 E SQLiteDatabase: at
android.database.sqlite.SQLiteDatabase.insertWithOnConflict(SQLiteDatabase.java:159
9)
04-06 14:22:00.916 30024 30071 E SQLiteDatabase: at
android.database.sqlite.SQLiteDatabase.insert(SQLiteDatabase.java:1468)
04-06 14:22:00.916 30024 30071 E SQLiteDatabase: at X.2tm.A08(Unknown
Source:6)
04-06 14:22:00.916 30024 30071 E SQLiteDatabase: at X.35Y.A07(Unknown
Source:212)
04-06 14:22:00.916 30024 30071 E SQLiteDatabase: at X.3QF.A14(Unknown
Source:470)
04-06 14:22:00.916 30024 30071 E SQLiteDatabase: at X.3gU.run(Unknown
Source:982)
04-06 14:22:00.916 30024 30071 E SQLiteDatabase: at
android.os.Handler.handleCallback(Handler.java:914)
04-06 14:22:00.916 30024 30071 E SQLiteDatabase: at
android.os.Handler.dispatchMessage(Handler.java:100)
04-06 14:22:00.916 30024 30071 E SQLiteDatabase: at
X.0zq.dispatchMessage(Unknown Source:4)
04-06 14:22:00.916 30024 30071 E SQLiteDatabase: at
android.os.Looper.loop(Looper.java:224)
04-06 14:22:00.916 30024 30071 E SQLiteDatabase: at
android.os.HandlerThread.run(HandlerThread.java:67)
04-06 14:22:00.923 30024 30024 E ArmVmp : Match on catch block at 0xc3 in for 0xa9
04-06 14:22:00.926 30024 30024 E ArmVmp : Match on catch block at 0xc3 in for 0xa1
04-06 14:22:00.942 30024 30024 E ArmVmp : Match on catch block at 0xc3 in for 0xa1
04-06 14:22:00.947 30024 30024 E ArmVmp : Match on catch block at 0xc3 in for 0xa5
04-06 14:22:00.958 30024 30024 E ArmVmp : Match on catch block at 0xc3 in for 0xa9
04-06 14:22:00.961 30024 30024 E ArmVmp : Match on catch block at 0xc3 in for 0xa1
04-06 14:22:01.130 30024 30024 E ArmVmp : Match on catch block at 0xc3 in for 0xa5
04-06 14:22:01.135 30024 30024 E ArmVmp : Match on catch block at 0xc3 in for 0xa9
04-06 14:22:01.157 30024 30024 E ArmVmp : Match on catch block at 0xc3 in for 0xa5
04-06 14:22:01.160 30024 30024 E ArmVmp : Match on catch block at 0xc3 in for 0xa9
04-06 14:22:01.170 30024 31296 W MediaPlayer: Use of stream types is deprecated for
operations other than volume control
04-06 14:22:01.170 30024 31296 W MediaPlayer: See the documentation of
setAudioStreamType() for what to use instead with android.media.AudioAttributes to
qualify your playback use case
04-06 14:22:01.172 30024 30024 E ArmVmp : Match on catch block at 0xc3 in for 0xa9
04-06 14:22:01.175 30024 30024 E ArmVmp : Match on catch block at 0xc3 in for 0xa1
04-06 14:22:01.190 30024 30024 E ArmVmp : Match on catch block at 0xc3 in for 0xa5
04-06 14:22:01.193 30024 30024 E ArmVmp : Match on catch block at 0xc3 in for 0xa9
04-06 14:22:01.206 30024 30024 E ArmVmp : Match on catch block at 0xc3 in for 0xa9
04-06 14:22:01.210 30024 30024 E ArmVmp : Match on catch block at 0xc3 in for 0xa1
04-06 14:22:01.222 30024 30024 E ArmVmp : Match on catch block at 0xc3 in for 0xa1
04-06 14:22:01.225 30024 30024 E ArmVmp : Match on catch block at 0xc3 in for 0xa5
04-06 14:22:01.241 30024 30024 E ArmVmp : Match on catch block at 0xc3 in for 0xa5
04-06 14:22:01.245 30024 30024 E ArmVmp : Match on catch block at 0xc3 in for 0xa9
04-06 14:22:01.255 30024 30024 E ArmVmp : Match on catch block at 0xc3 in for 0xa9
04-06 14:22:01.259 30024 30024 E ArmVmp : Match on catch block at 0xc3 in for 0xa1
04-06 14:22:01.271 30024 30024 E ArmVmp : Match on catch block at 0xc3 in for 0xa1
04-06 14:22:01.274 30024 30024 E ArmVmp : Match on catch block at 0xc3 in for 0xa5
04-06 14:22:01.288 30024 30024 E ArmVmp : Match on catch block at 0xc3 in for 0xa5
04-06 14:22:01.291 30024 30024 E ArmVmp : Match on catch block at 0xc3 in for 0xa9
04-06 14:22:01.307 30024 30024 E ArmVmp : Match on catch block at 0xc3 in for 0xa9
04-06 14:22:01.313 30024 30024 E ArmVmp : Match on catch block at 0xc3 in for 0xa1
04-06 14:22:01.323 30024 30024 E ArmVmp : Match on catch block at 0xc3 in for 0xa1
04-06 14:22:01.328 30024 30024 E ArmVmp : Match on catch block at 0xc3 in for 0xa5
04-06 14:22:01.339 30024 30024 E ArmVmp : Match on catch block at 0xc3 in for 0xa5
04-06 14:22:01.343 30024 30024 E ArmVmp : Match on catch block at 0xc3 in for 0xa9
04-06 14:22:01.405 30024 30024 E ArmVmp : Match on catch block at 0xc3 in for 0xa9
04-06 14:22:01.409 30024 30024 E ArmVmp : Match on catch block at 0xc3 in for 0xa1
04-06 14:22:01.589 30024 30024 E ArmVmp : Match on catch block at 0xc3 in for 0xa1
04-06 14:22:01.596 30024 30024 E ArmVmp : Match on catch block at 0xc3 in for 0xa5
04-06 14:22:01.773 30024 30024 E ArmVmp : Match on catch block at 0xc3 in for 0xa5
04-06 14:22:01.778 30024 30024 E ArmVmp : Match on catch block at 0xc3 in for 0xa9
04-06 14:22:01.855 30024 30024 E ArmVmp : Match on catch block at 0xc3 in for 0xa9
04-06 14:22:01.860 30024 30024 E ArmVmp : Match on catch block at 0xc3 in for 0xa1
04-06 14:22:02.054 30024 30024 E ArmVmp : Match on catch block at 0xc3 in for 0xa1
04-06 14:22:02.057 30024 30024 E ArmVmp : Match on catch block at 0xc3 in for 0xa5
04-06 14:22:02.190 30024 30024 E ArmVmp : Match on catch block at 0xc3 in for 0xa5
04-06 14:22:02.195 30024 30024 E ArmVmp : Match on catch block at 0xc3 in for 0xa9
04-06 14:22:02.340 30024 30024 E ArmVmp : Match on catch block at 0xc3 in for 0xa9
04-06 14:22:02.345 30024 30024 E ArmVmp : Match on catch block at 0xc3 in for 0xa1
04-06 14:22:02.523 30024 30024 E ArmVmp : Match on catch block at 0xc3 in for 0xa1
04-06 14:22:02.528 30024 30024 E ArmVmp : Match on catch block at 0xc3 in for 0xa5
04-06 14:22:02.623 30024 30024 E ArmVmp : Match on catch block at 0xc3 in for 0xa1
04-06 14:22:02.628 30024 30024 E ArmVmp : Match on catch block at 0xc3 in for 0xa5
04-06 14:22:02.773 30024 30024 E ArmVmp : Match on catch block at 0xc3 in for 0xa5
04-06 14:22:02.779 30024 30024 E ArmVmp : Match on catch block at 0xc3 in for 0xa9
04-06 14:22:02.789 30024 30024 E ArmVmp : Match on catch block at 0xc3 in for 0xa9
04-06 14:22:02.796 30024 30024 E ArmVmp : Match on catch block at 0xc3 in for 0xa1
04-06 14:22:02.806 30024 30024 E ArmVmp : Match on catch block at 0xc3 in for 0xa1
04-06 14:22:02.811 30024 30024 E ArmVmp : Match on catch block at 0xc3 in for 0xa5
04-06 14:22:02.822 30024 30024 E ArmVmp : Match on catch block at 0xc3 in for 0xa5
04-06 14:22:02.827 30024 30024 E ArmVmp : Match on catch block at 0xc3 in for 0xa9
04-06 14:22:02.839 30024 30024 E ArmVmp : Match on catch block at 0xc3 in for 0xa9
04-06 14:22:02.847 30024 30024 E ArmVmp : Match on catch block at 0xc3 in for 0xa1
04-06 14:22:02.856 30024 30024 E ArmVmp : Match on catch block at 0xc3 in for 0xa1
04-06 14:22:02.861 30024 30024 E ArmVmp : Match on catch block at 0xc3 in for 0xa5
04-06 14:22:02.871 30024 30024 E ArmVmp : Match on catch block at 0xc3 in for 0xa5
04-06 14:22:02.876 30024 30024 E ArmVmp : Match on catch block at 0xc3 in for 0xa9
04-06 14:22:02.889 30024 30024 E ArmVmp : Match on catch block at 0xc3 in for 0xa9
04-06 14:22:02.893 30024 30024 E ArmVmp : Match on catch block at 0xc3 in for 0xa1
04-06 14:22:02.906 30024 30024 E ArmVmp : Match on catch block at 0xc3 in for 0xa1
04-06 14:22:02.910 30024 30024 E ArmVmp : Match on catch block at 0xc3 in for 0xa5
04-06 14:22:02.923 30024 30024 E ArmVmp : Match on catch block at 0xc3 in for 0xa5
04-06 14:22:02.929 30024 30024 E ArmVmp : Match on catch block at 0xc3 in for 0xa9
04-06 14:22:02.939 30024 30024 E ArmVmp : Match on catch block at 0xc3 in for 0xa9
04-06 14:22:02.942 30024 30024 E ArmVmp : Match on catch block at 0xc3 in for 0xa1
04-06 14:22:02.955 30024 30024 E ArmVmp : Match on catch block at 0xc3 in for 0xa1
04-06 14:22:02.959 30024 30024 E ArmVmp : Match on catch block at 0xc3 in for 0xa5
04-06 14:22:02.972 30024 30024 E ArmVmp : Match on catch block at 0xc3 in for 0xa5
04-06 14:22:02.977 30024 30024 E ArmVmp : Match on catch block at 0xc3 in for 0xa9
04-06 14:22:02.989 30024 30024 E ArmVmp : Match on catch block at 0xc3 in for 0xa9
04-06 14:22:02.995 30024 30024 E ArmVmp : Match on catch block at 0xc3 in for 0xa1
04-06 14:22:03.006 30024 30024 E ArmVmp : Match on catch block at 0xc3 in for 0xa1
04-06 14:22:03.011 30024 30024 E ArmVmp : Match on catch block at 0xc3 in for 0xa5
04-06 14:22:03.022 30024 30024 E ArmVmp : Match on catch block at 0xc3 in for 0xa5
04-06 14:22:03.027 30024 30024 E ArmVmp : Match on catch block at 0xc3 in for 0xa9
04-06 14:22:03.073 30024 30024 E ArmVmp : Match on catch block at 0xc3 in for 0xa9
04-06 14:22:03.079 30024 30024 E ArmVmp : Match on catch block at 0xc3 in for 0xa1
04-06 14:22:03.239 30024 30024 E ArmVmp : Match on catch block at 0xc3 in for 0xa1
04-06 14:22:03.244 30024 30024 E ArmVmp : Match on catch block at 0xc3 in for 0xa5
04-06 14:22:03.688 30024 30024 E ArmVmp : Match on catch block at 0xc3 in for 0xa5
04-06 14:22:03.691 30024 30024 E ArmVmp : Match on catch block at 0xc3 in for 0xa9
04-06 14:22:04.005 30024 30024 E ArmVmp : Match on catch block at 0xc3 in for 0xa9
04-06 14:22:04.007 30024 30024 E ArmVmp : Match on catch block at 0xc3 in for 0xa1
04-06 14:22:04.189 30024 30024 E ArmVmp : Match on catch block at 0xc3 in for 0xa1
04-06 14:22:04.195 30024 30024 E ArmVmp : Match on catch block at 0xc3 in for 0xa5
04-06 14:22:04.406 30024 30024 E ArmVmp : Match on catch block at 0xc3 in for 0xa5
04-06 14:22:04.413 30024 30024 E ArmVmp : Match on catch block at 0xc3 in for 0xa9
04-06 14:22:04.623 30024 30024 E ArmVmp : Match on catch block at 0xc3 in for 0xa9
04-06 14:22:04.627 30024 30024 E ArmVmp : Match on catch block at 0xc3 in for 0xa1
04-06 14:22:04.773 30024 30024 E ArmVmp : Match on catch block at 0xc3 in for 0xa1
04-06 14:22:04.779 30024 30024 E ArmVmp : Match on catch block at 0xc3 in for 0xa5
04-06 14:22:04.990 30024 30024 E ArmVmp : Match on catch block at 0xc3 in for 0xa5
04-06 14:22:04.996 30024 30024 E ArmVmp : Match on catch block at 0xc3 in for 0xa9
04-06 14:22:05.239 30024 30024 E ArmVmp : Match on catch block at 0xc3 in for 0xa9
04-06 14:22:05.242 30024 30024 E ArmVmp : Match on catch block at 0xc3 in for 0xa1
04-06 14:22:05.739 30024 30024 E ArmVmp : Match on catch block at 0xc3 in for 0xa1
04-06 14:22:05.742 30024 30024 E ArmVmp : Match on catch block at 0xc3 in for 0xa5
04-06 14:22:05.821 30024 30024 E ArmVmp : Match on catch block at 0xc3 in for 0xa5
04-06 14:22:05.824 30024 30024 E ArmVmp : Match on catch block at 0xc3 in for 0xa9
04-06 14:22:06.326 30024 30024 E ArmVmp : Match on catch block at 0xc3 in for 0xa9
04-06 14:22:06.332 30024 30024 E ArmVmp : Match on catch block at 0xc3 in for 0xa1
04-06 14:22:06.422 30024 30024 E ArmVmp : Match on catch block at 0xc3 in for 0xa1
04-06 14:22:06.425 30024 30024 E ArmVmp : Match on catch block at 0xc3 in for 0xa5
04-06 14:22:06.589 30024 30024 E ArmVmp : Match on catch block at 0xc3 in for 0xa5
04-06 14:22:06.594 30024 30024 E ArmVmp : Match on catch block at 0xc3 in for 0xa9
04-06 14:22:06.846 30024 30024 E ArmVmp : Match on catch block at 0xc3 in for 0xa9
04-06 14:22:06.859 30024 30024 E ArmVmp : Match on catch block at 0xc3 in for 0xa1
04-06 14:22:07.005 30024 30024 E ArmVmp : Match on catch block at 0xc3 in for 0xa1
04-06 14:22:07.008 30024 30024 E ArmVmp : Match on catch block at 0xc3 in for 0xa5
04-06 14:22:07.255 30024 30024 E ArmVmp : Match on catch block at 0xc3 in for 0xa5
04-06 14:22:07.258 30024 30024 E ArmVmp : Match on catch block at 0xc3 in for 0xa9
04-06 14:22:07.278 30024 30024 E ArmVmp : Match on catch block at 0xc3 in for 0xa1
04-06 14:22:07.284 30024 30024 E ArmVmp : Match on catch block at 0xc3 in for 0xa5
04-06 14:22:07.312 30024 30024 E ArmVmp : Match on catch block at 0xc3 in for 0xa1
04-06 14:22:07.317 30024 30024 E ArmVmp : Match on catch block at 0xc3 in for 0xa5
04-06 14:22:07.335 30024 30024 E ArmVmp : Match on catch block at 0xc3 in for 0xa1
04-06 14:22:07.339 30024 30024 E ArmVmp : Match on catch block at 0xc3 in for 0xa5
04-06 14:22:07.350 30024 30024 E ArmVmp : Match on catch block at 0xc3 in for 0xa5
04-06 14:22:07.353 30024 30024 E ArmVmp : Match on catch block at 0xc3 in for 0xa9
04-06 14:22:07.362 30024 30024 E ArmVmp : Match on catch block at 0xc3 in for 0xa9
04-06 14:22:07.365 30024 30024 E ArmVmp : Match on catch block at 0xc3 in for 0xa1
04-06 14:22:07.372 30024 30024 E ArmVmp : Match on catch block at 0xc3 in for 0xa1
04-06 14:22:07.376 30024 30024 E ArmVmp : Match on catch block at 0xc3 in for 0xa5
04-06 14:22:07.390 30024 30024 E ArmVmp : Match on catch block at 0xc3 in for 0xa5
04-06 14:22:07.394 30024 30024 E ArmVmp : Match on catch block at 0xc3 in for 0xa9
04-06 14:22:07.407 30024 30024 E ArmVmp : Match on catch block at 0xc3 in for 0xa9
04-06 14:22:07.411 30024 30024 E ArmVmp : Match on catch block at 0xc3 in for 0xa1
04-06 14:22:07.423 30024 30024 E ArmVmp : Match on catch block at 0xc3 in for 0xa1
04-06 14:22:07.428 30024 30024 E ArmVmp : Match on catch block at 0xc3 in for 0xa5
04-06 14:22:07.439 30024 30024 E ArmVmp : Match on catch block at 0xc3 in for 0xa5
04-06 14:22:07.443 30024 30024 E ArmVmp : Match on catch block at 0xc3 in for 0xa9
04-06 14:22:07.456 30024 30024 E ArmVmp : Match on catch block at 0xc3 in for 0xa9
04-06 14:22:07.459 30024 30024 E ArmVmp : Match on catch block at 0xc3 in for 0xa1
04-06 14:22:07.472 30024 30024 E ArmVmp : Match on catch block at 0xc3 in for 0xa1
04-06 14:22:07.475 30024 30024 E ArmVmp : Match on catch block at 0xc3 in for 0xa5
04-06 14:22:07.631 30024 30024 E ArmVmp : Match on catch block at 0xc3 in for 0xa9
04-06 14:22:07.637 30024 30024 E ArmVmp : Match on catch block at 0xc3 in for 0xa1
04-06 14:22:07.653 30024 30024 E ArmVmp : Match on catch block at 0xc3 in for 0xa9
04-06 14:22:07.656 30024 30024 E ArmVmp : Match on catch block at 0xc3 in for 0xa1
04-06 14:22:07.741 30024 30024 E ArmVmp : Match on catch block at 0xc3 in for 0xa9
04-06 14:22:07.743 30024 30024 E ArmVmp : Match on catch block at 0xc3 in for 0xa1
04-06 14:22:07.748 30024 31296 W MediaPlayer: Use of stream types is deprecated for
operations other than volume control
04-06 14:22:07.748 30024 31296 W MediaPlayer: See the documentation of
setAudioStreamType() for what to use instead with android.media.AudioAttributes to
qualify your playback use case
04-06 14:22:07.755 30024 30024 E ArmVmp : Match on catch block at 0xc3 in for 0xa1
04-06 14:22:07.758 30024 30024 E ArmVmp : Match on catch block at 0xc3 in for 0xa5
04-06 14:22:07.772 30024 30024 E ArmVmp : Match on catch block at 0xc3 in for 0xa5
04-06 14:22:07.774 30024 30024 E ArmVmp : Match on catch block at 0xc3 in for 0xa9
04-06 14:22:08.272 30024 30024 E ArmVmp : Match on catch block at 0xc3 in for 0xa9
04-06 14:22:08.275 30024 30024 E ArmVmp : Match on catch block at 0xc3 in for 0xa1
04-06 14:22:08.772 30024 30024 E ArmVmp : Match on catch block at 0xc3 in for 0xa1
04-06 14:22:08.775 30024 30024 E ArmVmp : Match on catch block at 0xc3 in for 0xa5
04-06 14:22:08.846 30024 30024 E ArmVmp : Match on catch block at 0xc3 in for 0xa9
04-06 14:22:08.848 30024 30024 E ArmVmp : Match on catch block at 0xc3 in for 0xa1
04-06 14:22:08.861 30024 30024 E ArmVmp : Match on catch block at 0xc3 in for 0xa1
04-06 14:22:08.864 30024 30024 E ArmVmp : Match on catch block at 0xc3 in for 0xa5
04-06 14:22:08.887 30024 30024 E GraphicExt:
GraphicExtModuleLoader::CreateGraphicExtInstance false
04-06 14:22:08.924 30024 30024 E ArmVmp : Match on catch block at 0xc3 in for 0xa1
04-06 14:22:08.927 30024 30024 E ArmVmp : Match on catch block at 0xc3 in for 0xa5
04-06 14:22:09.456 30024 30024 E ArmVmp : Match on catch block at 0xc3 in for 0xa1
04-06 14:22:09.461 30024 30024 E ArmVmp : Match on catch block at 0xc3 in for 0xa5
04-06 14:22:09.903 30024 30024 W ActivityThread: handleWindowVisibility: no
activity for token android.os.BinderProxy@ed9da03
04-06 14:22:10.028 30024 30024 E ArmVmp : Match on catch block at 0x0a in for 0xc5
04-06 14:22:10.030 30024 30024 E ArmVmp : Match on catch block at 0x0a in for 0xc1
04-06 14:22:10.030 30024 31827 W System : ClassLoader referenced unknown path:
system/framework/mediatek-cta.jar
04-06 14:22:10.066 30024 30024 E GraphicExt:
GraphicExtModuleLoader::CreateGraphicExtInstance false
04-06 14:22:10.104 30024 31827 W System : ClassLoader referenced unknown path:
system/framework/mediatek-cta.jar
04-06 14:22:10.185 30024 30024 E ArmVmp : Match on catch block at 0xc3 in for 0xb1
04-06 14:22:10.189 30024 30024 E ArmVmp : Match on catch block at 0xc3 in for 0xb1
04-06 14:22:10.226 30024 30024 E ArmVmp : Match on catch block at 0xc3 in for 0xa5
04-06 14:22:10.228 30024 30024 E ArmVmp : Match on catch block at 0xc3 in for 0xa9
04-06 14:22:10.230 30024 30024 E ArmVmp : Match on catch block at 0xc3 in for 0xa9
04-06 14:22:10.254 30024 30024 E ArmVmp : Match on catch block at 0xc3 in for 0xa5
04-06 14:22:10.256 30024 30024 E ArmVmp : Match on catch block at 0xc3 in for 0xa9
04-06 14:22:10.275 30024 30024 E ArmVmp : Match on catch block at 0xc3 in for 0xa9
04-06 14:22:10.278 30024 30024 E ArmVmp : Match on catch block at 0xc3 in for 0xa1
04-06 14:22:10.281 30024 30024 E ArmVmp : Match on catch block at 0xc3 in for 0xa1
04-06 14:22:10.294 30024 30024 E ArmVmp : Match on catch block at 0xc3 in for 0xa5
04-06 14:22:10.298 30024 30024 E ArmVmp : Match on catch block at 0xc3 in for 0xa9
04-06 14:22:10.299 30024 30024 E ArmVmp : Match on catch block at 0xc3 in for 0xa9
04-06 14:22:10.323 30024 30024 E ArmVmp : Match on catch block at 0xc3 in for 0xa1
04-06 14:22:10.326 30024 30024 E ArmVmp : Match on catch block at 0xc3 in for 0xa5
04-06 14:22:10.328 30024 30024 E ArmVmp : Match on catch block at 0xc3 in for 0xa5
04-06 14:22:10.356 30024 30024 E ArmVmp : Match on catch block at 0xc3 in for 0xa9
04-06 14:22:10.359 30024 30024 E ArmVmp : Match on catch block at 0xc3 in for 0xa1
04-06 14:22:10.362 30024 30024 E ArmVmp : Match on catch block at 0xc3 in for 0xa1
04-06 14:22:10.390 30024 30024 E ArmVmp : Match on catch block at 0xc3 in for 0xa5
04-06 14:22:10.394 30024 30024 E ArmVmp : Match on catch block at 0xc3 in for 0xa9
04-06 14:22:10.399 30024 30024 E ArmVmp : Match on catch block at 0xc3 in for 0xa9
04-06 14:22:10.441 30024 30024 E ArmVmp : Match on catch block at 0xc3 in for 0xa1
04-06 14:22:10.445 30024 30024 E ArmVmp : Match on catch block at 0xc3 in for 0xa5
04-06 14:22:10.449 30024 30024 E ArmVmp : Match on catch block at 0xc3 in for 0xa5
04-06 14:22:10.456 30024 30024 E ArmVmp : Match on catch block at 0xc3 in for 0xa9
04-06 14:22:10.461 30024 30024 E ArmVmp : Match on catch block at 0xc3 in for 0xa1
04-06 14:22:10.464 30024 30024 E ArmVmp : Match on catch block at 0xc3 in for 0xa1
04-06 14:22:10.509 30024 30024 E ArmVmp : Match on catch block at 0xc3 in for 0xa5
04-06 14:22:10.515 30024 30024 E ArmVmp : Match on catch block at 0xc3 in for 0xa9
04-06 14:22:10.518 30024 30024 E ArmVmp : Match on catch block at 0xc3 in for 0xa9
04-06 14:22:10.562 30024 30024 E ArmVmp : Match on catch block at 0xc3 in for 0xa1
04-06 14:22:10.567 30024 30024 E ArmVmp : Match on catch block at 0xc3 in for 0xa5
04-06 14:22:10.570 30024 30024 E ArmVmp : Match on catch block at 0xc3 in for 0xa5
04-06 14:22:10.583 30024 30024 E ArmVmp : Match on catch block at 0xc3 in for 0xa1
04-06 14:22:10.587 30024 30024 E ArmVmp : Match on catch block at 0xc3 in for 0xa5
04-06 14:22:10.591 30024 30024 E ArmVmp : Match on catch block at 0xc3 in for 0xa5
04-06 14:22:10.624 30024 30024 E ArmVmp : Match on catch block at 0xc3 in for 0xa9
04-06 14:22:10.627 30024 30024 E ArmVmp : Match on catch block at 0xc3 in for 0xa1
04-06 14:22:10.630 30024 30024 E ArmVmp : Match on catch block at 0xc3 in for 0xa1
04-06 14:22:10.674 30024 30024 E ArmVmp : Match on catch block at 0xc3 in for 0xa5
04-06 14:22:10.680 30024 30024 E ArmVmp : Match on catch block at 0xc3 in for 0xa9
04-06 14:22:10.683 30024 30024 E ArmVmp : Match on catch block at 0xc3 in for 0xa9
04-06 14:22:10.725 30024 30024 E ArmVmp : Match on catch block at 0xc3 in for 0xa1
04-06 14:22:10.730 30024 30024 E ArmVmp : Match on catch block at 0xc3 in for 0xa5
04-06 14:22:10.733 30024 30024 E ArmVmp : Match on catch block at 0xc3 in for 0xa5
04-06 14:22:10.790 30024 30024 E ArmVmp : Match on catch block at 0xc3 in for 0xa9
04-06 14:22:10.794 30024 30024 E ArmVmp : Match on catch block at 0xc3 in for 0xa1
04-06 14:22:10.798 30024 30024 E ArmVmp : Match on catch block at 0xc3 in for 0xa1
04-06 14:22:10.824 30024 30024 E ArmVmp : Match on catch block at 0xc3 in for 0xa5
04-06 14:22:10.828 30024 30024 E ArmVmp : Match on catch block at 0xc3 in for 0xa9
04-06 14:22:10.856 30024 30024 E ArmVmp : Match on catch block at 0xc3 in for 0xa9
04-06 14:22:10.859 30024 30024 E ArmVmp : Match on catch block at 0xc3 in for 0xa1
04-06 14:22:10.862 30024 30024 E ArmVmp : Match on catch block at 0xc3 in for 0xa1
04-06 14:22:10.872 30024 30024 E ArmVmp : Match on catch block at 0xc3 in for 0xa5
04-06 14:22:10.877 30024 30024 E ArmVmp : Match on catch block at 0xc3 in for 0xa9
04-06 14:22:10.880 30024 30024 E ArmVmp : Match on catch block at 0xc3 in for 0xa9
04-06 14:22:10.890 30024 30024 E ArmVmp : Match on catch block at 0xc3 in for 0xa1
04-06 14:22:10.893 30024 30024 E ArmVmp : Match on catch block at 0xc3 in for 0xa5
04-06 14:22:10.896 30024 30024 E ArmVmp : Match on catch block at 0xc3 in for 0xa5
04-06 14:22:10.907 30024 30024 E ArmVmp : Match on catch block at 0xc3 in for 0xa9
04-06 14:22:10.910 30024 30024 E ArmVmp : Match on catch block at 0xc3 in for 0xa1
04-06 14:22:10.913 30024 30024 E ArmVmp : Match on catch block at 0xc3 in for 0xa1
04-06 14:22:10.923 30024 30024 E ArmVmp : Match on catch block at 0xc3 in for 0xa5
04-06 14:22:10.927 30024 30024 E ArmVmp : Match on catch block at 0xc3 in for 0xa9
04-06 14:22:10.931 30024 30024 E ArmVmp : Match on catch block at 0xc3 in for 0xa9
04-06 14:22:10.941 30024 30024 E ArmVmp : Match on catch block at 0xc3 in for 0xa1
04-06 14:22:10.945 30024 30024 E ArmVmp : Match on catch block at 0xc3 in for 0xa5
04-06 14:22:10.948 30024 30024 E ArmVmp : Match on catch block at 0xc3 in for 0xa5
04-06 14:22:10.957 30024 30024 E ArmVmp : Match on catch block at 0xc3 in for 0xa1
04-06 14:22:10.961 30024 30024 E ArmVmp : Match on catch block at 0xc3 in for 0xa5
04-06 14:22:10.965 30024 30024 E ArmVmp : Match on catch block at 0xc3 in for 0xa5
04-06 14:22:10.975 30024 30024 E ArmVmp : Match on catch block at 0xc3 in for 0xa1
04-06 14:22:10.978 30024 30024 E ArmVmp : Match on catch block at 0xc3 in for 0xa5
04-06 14:22:10.982 30024 30024 E ArmVmp : Match on catch block at 0xc3 in for 0xa5
04-06 14:22:10.998 30024 30024 E ArmVmp : Match on catch block at 0xc3 in for 0xa9
04-06 14:22:11.003 30024 30024 E ArmVmp : Match on catch block at 0xc3 in for 0xa1
04-06 14:22:11.006 30024 30024 E ArmVmp : Match on catch block at 0xc3 in for 0xa1
04-06 14:22:11.011 30024 30024 E ArmVmp : Match on catch block at 0xc3 in for 0xa5
04-06 14:22:11.015 30024 30024 E ArmVmp : Match on catch block at 0xc3 in for 0xa9
04-06 14:22:11.044 30024 30024 E ArmVmp : Match on catch block at 0xc3 in for 0xa9
04-06 14:22:11.046 30024 30024 E ArmVmp : Match on catch block at 0xc3 in for 0xa1
04-06 14:22:11.048 30024 30024 E ArmVmp : Match on catch block at 0xc3 in for 0xa1
04-06 14:22:11.057 30024 30024 E ArmVmp : Match on catch block at 0xc3 in for 0xa5
04-06 14:22:11.060 30024 30024 E ArmVmp : Match on catch block at 0xc3 in for 0xa9
04-06 14:22:11.062 30024 30024 E ArmVmp : Match on catch block at 0xc3 in for 0xa9
04-06 14:22:11.073 30024 30024 E ArmVmp : Match on catch block at 0xc3 in for 0xa1
04-06 14:22:11.075 30024 30024 E ArmVmp : Match on catch block at 0xc3 in for 0xa5
04-06 14:22:11.077 30024 30024 E ArmVmp : Match on catch block at 0xc3 in for 0xa5
04-06 14:22:11.090 30024 30024 E ArmVmp : Match on catch block at 0xc3 in for 0xa9
04-06 14:22:11.094 30024 30024 E ArmVmp : Match on catch block at 0xc3 in for 0xa1
04-06 14:22:11.097 30024 30024 E ArmVmp : Match on catch block at 0xc3 in for 0xa1
04-06 14:22:11.106 30024 30024 E ArmVmp : Match on catch block at 0xc3 in for 0xa5
04-06 14:22:11.109 30024 30024 E ArmVmp : Match on catch block at 0xc3 in for 0xa9
04-06 14:22:11.111 30024 30024 E ArmVmp : Match on catch block at 0xc3 in for 0xa9
04-06 14:22:11.122 30024 30024 E ArmVmp : Match on catch block at 0xc3 in for 0xa1
04-06 14:22:11.124 30024 30024 E ArmVmp : Match on catch block at 0xc3 in for 0xa5
04-06 14:22:11.126 30024 30024 E ArmVmp : Match on catch block at 0xc3 in for 0xa5
04-06 14:22:11.139 30024 30024 E ArmVmp : Match on catch block at 0xc3 in for 0xa9
04-06 14:22:11.143 30024 30024 E ArmVmp : Match on catch block at 0xc3 in for 0xa1
04-06 14:22:11.151 30024 30024 E ArmVmp : Match on catch block at 0xc3 in for 0xa1
04-06 14:22:11.156 30024 30024 E ArmVmp : Match on catch block at 0xc3 in for 0xa5
04-06 14:22:11.159 30024 30024 E ArmVmp : Match on catch block at 0xc3 in for 0xa9
04-06 14:22:11.162 30024 30024 E ArmVmp : Match on catch block at 0xc3 in for 0xa9
04-06 14:22:11.291 30024 30024 E ArmVmp : Match on catch block at 0xc3 in for 0xa1
04-06 14:22:11.295 30024 30024 E ArmVmp : Match on catch block at 0xc3 in for 0xa5
04-06 14:22:11.299 30024 30024 E ArmVmp : Match on catch block at 0xc3 in for 0xa5
04-06 14:22:11.795 30024 30024 E ArmVmp : Match on catch block at 0xc3 in for 0xa9
04-06 14:22:11.798 30024 30024 E ArmVmp : Match on catch block at 0xc3 in for 0xa1
04-06 14:22:11.801 30024 30024 E ArmVmp : Match on catch block at 0xc3 in for 0xa1
04-06 14:22:11.961 30024 30024 E ArmVmp : Match on catch block at 0xc3 in for 0xa9
04-06 14:22:11.965 30024 30024 E ArmVmp : Match on catch block at 0xc3 in for 0xa1
04-06 14:22:11.968 30024 30024 E ArmVmp : Match on catch block at 0xc3 in for 0xa1
04-06 14:22:11.980 30024 30024 E ArmVmp : Match on catch block at 0xc3 in for 0xa1
04-06 14:22:11.985 30024 30024 E ArmVmp : Match on catch block at 0xc3 in for 0xa5
04-06 14:22:11.988 30024 30024 E ArmVmp : Match on catch block at 0xc3 in for 0xa5
04-06 14:22:12.008 30024 30024 E ArmVmp : Match on catch block at 0xc3 in for 0xa9
04-06 14:22:12.012 30024 30024 E ArmVmp : Match on catch block at 0xc3 in for 0xa1
04-06 14:22:12.015 30024 30024 E ArmVmp : Match on catch block at 0xc3 in for 0xa1
04-06 14:22:12.024 30024 30024 E ArmVmp : Match on catch block at 0xc3 in for 0xa5
04-06 14:22:12.029 30024 30024 E ArmVmp : Match on catch block at 0xc3 in for 0xa9
04-06 14:22:12.032 30024 30024 E ArmVmp : Match on catch block at 0xc3 in for 0xa9
04-06 14:22:12.040 30024 30024 E ArmVmp : Match on catch block at 0xc3 in for 0xa1
04-06 14:22:12.042 30024 30024 E ArmVmp : Match on catch block at 0xc3 in for 0xa5
04-06 14:22:12.044 30024 30024 E ArmVmp : Match on catch block at 0xc3 in for 0xa5
04-06 14:22:12.057 30024 30024 E ArmVmp : Match on catch block at 0xc3 in for 0xa9
04-06 14:22:12.061 30024 30024 E ArmVmp : Match on catch block at 0xc3 in for 0xa1
04-06 14:22:12.065 30024 30024 E ArmVmp : Match on catch block at 0xc3 in for 0xa1
04-06 14:22:12.077 30024 30024 E ArmVmp : Match on catch block at 0xc3 in for 0xa5
04-06 14:22:12.080 30024 30024 E ArmVmp : Match on catch block at 0xc3 in for 0xa9
04-06 14:22:12.083 30024 30024 E ArmVmp : Match on catch block at 0xc3 in for 0xa9
04-06 14:22:12.089 30024 30024 E ArmVmp : Match on catch block at 0xc3 in for 0xa1
04-06 14:22:12.094 30024 30024 E ArmVmp : Match on catch block at 0xc3 in for 0xa5
04-06 14:22:12.098 30024 30024 E ArmVmp : Match on catch block at 0xc3 in for 0xa5
04-06 14:22:12.107 30024 30024 E ArmVmp : Match on catch block at 0xc3 in for 0xa9
04-06 14:22:12.112 30024 30024 E ArmVmp : Match on catch block at 0xc3 in for 0xa1
04-06 14:22:12.114 30024 30024 E ArmVmp : Match on catch block at 0xc3 in for 0xa1
04-06 14:22:12.124 30024 30024 E ArmVmp : Match on catch block at 0xc3 in for 0xa5
04-06 14:22:12.128 30024 30024 E ArmVmp : Match on catch block at 0xc3 in for 0xa9
04-06 14:22:12.131 30024 30024 E ArmVmp : Match on catch block at 0xc3 in for 0xa9
04-06 14:22:12.140 30024 30024 E ArmVmp : Match on catch block at 0xc3 in for 0xa1
04-06 14:22:12.144 30024 30024 E ArmVmp : Match on catch block at 0xc3 in for 0xa5
04-06 14:22:12.147 30024 30024 E ArmVmp : Match on catch block at 0xc3 in for 0xa5
04-06 14:22:12.156 30024 30024 E ArmVmp : Match on catch block at 0xc3 in for 0xa9
04-06 14:22:12.160 30024 30024 E ArmVmp : Match on catch block at 0xc3 in for 0xa1
04-06 14:22:12.162 30024 30024 E ArmVmp : Match on catch block at 0xc3 in for 0xa1
04-06 14:22:12.307 30024 30024 E ArmVmp : Match on catch block at 0xc3 in for 0xa5
04-06 14:22:12.310 30024 30024 E ArmVmp : Match on catch block at 0xc3 in for 0xa9
04-06 14:22:12.314 30024 30024 E ArmVmp : Match on catch block at 0xc3 in for 0xa9
04-06 14:22:12.491 30024 30024 E ArmVmp : Match on catch block at 0xc3 in for 0xa1
04-06 14:22:12.495 30024 30024 E ArmVmp : Match on catch block at 0xc3 in for 0xa5
04-06 14:22:12.499 30024 30024 E ArmVmp : Match on catch block at 0xc3 in for 0xa5
04-06 14:22:12.560 30024 30024 E ArmVmp : Match on catch block at 0xc3 in for 0xa9
04-06 14:22:12.565 30024 30024 E ArmVmp : Match on catch block at 0xc3 in for 0xa1
04-06 14:22:12.568 30024 30024 E ArmVmp : Match on catch block at 0xc3 in for 0xa1
04-06 14:22:12.589 30024 30024 E ArmVmp : Match on catch block at 0xc3 in for 0xa9
04-06 14:22:12.593 30024 30024 E ArmVmp : Match on catch block at 0xc3 in for 0xa1
04-06 14:22:12.613 30024 30024 E ArmVmp : Match on catch block at 0xc3 in for 0xa1
04-06 14:22:12.617 30024 30024 E ArmVmp : Match on catch block at 0xc3 in for 0xa5
04-06 14:22:12.645 30024 30024 E ArmVmp : Match on catch block at 0xc3 in for 0xa1
04-06 14:22:12.648 30024 30024 E ArmVmp : Match on catch block at 0xc3 in for 0xa5
04-06 14:22:12.668 30024 30024 E ArmVmp : Match on catch block at 0xc3 in for 0xa5
04-06 14:22:12.671 30024 30024 E ArmVmp : Match on catch block at 0xc3 in for 0xa9
04-06 14:22:12.679 30024 30024 E ArmVmp : Match on catch block at 0xc3 in for 0xa9
04-06 14:22:12.682 30024 30024 E ArmVmp : Match on catch block at 0xc3 in for 0xa1
04-06 14:22:12.689 30024 30024 E ArmVmp : Match on catch block at 0xc3 in for 0xa9
04-06 14:22:12.693 30024 30024 E ArmVmp : Match on catch block at 0xc3 in for 0xa1
04-06 14:22:12.706 30024 30024 E ArmVmp : Match on catch block at 0xc3 in for 0xa9
04-06 14:22:12.708 30024 30024 E ArmVmp : Match on catch block at 0xc3 in for 0xa1
04-06 14:22:12.723 30024 30024 E ArmVmp : Match on catch block at 0xc3 in for 0xa9
04-06 14:22:12.725 30024 30024 E ArmVmp : Match on catch block at 0xc3 in for 0xa1
04-06 14:22:12.741 30024 30024 E ArmVmp : Match on catch block at 0xc3 in for 0xa9
04-06 14:22:12.745 30024 30024 E ArmVmp : Match on catch block at 0xc3 in for 0xa1
04-06 14:22:12.757 30024 30024 E ArmVmp : Match on catch block at 0xc3 in for 0xa9
04-06 14:22:12.762 30024 30024 E ArmVmp : Match on catch block at 0xc3 in for 0xa1
04-06 14:22:12.774 30024 30024 E ArmVmp : Match on catch block at 0xc3 in for 0xa9
04-06 14:22:12.779 30024 30024 E ArmVmp : Match on catch block at 0xc3 in for 0xa1
04-06 14:22:12.845 30024 30024 E ArmVmp : Match on catch block at 0xc3 in for 0xa1
04-06 14:22:12.850 30024 30024 E ArmVmp : Match on catch block at 0xc3 in for 0xa5
04-06 14:22:12.856 30024 31296 W MediaPlayer: Use of stream types is deprecated for
operations other than volume control
04-06 14:22:12.856 30024 31296 W MediaPlayer: See the documentation of
setAudioStreamType() for what to use instead with android.media.AudioAttributes to
qualify your playback use case
04-06 14:22:12.858 30024 30024 E ArmVmp : Match on catch block at 0xc3 in for 0xa1
04-06 14:22:12.861 30024 30024 E ArmVmp : Match on catch block at 0xc3 in for 0xa5
04-06 14:22:13.092 30024 30024 E ArmVmp : Match on catch block at 0xc3 in for 0xa9
04-06 14:22:13.097 30024 30024 E ArmVmp : Match on catch block at 0xc3 in for 0xa1
04-06 14:22:13.326 30024 30024 E ArmVmp : Match on catch block at 0xc3 in for 0xa1
04-06 14:22:13.328 30024 30024 E ArmVmp : Match on catch block at 0xc3 in for 0xa5
04-06 14:22:13.349 30024 30024 E ArmVmp : Match on catch block at 0xc3 in for 0xa5
04-06 14:22:13.353 30024 30024 E ArmVmp : Match on catch block at 0xc3 in for 0xa9
04-06 14:22:13.362 30024 30024 E ArmVmp : Match on catch block at 0xc3 in for 0xa5
04-06 14:22:13.366 30024 30024 E ArmVmp : Match on catch block at 0xc3 in for 0xa9
04-06 14:22:13.592 30024 30024 E ArmVmp : Match on catch block at 0xc3 in for 0xa5
04-06 14:22:13.597 30024 30024 E ArmVmp : Match on catch block at 0xc3 in for 0xa9
04-06 14:22:13.913 30024 30024 E ArmVmp : Match on catch block at 0xc3 in for 0xa9
04-06 14:22:13.918 30024 30024 E ArmVmp : Match on catch block at 0xc3 in for 0xa1
04-06 14:22:13.938 30024 30024 E ArmVmp : Match on catch block at 0xc3 in for 0xa5
04-06 14:22:13.943 30024 30024 E ArmVmp : Match on catch block at 0xc3 in for 0xa9
04-06 14:22:13.957 30024 30024 E ArmVmp : Match on catch block at 0xc3 in for 0xa5
04-06 14:22:13.962 30024 30024 E ArmVmp : Match on catch block at 0xc3 in for 0xa9
04-06 14:22:13.974 30024 30024 E ArmVmp : Match on catch block at 0xc3 in for 0xa5
04-06 14:22:13.976 30024 30024 E ArmVmp : Match on catch block at 0xc3 in for 0xa9
04-06 14:22:13.991 30024 30024 E ArmVmp : Match on catch block at 0xc3 in for 0xa5
04-06 14:22:13.995 30024 30024 E ArmVmp : Match on catch block at 0xc3 in for 0xa9
04-06 14:22:14.007 30024 30024 E ArmVmp : Match on catch block at 0xc3 in for 0xa5
04-06 14:22:14.011 30024 30024 E ArmVmp : Match on catch block at 0xc3 in for 0xa9
04-06 14:22:14.026 30024 30024 E ArmVmp : Match on catch block at 0xc3 in for 0xa5
04-06 14:22:14.031 30024 30024 E ArmVmp : Match on catch block at 0xc3 in for 0xa9
04-06 14:22:14.039 30024 30038 W RefBase : CallStack::getCurrentInternal not
linked, returning null
04-06 14:22:14.039 30024 30038 W RefBase : CallStack::logStackInternal not linked
04-06 14:22:14.042 30024 30024 E ArmVmp : Match on catch block at 0xc3 in for 0xa5
04-06 14:22:14.046 30024 30024 E ArmVmp : Match on catch block at 0xc3 in for 0xa9
04-06 14:22:14.057 30024 30024 E ArmVmp : Match on catch block at 0xc3 in for 0xa5
04-06 14:22:14.062 30024 30024 E ArmVmp : Match on catch block at 0xc3 in for 0xa9
04-06 14:22:14.074 30024 30024 E ArmVmp : Match on catch block at 0xc3 in for 0xa5
04-06 14:22:14.079 30024 30024 E ArmVmp : Match on catch block at 0xc3 in for 0xa9
04-06 14:22:14.091 30024 30024 E ArmVmp : Match on catch block at 0xc3 in for 0xa5
