denied { read } for name="u:object_r:mtkcam_prop:s0" dev="tmpfs" ino=317
scontext=u:r:untrusted_app:s0:c225,c256,c512,c768
tcontext=u:object_r:mtkcam_prop:s0 tclass=file permissive=0
04-06 14:26:40.778 4552 6167 E libc : Access denied finding property
"vendor.debug.bq.dump"
04-06 14:26:40.772 4552 4552 W VideoPort_24373: type=1400 audit(0.0:4875): avc:
denied { read } for name="u:object_r:debug_bq_dump_prop:s0" dev="tmpfs" ino=92
scontext=u:r:untrusted_app:s0:c225,c256,c512,c768
tcontext=u:object_r:debug_bq_dump_prop:s0 tclass=file permissive=0
04-06 14:26:40.778 4552 6167 E libc : Access denied finding property
"vendor.debug.bq.dump"
04-06 14:26:40.778 4552 6167 E libc : Access denied finding property
"vendor.debug.bq.dump"
04-06 14:26:40.776 4552 4552 W VideoPort_24373: type=1400 audit(0.0:4876): avc:
denied { read } for name="u:object_r:debug_bq_dump_prop:s0" dev="tmpfs" ino=92
scontext=u:r:untrusted_app:s0:c225,c256,c512,c768
tcontext=u:object_r:debug_bq_dump_prop:s0 tclass=file permissive=0
04-06 14:26:40.776 4552 4552 W VideoPort_24373: type=1400 audit(0.0:4877): avc:
denied { read } for name="u:object_r:debug_bq_dump_prop:s0" dev="tmpfs" ino=92
scontext=u:r:untrusted_app:s0:c225,c256,c512,c768
tcontext=u:object_r:debug_bq_dump_prop:s0 tclass=file permissive=0
04-06 14:26:40.779 4552 6060 E GraphicExt:
GraphicExtModuleLoader::CreateGraphicExtInstance false
04-06 14:26:41.284 4552 4577 W RefBase : CallStack::getCurrentInternal not
linked, returning null
04-06 14:26:41.284 4552 4577 W RefBase : CallStack::logStackInternal not linked
04-06 14:26:41.837 4552 4579 E BufferQueueProducer: [SurfaceTexture-4-4552-6]
(this:0x784bdf4800,id:9,api:4,p:665,c:-1) dequeueBuffer: BufferQueue has been
abandoned
04-06 14:26:41.842 4552 4579 E BufferQueueProducer: [SurfaceTexture-4-4552-6]
(this:0x784bdf4800,id:9,api:4,p:665,c:-1) queueBuffer: BufferQueue has been
abandoned
04-06 14:26:41.877 4552 4581 E BufferQueueProducer: [SurfaceTexture-4-4552-6]
(this:0x784bdf4800,id:9,api:4,p:665,c:-1) queueBuffer: BufferQueue has been
abandoned
04-06 14:26:41.907 4552 4552 E GraphicExt:
GraphicExtModuleLoader::CreateGraphicExtInstance false
04-06 14:26:41.911 4552 4579 E BufferQueueProducer: [SurfaceTexture-4-4552-6]
(this:0x784bdf4800,id:9,api:4,p:665,c:-1) queueBuffer: BufferQueue has been
abandoned
04-06 14:26:41.920 4552 4552 W BottomSheetBehavior: BottomSheetBehavior now
supports multiple callbacks. `setBottomSheetCallback()` removes all existing
callbacks, including ones set internally by library authors, which may result in
unintended behavior. This may change in the future. Please use
`addBottomSheetCallback()` and `removeBottomSheetCallback()` instead to set your
own callbacks.
04-06 14:26:41.946 4552 4579 E BufferQueueProducer: [SurfaceTexture-4-4552-6]
(this:0x784bdf4800,id:9,api:4,p:665,c:-1) queueBuffer: BufferQueue has been
abandoned
04-06 14:26:41.979 4552 4581 E BufferQueueProducer: [SurfaceTexture-4-4552-6]
(this:0x784bdf4800,id:9,api:4,p:665,c:-1) queueBuffer: BufferQueue has been
abandoned
04-06 14:26:44.162 4552 4552 E GraphicExt:
GraphicExtModuleLoader::CreateGraphicExtInstance false
04-06 14:26:44.347 4552 4552 E GraphicExt:
GraphicExtModuleLoader::CreateGraphicExtInstance false
04-06 14:26:46.761 4552 4552 W ActivityThread: handleWindowVisibility: no
activity for token android.os.BinderProxy@28359df
04-06 14:26:46.895 4552 4552 E ArmVmp : Match on catch block at 0x0a in for 0xc9
04-06 14:26:46.896 4552 5946 W System : ClassLoader referenced unknown path:
system/framework/mediatek-cta.jar
04-06 14:26:46.897 4552 4552 E ArmVmp : Match on catch block at 0x0a in for 0xc5
04-06 14:26:46.938 4552 4552 E GraphicExt:
GraphicExtModuleLoader::CreateGraphicExtInstance false
04-06 14:26:46.951 4552 5946 W System : ClassLoader referenced unknown path:
system/framework/mediatek-cta.jar
04-06 14:26:47.055 4552 4552 E ArmVmp : Match on catch block at 0xc3 in for 0xb5
04-06 14:26:47.058 4552 4552 E ArmVmp : Match on catch block at 0xc3 in for 0xb5
04-06 14:26:47.061 4552 4552 E ArmVmp : Match on catch block at 0xc3 in for 0xb5
04-06 14:26:47.112 4552 4552 E ArmVmp : Match on catch block at 0xc3 in for 0xa5
04-06 14:26:47.115 4552 4552 E ArmVmp : Match on catch block at 0xc3 in for 0xa9
04-06 14:26:47.116 4552 4552 E ArmVmp : Match on catch block at 0xc3 in for 0xa9
04-06 14:26:47.152 4552 4552 E ArmVmp : Match on catch block at 0xc3 in for 0xa1
04-06 14:26:47.155 4552 4552 E ArmVmp : Match on catch block at 0xc3 in for 0xa5
04-06 14:26:47.157 4552 4552 E ArmVmp : Match on catch block at 0xc3 in for 0xa5
04-06 14:26:47.181 4552 4552 E ArmVmp : Match on catch block at 0xc3 in for 0xa5
04-06 14:26:47.187 4552 4552 E ArmVmp : Match on catch block at 0xc3 in for 0xa9
04-06 14:26:47.188 4552 4552 E ArmVmp : Match on catch block at 0xc3 in for 0xa9
04-06 14:26:47.198 4552 4552 E ArmVmp : Match on catch block at 0xc3 in for 0xa9
04-06 14:26:47.201 4552 4552 E ArmVmp : Match on catch block at 0xc3 in for 0xa1
04-06 14:26:47.203 4552 4552 E ArmVmp : Match on catch block at 0xc3 in for 0xa1
04-06 14:26:47.265 4552 4552 E ArmVmp : Match on catch block at 0xc3 in for 0xa5
04-06 14:26:47.268 4552 4552 E ArmVmp : Match on catch block at 0xc3 in for 0xa9
04-06 14:26:47.271 4552 4552 E ArmVmp : Match on catch block at 0xc3 in for 0xa9
04-06 14:26:47.282 4552 4552 E ArmVmp : Match on catch block at 0xc3 in for 0xa1
04-06 14:26:47.285 4552 4552 E ArmVmp : Match on catch block at 0xc3 in for 0xa5
04-06 14:26:47.288 4552 4552 E ArmVmp : Match on catch block at 0xc3 in for 0xa5
04-06 14:26:47.645 4552 4552 E ArmVmp : Match on catch block at 0xc3 in for 0xa1
04-06 14:26:47.650 4552 4552 E ArmVmp : Match on catch block at 0xc3 in for 0xa5
04-06 14:26:47.653 4552 4552 E ArmVmp : Match on catch block at 0xc3 in for 0xa5
04-06 14:26:47.729 4552 4552 E ArmVmp : Match on catch block at 0xc3 in for 0xa5
04-06 14:26:47.732 4552 4552 E ArmVmp : Match on catch block at 0xc3 in for 0xa9
04-06 14:26:47.735 4552 4552 E ArmVmp : Match on catch block at 0xc3 in for 0xa9
04-06 14:26:47.744 4552 4552 E ArmVmp : Match on catch block at 0xc3 in for 0xa1
04-06 14:26:47.750 4552 4552 E ArmVmp : Match on catch block at 0xc3 in for 0xa5
04-06 14:26:47.753 4552 4552 E ArmVmp : Match on catch block at 0xc3 in for 0xa5
04-06 14:26:47.761 4552 4552 E ArmVmp : Match on catch block at 0xc3 in for 0xa9
04-06 14:26:47.765 4552 4552 E ArmVmp : Match on catch block at 0xc3 in for 0xa1
04-06 14:26:47.769 4552 4552 E ArmVmp : Match on catch block at 0xc3 in for 0xa1
04-06 14:26:47.778 4552 4552 E ArmVmp : Match on catch block at 0xc3 in for 0xa5
04-06 14:26:47.782 4552 4552 E ArmVmp : Match on catch block at 0xc3 in for 0xa9
04-06 14:26:47.785 4552 4552 E ArmVmp : Match on catch block at 0xc3 in for 0xa9
04-06 14:26:47.795 4552 4552 E ArmVmp : Match on catch block at 0xc3 in for 0xa1
04-06 14:26:47.798 4552 4552 E ArmVmp : Match on catch block at 0xc3 in for 0xa5
04-06 14:26:47.800 4552 4552 E ArmVmp : Match on catch block at 0xc3 in for 0xa5
04-06 14:26:47.811 4552 4552 E ArmVmp : Match on catch block at 0xc3 in for 0xa9
04-06 14:26:47.815 4552 4552 E ArmVmp : Match on catch block at 0xc3 in for 0xa1
04-06 14:26:47.819 4552 4552 E ArmVmp : Match on catch block at 0xc3 in for 0xa1
04-06 14:26:47.828 4552 4552 E ArmVmp : Match on catch block at 0xc3 in for 0xa5
04-06 14:26:47.831 4552 4552 E ArmVmp : Match on catch block at 0xc3 in for 0xa9
04-06 14:26:47.835 4552 4552 E ArmVmp : Match on catch block at 0xc3 in for 0xa9
04-06 14:26:47.845 4552 4552 E ArmVmp : Match on catch block at 0xc3 in for 0xa1
04-06 14:26:47.849 4552 4552 E ArmVmp : Match on catch block at 0xc3 in for 0xa5
04-06 14:26:47.851 4552 4552 E ArmVmp : Match on catch block at 0xc3 in for 0xa5
04-06 14:26:47.887 4552 4552 E ArmVmp : Match on catch block at 0xc3 in for 0xa1
04-06 14:26:47.889 4552 4552 E ArmVmp : Match on catch block at 0xc3 in for 0xa5
04-06 14:26:47.892 4552 4552 E ArmVmp : Match on catch block at 0xc3 in for 0xa5
04-06 14:26:47.899 4552 5409 W MediaPlayer: Use of stream types is deprecated for
operations other than volume control
04-06 14:26:47.899 4552 5409 W MediaPlayer: See the documentation of
setAudioStreamType() for what to use instead with android.media.AudioAttributes to
qualify your playback use case
04-06 14:26:47.909 4552 4552 E ArmVmp : Match on catch block at 0xc3 in for 0xa1
04-06 14:26:47.913 4552 4552 E ArmVmp : Match on catch block at 0xc3 in for 0xa5
04-06 14:26:47.915 4552 4552 E ArmVmp : Match on catch block at 0xc3 in for 0xa5
04-06 14:26:47.924 4552 4552 E ArmVmp : Match on catch block at 0xc3 in for 0xa9
04-06 14:26:47.929 4552 4552 E ArmVmp : Match on catch block at 0xc3 in for 0xa1
04-06 14:26:47.931 4552 4552 E ArmVmp : Match on catch block at 0xc3 in for 0xa1
04-06 14:26:47.938 4552 4552 E ArmVmp : Match on catch block at 0xc3 in for 0xa5
04-06 14:26:47.943 4552 4552 E ArmVmp : Match on catch block at 0xc3 in for 0xa9
04-06 14:26:47.946 4552 4552 E ArmVmp : Match on catch block at 0xc3 in for 0xa9
04-06 14:26:47.961 4552 4552 E ArmVmp : Match on catch block at 0xc3 in for 0xa1
04-06 14:26:47.963 4552 4552 E ArmVmp : Match on catch block at 0xc3 in for 0xa5
04-06 14:26:47.965 4552 4552 E ArmVmp : Match on catch block at 0xc3 in for 0xa5
04-06 14:26:47.977 4552 4552 E ArmVmp : Match on catch block at 0xc3 in for 0xa9
04-06 14:26:47.981 4552 4552 E ArmVmp : Match on catch block at 0xc3 in for 0xa1
04-06 14:26:47.984 4552 4552 E ArmVmp : Match on catch block at 0xc3 in for 0xa1
04-06 14:26:47.994 4552 4552 E ArmVmp : Match on catch block at 0xc3 in for 0xa5
04-06 14:26:47.998 4552 4552 E ArmVmp : Match on catch block at 0xc3 in for 0xa9
04-06 14:26:48.000 4552 4552 E ArmVmp : Match on catch block at 0xc3 in for 0xa9
04-06 14:26:48.010 4552 4552 E ArmVmp : Match on catch block at 0xc3 in for 0xa1
04-06 14:26:48.013 4552 4552 E ArmVmp : Match on catch block at 0xc3 in for 0xa5
04-06 14:26:48.015 4552 4552 E ArmVmp : Match on catch block at 0xc3 in for 0xa5
04-06 14:26:48.027 4552 4552 E ArmVmp : Match on catch block at 0xc3 in for 0xa9
04-06 14:26:48.030 4552 4552 E ArmVmp : Match on catch block at 0xc3 in for 0xa1
04-06 14:26:48.032 4552 4552 E ArmVmp : Match on catch block at 0xc3 in for 0xa1
04-06 14:26:48.144 4552 4552 E ArmVmp : Match on catch block at 0xc3 in for 0xa5
04-06 14:26:48.149 4552 4552 E ArmVmp : Match on catch block at 0xc3 in for 0xa9
04-06 14:26:48.153 4552 4552 E ArmVmp : Match on catch block at 0xc3 in for 0xa9
04-06 14:26:48.164 4552 4552 E ArmVmp : Match on catch block at 0xc3 in for 0xa1
04-06 14:26:48.169 4552 4552 E ArmVmp : Match on catch block at 0xc3 in for 0xa5
04-06 14:26:48.172 4552 4552 E ArmVmp : Match on catch block at 0xc3 in for 0xa5
04-06 14:26:48.646 4552 4552 E ArmVmp : Match on catch block at 0xc3 in for 0xa1
04-06 14:26:48.651 4552 4552 E ArmVmp : Match on catch block at 0xc3 in for 0xa5
04-06 14:26:48.654 4552 4552 E ArmVmp : Match on catch block at 0xc3 in for 0xa5
04-06 14:26:49.145 4552 4552 E ArmVmp : Match on catch block at 0xc3 in for 0xa9
04-06 14:26:49.150 4552 4552 E ArmVmp : Match on catch block at 0xc3 in for 0xa1
04-06 14:26:49.153 4552 4552 E ArmVmp : Match on catch block at 0xc3 in for 0xa1
04-06 14:26:49.163 4552 4552 E ArmVmp : Match on catch block at 0xc3 in for 0xa9
04-06 14:26:49.169 4552 4552 E ArmVmp : Match on catch block at 0xc3 in for 0xa1
04-06 14:26:49.172 4552 4552 E ArmVmp : Match on catch block at 0xc3 in for 0xa1
04-06 14:26:49.495 4552 4552 E ArmVmp : Match on catch block at 0xc3 in for 0xa5
04-06 14:26:49.500 4552 4552 E ArmVmp : Match on catch block at 0xc3 in for 0xa9
04-06 14:26:49.504 4552 4552 E ArmVmp : Match on catch block at 0xc3 in for 0xa9
04-06 14:26:49.512 4552 4552 E ArmVmp : Match on catch block at 0xc3 in for 0xa1
04-06 14:26:49.517 4552 4552 E ArmVmp : Match on catch block at 0xc3 in for 0xa5
04-06 14:26:49.519 4552 4552 E ArmVmp : Match on catch block at 0xc3 in for 0xa5
04-06 14:26:49.528 4552 4552 E ArmVmp : Match on catch block at 0xc3 in for 0xa9
04-06 14:26:49.532 4552 4552 E ArmVmp : Match on catch block at 0xc3 in for 0xa1
04-06 14:26:49.535 4552 4552 E ArmVmp : Match on catch block at 0xc3 in for 0xa1
04-06 14:26:49.545 4552 4552 E ArmVmp : Match on catch block at 0xc3 in for 0xa5
04-06 14:26:49.550 4552 4552 E ArmVmp : Match on catch block at 0xc3 in for 0xa9
04-06 14:26:49.555 4552 4552 E ArmVmp : Match on catch block at 0xc3 in for 0xa9
04-06 14:26:49.562 4552 4552 E ArmVmp : Match on catch block at 0xc3 in for 0xa1
04-06 14:26:49.568 4552 4552 E ArmVmp : Match on catch block at 0xc3 in for 0xa5
04-06 14:26:49.571 4552 4552 E ArmVmp : Match on catch block at 0xc3 in for 0xa5
04-06 14:26:49.577 4552 4552 E ArmVmp : Match on catch block at 0xc3 in for 0xa9
04-06 14:26:49.581 4552 4552 E ArmVmp : Match on catch block at 0xc3 in for 0xa1
04-06 14:26:49.584 4552 4552 E ArmVmp : Match on catch block at 0xc3 in for 0xa1
04-06 14:26:49.594 4552 4552 E ArmVmp : Match on catch block at 0xc3 in for 0xa5
04-06 14:26:49.599 4552 4552 E ArmVmp : Match on catch block at 0xc3 in for 0xa9
04-06 14:26:49.602 4552 4552 E ArmVmp : Match on catch block at 0xc3 in for 0xa9
04-06 14:26:49.611 4552 4552 E ArmVmp : Match on catch block at 0xc3 in for 0xa1
04-06 14:26:49.614 4552 4552 E ArmVmp : Match on catch block at 0xc3 in for 0xa5
04-06 14:26:49.617 4552 4552 E ArmVmp : Match on catch block at 0xc3 in for 0xa5
04-06 14:26:49.628 4552 4552 E ArmVmp : Match on catch block at 0xc3 in for 0xa9
04-06 14:26:49.631 4552 4552 E ArmVmp : Match on catch block at 0xc3 in for 0xa1
04-06 14:26:49.634 4552 4552 E ArmVmp : Match on catch block at 0xc3 in for 0xa1
04-06 14:26:49.645 4552 4552 E ArmVmp : Match on catch block at 0xc3 in for 0xa5
04-06 14:26:49.650 4552 4552 E ArmVmp : Match on catch block at 0xc3 in for 0xa9
04-06 14:26:49.653 4552 4552 E ArmVmp : Match on catch block at 0xc3 in for 0xa9
04-06 14:26:49.662 4552 4552 E ArmVmp : Match on catch block at 0xc3 in for 0xa1
04-06 14:26:49.667 4552 4552 E ArmVmp : Match on catch block at 0xc3 in for 0xa5
04-06 14:26:49.670 4552 4552 E ArmVmp : Match on catch block at 0xc3 in for 0xa5
04-06 14:26:49.679 4552 4552 E ArmVmp : Match on catch block at 0xc3 in for 0xa9
04-06 14:26:49.684 4552 4552 E ArmVmp : Match on catch block at 0xc3 in for 0xa1
04-06 14:26:49.686 4552 4552 E ArmVmp : Match on catch block at 0xc3 in for 0xa1
04-06 14:26:49.695 4552 4552 E ArmVmp : Match on catch block at 0xc3 in for 0xa5
04-06 14:26:49.700 4552 4552 E ArmVmp : Match on catch block at 0xc3 in for 0xa9
04-06 14:26:49.703 4552 4552 E ArmVmp : Match on catch block at 0xc3 in for 0xa9
04-06 14:26:49.712 4552 4552 E ArmVmp : Match on catch block at 0xc3 in for 0xa1
04-06 14:26:49.716 4552 4552 E ArmVmp : Match on catch block at 0xc3 in for 0xa5
04-06 14:26:49.718 4552 4552 E ArmVmp : Match on catch block at 0xc3 in for 0xa5
04-06 14:26:49.729 4552 4552 E ArmVmp : Match on catch block at 0xc3 in for 0xa9
04-06 14:26:49.733 4552 4552 E ArmVmp : Match on catch block at 0xc3 in for 0xa1
04-06 14:26:49.738 4552 4552 E ArmVmp : Match on catch block at 0xc3 in for 0xa1
04-06 14:26:49.745 4552 4552 E ArmVmp : Match on catch block at 0xc3 in for 0xa5
04-06 14:26:49.750 4552 4552 E ArmVmp : Match on catch block at 0xc3 in for 0xa9
04-06 14:26:49.753 4552 4552 E ArmVmp : Match on catch block at 0xc3 in for 0xa9
04-06 14:26:49.762 4552 4552 E ArmVmp : Match on catch block at 0xc3 in for 0xa1
04-06 14:26:49.766 4552 4552 E ArmVmp : Match on catch block at 0xc3 in for 0xa5
04-06 14:26:49.770 4552 4552 E ArmVmp : Match on catch block at 0xc3 in for 0xa5
04-06 14:26:50.163 4552 4552 E ArmVmp : Match on catch block at 0xc3 in for 0xa5
04-06 14:26:50.167 4552 4552 E ArmVmp : Match on catch block at 0xc3 in for 0xa9
04-06 14:26:50.171 4552 4552 E ArmVmp : Match on catch block at 0xc3 in for 0xa9
04-06 14:26:50.181 4552 4552 E ArmVmp : Match on catch block at 0xc3 in for 0xa5
04-06 14:26:50.186 4552 4552 E ArmVmp : Match on catch block at 0xc3 in for 0xa9
04-06 14:26:50.189 4552 4552 E ArmVmp : Match on catch block at 0xc3 in for 0xa9
04-06 14:26:50.662 4552 4552 E ArmVmp : Match on catch block at 0xc3 in for 0xa1
04-06 14:26:50.667 4552 4552 E ArmVmp : Match on catch block at 0xc3 in for 0xa5
04-06 14:26:50.671 4552 4552 E ArmVmp : Match on catch block at 0xc3 in for 0xa5
04-06 14:26:51.162 4552 4552 E ArmVmp : Match on catch block at 0xc3 in for 0xa9
04-06 14:26:51.166 4552 4552 E ArmVmp : Match on catch block at 0xc3 in for 0xa1
04-06 14:26:51.169 4552 4552 E ArmVmp : Match on catch block at 0xc3 in for 0xa1
04-06 14:26:51.199 4552 4552 E ArmVmp : Match on catch block at 0xc3 in for 0xa9
04-06 14:26:51.204 4552 4552 E ArmVmp : Match on catch block at 0xc3 in for 0xa1
04-06 14:26:51.207 4552 4552 E ArmVmp : Match on catch block at 0xc3 in for 0xa1
04-06 14:26:51.679 4552 4552 E ArmVmp : Match on catch block at 0xc3 in for 0xa5
04-06 14:26:51.684 4552 4552 E ArmVmp : Match on catch block at 0xc3 in for 0xa9
04-06 14:26:51.690 4552 4552 E ArmVmp : Match on catch block at 0xc3 in for 0xa9
04-06 14:26:52.179 4552 4552 E ArmVmp : Match on catch block at 0xc3 in for 0xa9
04-06 14:26:52.181 4552 4552 E ArmVmp : Match on catch block at 0xc3 in for 0xa1
04-06 14:26:52.183 4552 4552 E ArmVmp : Match on catch block at 0xc3 in for 0xa1
04-06 14:26:52.195 4552 4552 E ArmVmp : Match on catch block at 0xc3 in for 0xa9
04-06 14:26:52.198 4552 4552 E ArmVmp : Match on catch block at 0xc3 in for 0xa1
04-06 14:26:52.200 4552 4552 E ArmVmp : Match on catch block at 0xc3 in for 0xa1
04-06 14:26:52.236 4552 4552 E ArmVmp : Match on catch block at 0xc3 in for 0xa5
04-06 14:26:52.239 4552 4552 E ArmVmp : Match on catch block at 0xc3 in for 0xa9
04-06 14:26:52.241 4552 4552 E ArmVmp : Match on catch block at 0xc3 in for 0xa9
04-06 14:26:52.248 4552 4552 E ArmVmp : Match on catch block at 0xc3 in for 0xa1
04-06 14:26:52.250 4552 4552 E ArmVmp : Match on catch block at 0xc3 in for 0xa5
04-06 14:26:52.252 4552 4552 E ArmVmp : Match on catch block at 0xc3 in for 0xa5
04-06 14:26:52.313 4552 4552 E ArmVmp : Match on catch block at 0xc3 in for 0xa9
04-06 14:26:52.316 4552 4552 E ArmVmp : Match on catch block at 0xc3 in for 0xa1
04-06 14:26:52.318 4552 4552 E ArmVmp : Match on catch block at 0xc3 in for 0xa1
04-06 14:26:52.331 4552 4552 E ArmVmp : Match on catch block at 0xc3 in for 0xa5
04-06 14:26:52.334 4552 4552 E ArmVmp : Match on catch block at 0xc3 in for 0xa9
04-06 14:26:52.337 4552 4552 E ArmVmp : Match on catch block at 0xc3 in for 0xa9
04-06 14:26:52.680 4552 4552 E ArmVmp : Match on catch block at 0xc3 in for 0xa1
04-06 14:26:52.687 4552 4552 E ArmVmp : Match on catch block at 0xc3 in for 0xa5
04-06 14:26:52.691 4552 4552 E ArmVmp : Match on catch block at 0xc3 in for 0xa5
04-06 14:26:53.049 4552 4552 E ArmVmp : Match on catch block at 0xc3 in for 0xa1
04-06 14:26:53.051 4552 4552 E ArmVmp : Match on catch block at 0xc3 in for 0xa5
04-06 14:26:53.053 4552 4552 E ArmVmp : Match on catch block at 0xc3 in for 0xa5
04-06 14:26:53.066 4552 4552 E ArmVmp : Match on catch block at 0xc3 in for 0xa5
04-06 14:26:53.069 4552 4552 E ArmVmp : Match on catch block at 0xc3 in for 0xa9
04-06 14:26:53.071 4552 4552 E ArmVmp : Match on catch block at 0xc3 in for 0xa9
04-06 14:26:53.078 4552 4552 E ArmVmp : Match on catch block at 0xc3 in for 0xa1
04-06 14:26:53.082 4552 4552 E ArmVmp : Match on catch block at 0xc3 in for 0xa5
04-06 14:26:53.083 4552 4552 E ArmVmp : Match on catch block at 0xc3 in for 0xa5
04-06 14:26:53.096 4552 4552 E ArmVmp : Match on catch block at 0xc3 in for 0xa9
04-06 14:26:53.099 4552 4552 E ArmVmp : Match on catch block at 0xc3 in for 0xa1
04-06 14:26:53.103 4552 4552 E ArmVmp : Match on catch block at 0xc3 in for 0xa1
04-06 14:26:53.114 4552 4552 E ArmVmp : Match on catch block at 0xc3 in for 0xa5
04-06 14:26:53.119 4552 4552 E ArmVmp : Match on catch block at 0xc3 in for 0xa9
04-06 14:26:53.121 4552 4552 E ArmVmp : Match on catch block at 0xc3 in for 0xa9
04-06 14:26:53.129 4552 4552 E ArmVmp : Match on catch block at 0xc3 in for 0xa1
04-06 14:26:53.134 4552 4552 E ArmVmp : Match on catch block at 0xc3 in for 0xa5
04-06 14:26:53.138 4552 4552 E ArmVmp : Match on catch block at 0xc3 in for 0xa5
04-06 14:26:53.147 4552 4552 E ArmVmp : Match on catch block at 0xc3 in for 0xa9
04-06 14:26:53.153 4552 4552 E ArmVmp : Match on catch block at 0xc3 in for 0xa1
04-06 14:26:53.156 4552 4552 E ArmVmp : Match on catch block at 0xc3 in for 0xa1
04-06 14:26:53.169 4552 4552 E ArmVmp : Match on catch block at 0xc3 in for 0xa5
04-06 14:26:53.173 4552 4552 E ArmVmp : Match on catch block at 0xc3 in for 0xa9
04-06 14:26:53.177 4552 4552 E ArmVmp : Match on catch block at 0xc3 in for 0xa9
04-06 14:26:53.196 4552 4552 E ArmVmp : Match on catch block at 0xc3 in for 0xa1
04-06 14:26:53.200 4552 4552 E ArmVmp : Match on catch block at 0xc3 in for 0xa5
04-06 14:26:53.204 4552 4552 E ArmVmp : Match on catch block at 0xc3 in for 0xa5
04-06 14:26:53.216 4552 4552 E ArmVmp : Match on catch block at 0xc3 in for 0xa1
04-06 14:26:53.220 4552 4552 E ArmVmp : Match on catch block at 0xc3 in for 0xa5
04-06 14:26:53.224 4552 4552 E ArmVmp : Match on catch block at 0xc3 in for 0xa5
04-06 14:26:53.246 4552 4552 E ArmVmp : Match on catch block at 0xc3 in for 0xa9
04-06 14:26:53.252 4552 4552 E ArmVmp : Match on catch block at 0xc3 in for 0xa1
04-06 14:26:53.255 4552 4552 E ArmVmp : Match on catch block at 0xc3 in for 0xa1
04-06 14:26:53.267 4552 4552 E ArmVmp : Match on catch block at 0xc3 in for 0xa5
04-06 14:26:53.274 4552 4552 E ArmVmp : Match on catch block at 0xc3 in for 0xa9
04-06 14:26:53.277 4552 4552 E ArmVmp : Match on catch block at 0xc3 in for 0xa9
04-06 14:26:53.396 4552 4552 E ArmVmp : Match on catch block at 0xc3 in for 0xa1
04-06 14:26:53.399 4552 4552 E ArmVmp : Match on catch block at 0xc3 in for 0xa5
04-06 14:26:53.402 4552 4552 E ArmVmp : Match on catch block at 0xc3 in for 0xa5
04-06 14:26:53.411 4552 4552 E ArmVmp : Match on catch block at 0xc3 in for 0xa9
04-06 14:26:53.419 4552 4552 E ArmVmp : Match on catch block at 0xc3 in for 0xa1
04-06 14:26:53.422 4552 4552 E ArmVmp : Match on catch block at 0xc3 in for 0xa1
04-06 14:26:53.529 4552 4552 E ArmVmp : Match on catch block at 0xc3 in for 0xa5
04-06 14:26:53.531 4552 4552 E ArmVmp : Match on catch block at 0xc3 in for 0xa9
04-06 14:26:53.533 4552 4552 E ArmVmp : Match on catch block at 0xc3 in for 0xa9
04-06 14:26:53.845 4552 4552 E ArmVmp : Match on catch block at 0xc3 in for 0xa1
04-06 14:26:53.847 4552 4552 E ArmVmp : Match on catch block at 0xc3 in for 0xa5
04-06 14:26:53.849 4552 4552 E ArmVmp : Match on catch block at 0xc3 in for 0xa5
04-06 14:26:53.867 4552 4552 E ArmVmp : Match on catch block at 0xc3 in for 0xa1
04-06 14:26:53.871 4552 4552 E ArmVmp : Match on catch block at 0xc3 in for 0xa5
04-06 14:26:53.872 4552 4552 E ArmVmp : Match on catch block at 0xc3 in for 0xa5
04-06 14:26:53.891 4552 4552 E ArmVmp : Match on catch block at 0xc3 in for 0xa9
04-06 14:26:53.896 4552 4552 E ArmVmp : Match on catch block at 0xc3 in for 0xa1
04-06 14:26:53.950 4552 4552 E ArmVmp : Match on catch block at 0xc3 in for 0xa1
04-06 14:26:53.953 4552 4552 E ArmVmp : Match on catch block at 0xc3 in for 0xa5
04-06 14:26:53.963 4552 4552 E ArmVmp : Match on catch block at 0xc3 in for 0xa5
04-06 14:26:53.966 4552 4552 E ArmVmp : Match on catch block at 0xc3 in for 0xa9
04-06 14:26:53.975 4552 4552 E ArmVmp : Match on catch block at 0xc3 in for 0xa5
04-06 14:26:53.977 4552 4552 E ArmVmp : Match on catch block at 0xc3 in for 0xa9
04-06 14:26:53.981 4552 4552 E ArmVmp : Match on catch block at 0xc3 in for 0xa5
04-06 14:26:53.986 4552 4552 E ArmVmp : Match on catch block at 0xc3 in for 0xa9
04-06 14:26:53.995 4552 4552 E ArmVmp : Match on catch block at 0xc3 in for 0xa5
04-06 14:26:53.998 4552 4552 E ArmVmp : Match on catch block at 0xc3 in for 0xa9
04-06 14:26:54.012 4552 4552 E ArmVmp : Match on catch block at 0xc3 in for 0xa5
04-06 14:26:54.015 4552 4552 E ArmVmp : Match on catch block at 0xc3 in for 0xa9
04-06 14:26:54.029 4552 4552 E ArmVmp : Match on catch block at 0xc3 in for 0xa5
04-06 14:26:54.036 4552 4552 E ArmVmp : Match on catch block at 0xc3 in for 0xa9
04-06 14:26:54.046 4552 4552 E ArmVmp : Match on catch block at 0xc3 in for 0xa5
04-06 14:26:54.056 4552 4552 E ArmVmp : Match on catch block at 0xc3 in for 0xa9
04-06 14:26:54.063 4552 4552 E ArmVmp : Match on catch block at 0xc3 in for 0xa5
04-06 14:26:54.067 4552 4552 E ArmVmp : Match on catch block at 0xc3 in for 0xa9
04-06 14:26:54.132 4552 4552 E ArmVmp : Match on catch block at 0xc3 in for 0xa5
04-06 14:26:54.136 4552 4552 E ArmVmp : Match on catch block at 0xc3 in for 0xa9
04-06 14:26:54.142 4552 5409 W MediaPlayer: Use of stream types is deprecated for
operations other than volume control
04-06 14:26:54.142 4552 5409 W MediaPlayer: See the documentation of
setAudioStreamType() for what to use instead with android.media.AudioAttributes to
qualify your playback use case
04-06 14:26:54.150 4552 4552 E ArmVmp : Match on catch block at 0xc3 in for 0xa5
04-06 14:26:54.158 4552 4552 E ArmVmp : Match on catch block at 0xc3 in for 0xa9
04-06 14:26:54.231 4552 4552 E ArmVmp : Match on catch block at 0xc3 in for 0xa9
04-06 14:26:54.236 4552 4552 E ArmVmp : Match on catch block at 0xc3 in for 0xa1
04-06 14:26:54.363 4552 4552 E ArmVmp : Match on catch block at 0xc3 in for 0xa5
04-06 14:26:54.366 4552 4552 E ArmVmp : Match on catch block at 0xc3 in for 0xa9
04-06 14:26:54.862 4552 4552 E ArmVmp : Match on catch block at 0xc3 in for 0xa5
04-06 14:26:54.867 4552 4552 E ArmVmp : Match on catch block at 0xc3 in for 0xa9
04-06 14:26:54.950 4552 4552 E ArmVmp : Match on catch block at 0xc3 in for 0xa5
04-06 14:26:54.954 4552 4552 E ArmVmp : Match on catch block at 0xc3 in for 0xa9
04-06 14:26:54.976 4552 4552 E ArmVmp : Match on catch block at 0xc3 in for 0xa5
04-06 14:26:54.981 4552 4552 E ArmVmp : Match on catch block at 0xc3 in for 0xa9
04-06 14:26:54.992 4552 4552 E ArmVmp : Match on catch block at 0xc3 in for 0xa5
04-06 14:26:54.998 4552 4552 E ArmVmp : Match on catch block at 0xc3 in for 0xa9
04-06 14:26:55.234 4552 4552 E ArmVmp : Match on catch block at 0xc3 in for 0xa9
04-06 14:26:55.239 4552 4552 E ArmVmp : Match on catch block at 0xc3 in for 0xa1
04-06 14:26:55.362 4552 4552 E ArmVmp : Match on catch block at 0xc3 in for 0xa5
04-06 14:26:55.366 4552 4552 E ArmVmp : Match on catch block at 0xc3 in for 0xa9
04-06 14:26:55.863 4552 4552 E ArmVmp : Match on catch block at 0xc3 in for 0xa5
04-06 14:26:55.867 4552 4552 E ArmVmp : Match on catch block at 0xc3 in for 0xa9
04-06 14:26:56.234 4552 4552 E ArmVmp : Match on catch block at 0xc3 in for 0xa9
04-06 14:26:56.239 4552 4552 E ArmVmp : Match on catch block at 0xc3 in for 0xa1
04-06 14:26:56.362 4552 4552 E ArmVmp : Match on catch block at 0xc3 in for 0xa9
04-06 14:26:56.365 4552 4552 E ArmVmp : Match on catch block at 0xc3 in for 0xa1
04-06 14:26:56.563 4552 4552 E ArmVmp : Match on catch block at 0xc3 in for 0xa9
04-06 14:26:56.566 4552 4552 E ArmVmp : Match on catch block at 0xc3 in for 0xa1
04-06 14:26:56.580 4552 4552 E ArmVmp : Match on catch block at 0xc3 in for 0xa9
04-06 14:26:56.587 4552 4552 E ArmVmp : Match on catch block at 0xc3 in for 0xa1
04-06 14:26:56.596 4552 4552 E ArmVmp : Match on catch block at 0xc3 in for 0xa9
04-06 14:26:56.599 4552 4552 E ArmVmp : Match on catch block at 0xc3 in for 0xa1
04-06 14:26:56.614 4552 4552 E ArmVmp : Match on catch block at 0xc3 in for 0xa9
04-06 14:26:56.621 4552 4552 E ArmVmp : Match on catch block at 0xc3 in for 0xa1
04-06 14:26:56.629 4552 4552 E ArmVmp : Match on catch block at 0xc3 in for 0xa9
04-06 14:26:56.632 4552 4552 E ArmVmp : Match on catch block at 0xc3 in for 0xa1
04-06 14:26:56.648 4552 4552 E ArmVmp : Match on catch block at 0xc3 in for 0xa9
04-06 14:26:56.654 4552 4552 E ArmVmp : Match on catch block at 0xc3 in for 0xa1
04-06 14:26:56.663 4552 4552 E ArmVmp : Match on catch block at 0xc3 in for 0xa9
04-06 14:26:56.669 4552 4552 E ArmVmp : Match on catch block at 0xc3 in for 0xa1
04-06 14:26:56.680 4552 4552 E ArmVmp : Match on catch block at 0xc3 in for 0xa9
04-06 14:26:56.685 4552 4552 E ArmVmp : Match on catch block at 0xc3 in for 0xa1
04-06 14:26:56.697 4552 4552 E ArmVmp : Match on catch block at 0xc3 in for 0xa9
04-06 14:26:56.701 4552 4552 E ArmVmp : Match on catch block at 0xc3 in for 0xa1
04-06 14:26:56.713 4552 4552 E ArmVmp : Match on catch block at 0xc3 in for 0xa9
04-06 14:26:56.718 4552 4552 E ArmVmp : Match on catch block at 0xc3 in for 0xa1
04-06 14:26:56.731 4552 4552 E ArmVmp : Match on catch block at 0xc3 in for 0xa9
04-06 14:26:56.735 4552 4552 E ArmVmp : Match on catch block at 0xc3 in for 0xa1
04-06 14:26:56.746 4552 4552 E ArmVmp : Match on catch block at 0xc3 in for 0xa9
04-06 14:26:56.750 4552 4552 E ArmVmp : Match on catch block at 0xc3 in for 0xa1
04-06 14:26:56.763 4552 4552 E ArmVmp : Match on catch block at 0xc3 in for 0xa9
04-06 14:26:56.770 4552 4552 E ArmVmp : Match on catch block at 0xc3 in for 0xa1
04-06 14:26:56.779 4552 4552 E ArmVmp : Match on catch block at 0xc3 in for 0xa9
04-06 14:26:56.782 4552 4552 E ArmVmp : Match on catch block at 0xc3 in for 0xa1
04-06 14:26:56.797 4552 4552 E ArmVmp : Match on catch block at 0xc3 in for 0xa9
04-06 14:26:56.801 4552 4552 E ArmVmp : Match on catch block at 0xc3 in for 0xa1
04-06 14:26:56.815 4552 4552 E ArmVmp : Match on catch block at 0xc3 in for 0xa9
04-06 14:26:56.821 4552 4552 E ArmVmp : Match on catch block at 0xc3 in for 0xa1
04-06 14:26:56.829 4552 4552 E ArmVmp : Match on catch block at 0xc3 in for 0xa9
04-06 14:26:56.834 4552 4552 E ArmVmp : Match on catch block at 0xc3 in for 0xa1
04-06 14:26:56.863 4552 4552 E ArmVmp : Match on catch block at 0xc3 in for 0xa9
04-06 14:26:56.866 4552 4552 E ArmVmp : Match on catch block at 0xc3 in for 0xa1
04-06 14:26:57.232 4552 4552 E ArmVmp : Match on catch block at 0xc3 in for 0xa1
04-06 14:26:57.235 4552 4552 E ArmVmp : Match on catch block at 0xc3 in for 0xa5
04-06 14:26:57.363 4552 4552 E ArmVmp : Match on catch block at 0xc3 in for 0xa1
04-06 14:26:57.366 4552 4552 E ArmVmp : Match on catch block at 0xc3 in for 0xa5
04-06 14:26:57.864 4552 4552 E ArmVmp : Match on catch block at 0xc3 in for 0xa1
04-06 14:26:57.870 4552 4552 E ArmVmp : Match on catch block at 0xc3 in for 0xa5
04-06 14:26:58.158 4552 4552 E ArmVmp : Match on catch block at 0xc3 in for 0xa9
04-06 14:26:58.165 4552 4552 E ArmVmp : Match on catch block at 0xc3 in for 0xa1
04-06 14:26:58.187 4552 4552 E ArmVmp : Match on catch block at 0xc3 in for 0xa5
04-06 14:26:58.191 4552 4552 E ArmVmp : Match on catch block at 0xc3 in for 0xa9
04-06 14:26:58.232 4552 4552 E ArmVmp : Match on catch block at 0xc3 in for 0xa9
04-06 14:26:58.236 4552 4552 E ArmVmp : Match on catch block at 0xc3 in for 0xa1
04-06 14:26:58.379 4552 4552 E ArmVmp : Match on catch block at 0xc3 in for 0xa9
04-06 14:26:58.382 4552 4552 E ArmVmp : Match on catch block at 0xc3 in for 0xa1
04-06 14:26:58.880 4552 4552 E ArmVmp : Match on catch block at 0xc3 in for 0xa9
04-06 14:26:58.883 4552 4552 E ArmVmp : Match on catch block at 0xc3 in for 0xa1
04-06 14:26:59.230 4552 4552 E ArmVmp : Match on catch block at 0xc3 in for 0xa1
04-06 14:26:59.234 4552 4552 E ArmVmp : Match on catch block at 0xc3 in for 0xa5
04-06 14:26:59.379 4552 4552 E ArmVmp : Match on catch block at 0xc3 in for 0xa1
04-06 14:26:59.382 4552 4552 E ArmVmp : Match on catch block at 0xc3 in for 0xa5
04-06 14:26:59.642 4552 4552 E ArmVmp : Match on catch block at 0xc3 in for 0xa1
04-06 14:26:59.647 4552 4552 E ArmVmp : Match on catch block at 0xc3 in for 0xa5
04-06 14:27:07.827 4552 4552 E ArmVmp : Match on catch block at 0x0a in for 0xc5
04-06 14:27:07.830 4552 4552 E ArmVmp : Match on catch block at 0x0a in for 0xc1
04-06 14:27:07.832 4552 5946 W System : ClassLoader referenced unknown path:
system/framework/mediatek-cta.jar
04-06 14:27:07.864 4552 4552 E GraphicExt:
GraphicExtModuleLoader::CreateGraphicExtInstance false
04-06 14:27:07.876 4552 4552 E ArmVmp : Match on catch block at 0xc3 in for 0xa5
04-06 14:27:07.882 4552 4552 E ArmVmp : Match on catch block at 0xc3 in for 0xa9
04-06 14:27:07.883 4552 5946 W System : ClassLoader referenced unknown path:
system/framework/mediatek-cta.jar
04-06 14:27:07.925 4552 4552 E ArmVmp : Match on catch block at 0xc3 in for 0xa5
04-06 14:27:07.928 4552 4552 E ArmVmp : Match on catch block at 0xc3 in for 0xa9
04-06 14:27:07.942 4552 4552 E ArmVmp : Match on catch block at 0xc3 in for 0xa9
04-06 14:27:07.945 4552 4552 E ArmVmp : Match on catch block at 0xc3 in for 0xa1
04-06 14:27:08.249 4552 4552 E ArmVmp : Match on catch block at 0xc3 in for 0xa1
04-06 14:27:08.252 4552 4552 E ArmVmp : Match on catch block at 0xc3 in for 0xa5
04-06 14:27:08.448 4552 4552 E ArmVmp : Match on catch block at 0xc3 in for 0xa1
04-06 14:27:08.452 4552 4552 E ArmVmp : Match on catch block at 0xc3 in for 0xa5
04-06 14:27:08.665 4552 4552 E ArmVmp : Match on catch block at 0xc3 in for 0xa1
04-06 14:27:08.669 4552 4552 E ArmVmp : Match on catch block at 0xc3 in for 0xa5
04-06 14:27:08.680 4552 4552 E ArmVmp : Match on catch block at 0xc3 in for 0xa1
04-06 14:27:08.685 4552 4552 E ArmVmp : Match on catch block at 0xc3 in for 0xa5
04-06 14:27:08.698 4552 4552 E ArmVmp : Match on catch block at 0xc3 in for 0xa1
04-06 14:27:08.703 4552 4552 E ArmVmp : Match on catch block at 0xc3 in for 0xa5
04-06 14:27:08.716 4552 4552 E ArmVmp : Match on catch block at 0xc3 in for 0xa1
04-06 14:27:08.721 4552 4552 E ArmVmp : Match on catch block at 0xc3 in for 0xa5
04-06 14:27:08.731 4552 4552 E ArmVmp : Match on catch block at 0xc3 in for 0xa9
04-06 14:27:08.738 4552 4552 E ArmVmp : Match on catch block at 0xc3 in for 0xa1
04-06 14:27:08.749 4552 4552 E ArmVmp : Match on catch block at 0xc3 in for 0xa9
04-06 14:27:08.755 4552 4552 E ArmVmp : Match on catch block at 0xc3 in for 0xa1
04-06 14:27:08.765 4552 4552 E ArmVmp : Match on catch block at 0xc3 in for 0xa9
04-06 14:27:08.770 4552 4552 E ArmVmp : Match on catch block at 0xc3 in for 0xa1
04-06 14:27:08.782 4552 4552 E ArmVmp : Match on catch block at 0xc3 in for 0xa9
04-06 14:27:08.787 4552 4552 E ArmVmp : Match on catch block at 0xc3 in for 0xa1
04-06 14:27:08.799 4552 4552 E ArmVmp : Match on catch block at 0xc3 in for 0xa9
04-06 14:27:08.803 4552 4552 E ArmVmp : Match on catch block at 0xc3 in for 0xa1
04-06 14:27:08.814 4552 4552 E ArmVmp : Match on catch block at 0xc3 in for 0xa9
04-06 14:27:08.819 4552 4552 E ArmVmp : Match on catch block at 0xc3 in for 0xa1
04-06 14:27:08.832 4552 4552 E ArmVmp : Match on catch block at 0xc3 in for 0xa9
04-06 14:27:08.838 4552 4552 E ArmVmp : Match on catch block at 0xc3 in for 0xa1
04-06 14:27:08.849 4552 4552 E ArmVmp : Match on catch block at 0xc3 in for 0xa1
04-06 14:27:08.854 4552 4552 E ArmVmp : Match on catch block at 0xc3 in for 0xa5
04-06 14:27:08.872 4552 4552 E ArmVmp : Match on catch block at 0xc3 in for 0xa1
04-06 14:27:08.875 4552 4552 E ArmVmp : Match on catch block at 0xc3 in for 0xa5
04-06 14:27:08.888 4552 4552 E ArmVmp : Match on catch block at 0xc3 in for 0xa1
04-06 14:27:08.891 4552 4552 E ArmVmp : Match on catch block at 0xc3 in for 0xa5
04-06 14:27:08.893 4552 4552 W ActivityThread: handleWindowVisibility: no
activity for token android.os.BinderProxy@c7f8e4a
04-06 14:27:08.939 4552 4552 W TabLayout: MODE_SCROLLABLE + GRAVITY_FILL is not
supported, GRAVITY_START will be used instead
04-06 14:27:08.956 4552 4552 W BottomSheetBehavior: BottomSheetBehavior now
supports multiple callbacks. `setBottomSheetCallback()` removes all existing
callbacks, including ones set internally by library authors, which may result in
unintended behavior. This may change in the future. Please use
`addBottomSheetCallback()` and `removeBottomSheetCallback()` instead to set your
own callbacks.
04-06 14:27:08.968 4552 4610 E libc : Access denied finding property
"camera.aux.packagelist"
04-06 14:27:08.968 4552 4610 E libc : Access denied finding property
"camera.aux.packagelist"
04-06 14:27:08.964 4552 4552 W Binder:4552_3: type=1400 audit(0.0:4889): avc:
denied { read } for name="u:object_r:mtkcam_prop:s0" dev="tmpfs" ino=317
scontext=u:r:untrusted_app:s0:c225,c256,c512,c768
tcontext=u:object_r:mtkcam_prop:s0 tclass=file permissive=0
04-06 14:27:08.964 4552 4552 W Binder:4552_3: type=1400 audit(0.0:4891): avc:
denied { read } for name="u:object_r:mtkcam_prop:s0" dev="tmpfs" ino=317
scontext=u:r:untrusted_app:s0:c225,c256,c512,c768
tcontext=u:object_r:mtkcam_prop:s0 tclass=file permissive=0
04-06 14:27:08.975 4552 4579 E libc : Access denied finding property
"camera.aux.packagelist"
04-06 14:27:08.975 4552 4579 E libc : Access denied finding property
"camera.aux.packagelist"
04-06 14:27:08.972 4552 4552 W Binder:4552_1: type=1400 audit(0.0:4894): avc:
denied { read } for name="u:object_r:mtkcam_prop:s0" dev="tmpfs" ino=317
scontext=u:r:untrusted_app:s0:c225,c256,c512,c768
tcontext=u:object_r:mtkcam_prop:s0 tclass=file permissive=0
04-06 14:27:09.002 4552 4552 E ArmVmp : Match on catch block at 0xc3 in for 0xa9
04-06 14:27:09.005 4552 4552 E ArmVmp : Match on catch block at 0xc3 in for 0xa1
04-06 14:27:09.061 4552 4552 E GraphicExt:
GraphicExtModuleLoader::CreateGraphicExtInstance false
04-06 14:27:09.070 4552 4552 W View : requestLayout() improperly called by
androidx.appcompat.view.menu.ActionMenuItemView{cf7031d VFED..CL. ......ID 0,11-
132,143 #7f0b0fe8 app:id/more} during layout: running second layout pass
04-06 14:27:09.070 4552 4552 W View : requestLayout() improperly called by
androidx.appcompat.widget.ActionMenuView{d8d5992 V.E...... ......ID 948,0-1080,154}
during layout: running second layout pass
04-06 14:27:09.070 4552 4552 W View : requestLayout() improperly called by
com.mbwhatsapp.WaImageView{f65cf63 VF.D..CL. ......ID 0,0-176,176 #7f0b1814
app:id/shutter} during layout: running second layout pass
04-06 14:27:09.070 4552 4552 W View : requestLayout() improperly called by
com.mbwhatsapp.CircularProgressBar{d1ba760 V.ED..... ......ID 0,0-176,176 #7f0b14fc
app:id/recording_progress} during layout: running second layout pass
04-06 14:27:09.070 4552 4552 W View : requestLayout() improperly called by
com.mbwhatsapp.WaImageView{605b419 VF.D..C.. ......ID 0,0-132,132 #7f0b1976
app:id/switch_camera_btn} during layout: running second layout pass
04-06 14:27:09.070 4552 4552 W View : requestLayout() improperly called by
com.mbwhatsapp.WaImageView{1a37cde VFED..C.. ......ID 0,0-132,132 #7f0b0b0d
app:id/gallery_btn} during layout: running second layout pass
04-06 14:27:09.070 4552 4552 W View : requestLayout() improperly called by
com.mbwhatsapp.WaImageView{45bfebf VF.D..C.. ......ID 0,0-132,132 #7f0b0a9c
app:id/flash_btn} during layout: running second layout pass
04-06 14:27:09.070 4552 4552 W View : requestLayout() improperly called by
com.mbwhatsapp.WaImageView{983d98c VFED..C.. ......ID 0,0-132,132 #7f0b057f
app:id/close_camera_btn} during layout: running second layout pass
04-06 14:27:09.070 4552 4552 W View : requestLayout() improperly called by
X.4Ki{7b478d5 V.ED..... ......ID 0,6-1080,138} during layout: running second layout
pass
04-06 14:27:09.076 4552 4552 E libc : Access denied finding property
"vendor.debug.bq.dump"
04-06 14:27:09.076 4552 4552 E libc : Access denied finding property
"vendor.debug.bq.dump"
04-06 14:27:09.076 4552 4552 E libc : Access denied finding property
"vendor.debug.bq.dump"
04-06 14:27:09.076 4552 4552 E GraphicExt:
GraphicExtModuleLoader::CreateGraphicExtInstance false
04-06 14:27:09.092 4552 4552 E ArmVmp : Match on catch block at 0xc3 in for 0xa1
04-06 14:27:09.095 4552 4552 E ArmVmp : Match on catch block at 0xc3 in for 0xa5
04-06 14:27:09.108 4552 4552 W View : requestLayout() improperly called by
com.mbwhatsapp.WaImageView{f65cf63 VF.D..CL. ......ID 452,1696-628,1872 #7f0b1814
app:id/shutter} during layout: running second layout pass
04-06 14:27:09.108 4552 4552 W View : requestLayout() improperly called by
com.mbwhatsapp.CircularProgressBar{d1ba760 V.ED..... ......ID 452,1696-628,1872
#7f0b14fc app:id/recording_progress} during layout: running second layout pass
04-06 14:27:09.108 4552 4552 W View : requestLayout() improperly called by
com.mbwhatsapp.WaImageView{605b419 VF.D..C.. ......ID 924,1716-1056,1848 #7f0b1976
app:id/switch_camera_btn} during layout: running second layout pass
04-06 14:27:09.108 4552 4552 W View : requestLayout() improperly called by
com.mbwhatsapp.WaImageView{1a37cde VFED..C.. ......ID 24,1716-156,1848 #7f0b0b0d
app:id/gallery_btn} during layout: running second layout pass
04-06 14:27:09.108 4552 4552 W View : requestLayout() improperly called by
com.mbwhatsapp.WaImageView{45bfebf VF.D..C.. ......I. 924,24-1056,156 #7f0b0a9c
app:id/flash_btn} during layout: running second layout pass
04-06 14:27:09.108 4552 4552 W View : requestLayout() improperly called by
com.mbwhatsapp.WaImageView{983d98c VFED..C.. ......I. 24,24-156,156 #7f0b057f
app:id/close_camera_btn} during layout: running second layout pass
04-06 14:27:09.284 4552 4552 E ArmVmp : Match on catch block at 0xc3 in for 0xa5
04-06 14:27:09.287 4552 4552 E ArmVmp : Match on catch block at 0xc3 in for 0xa9
04-06 14:27:09.481 4552 6386 W BpBinder: Slow Binder: BpBinder transact took 214
ms, interface=android.media.IMediaMetadataRetriever, code=5 oneway=false
04-06 14:27:09.523 4552 4552 E ArmVmp : Match on catch block at 0xc3 in for 0xa5
04-06 14:27:09.525 4552 4552 E ArmVmp : Match on catch block at 0xc3 in for 0xa9
04-06 14:27:09.560 4552 4552 E ArmVmp : Match on catch block at 0xc3 in for 0xa5
04-06 14:27:09.563 4552 4552 E ArmVmp : Match on catch block at 0xc3 in for 0xa9
04-06 14:27:09.572 4552 4552 E ArmVmp : Match on catch block at 0xc3 in for 0xa5
04-06 14:27:09.575 4552 4552 E ArmVmp : Match on catch block at 0xc3 in for 0xa9
04-06 14:27:09.583 4552 4552 E ArmVmp : Match on catch block at 0xc3 in for 0xa5
04-06 14:27:09.586 4552 4552 E ArmVmp : Match on catch block at 0xc3 in for 0xa9
04-06 14:27:09.597 4552 4552 E ArmVmp : Match on catch block at 0xc3 in for 0xa5
04-06 14:27:09.600 4552 4552 E ArmVmp : Match on catch block at 0xc3 in for 0xa9
04-06 14:27:09.614 4552 4552 E ArmVmp : Match on catch block at 0xc3 in for 0xa5
04-06 14:27:09.617 4552 4552 E ArmVmp : Match on catch block at 0xc3 in for 0xa9
04-06 14:27:09.631 4552 4552 E ArmVmp : Match on catch block at 0xc3 in for 0xa5
04-06 14:27:09.635 4552 4552 E ArmVmp : Match on catch block at 0xc3 in for 0xa9
04-06 14:27:09.638 4552 6389 W BpBinder: Slow Binder: BpBinder transact took 355
ms, interface=android.media.IMediaMetadataRetriever, code=5 oneway=false
04-06 14:27:09.791 4552 6388 W BpBinder: Slow Binder: BpBinder transact took 429
ms, interface=android.media.IMediaMetadataRetriever, code=5 oneway=false
04-06 14:27:09.866 4552 4552 E libc : Access denied finding property
"vendor.debug.bq.dump"
04-06 14:27:09.866 4552 4552 E libc : Access denied finding property
"vendor.debug.bq.dump"
04-06 14:27:09.866 4552 4552 E GraphicExt:
GraphicExtModuleLoader::CreateGraphicExtInstance false
04-06 14:27:09.866 4552 4755 E BufferQueueProducer: [unnamed-4552-11]
(this:0x77b1d91000,id:11,api:1,p:4552,c:4552) setMaxDequeuedBufferCount: 2 dequeued
buffers would exceed the maxBufferCount (2) (maxAcquired 1 async 0
mDequeuedBufferCannotBlock 0)
04-06 14:27:09.866 4552 4755 E Surface :
IGraphicBufferProducer::setBufferCount(3) returned Invalid argument
04-06 14:27:09.870 4552 4552 W RefBase : CallStack::getCurrentInternal not
linked, returning null
04-06 14:27:09.870 4552 4552 W RefBase : CallStack::logStackInternal not linked
04-06 14:27:09.883 4552 4552 W ActivityThread: handleWindowVisibility: no
activity for token android.os.BinderProxy@31e2ed7
04-06 14:27:09.993 4552 4552 E GraphicExt:
GraphicExtModuleLoader::CreateGraphicExtInstance false
04-06 14:27:10.031 4552 4552 W BottomSheetBehavior: BottomSheetBehavior now
supports multiple callbacks. `setBottomSheetCallback()` removes all existing
callbacks, including ones set internally by library authors, which may result in
unintended behavior. This may change in the future. Please use
`addBottomSheetCallback()` and `removeBottomSheetCallback()` instead to set your
own callbacks.
04-06 14:27:10.053 4552 4552 E RecyclerView: No adapter attached; skipping layout
04-06 14:27:10.076 4552 4552 E RecyclerView: No adapter attached; skipping layout
04-06 14:27:10.164 4552 6389 W BpBinder: Slow Binder: BpBinder transact took 214
ms, interface=android.media.IMediaMetadataRetriever, code=5 oneway=false
04-06 14:27:10.268 4552 4577 W System : A resource failed to call close.
04-06 14:27:10.270 4552 4577 W System : A resource failed to call close.
04-06 14:27:10.356 4552 6388 W BpBinder: Slow Binder: BpBinder transact took 247
ms, interface=android.media.IMediaMetadataRetriever, code=5 oneway=false
04-06 14:27:11.564 4552 6464 W System : ClassLoader referenced unknown path:
system/framework/mediatek-cta.jar
04-06 14:27:11.938 4552 4621 E SQLiteDatabase: Error inserting transferred=0
media_job_uuid=052c3053-9445-420d-b7bb-f9775bbaf95e transcoded=1 gif_attribution=0
first_scan_length=0 direct_path=null thumbnail_height_width_ratio=2.25
is_animated_sticker=0 file_hash=null
file_path=/data/user/0/com.mbwhatsapp/files/.Shared/68b6ae8d-1741-410f-bfc8-
038b7aec58f0.jpg file_size=231614 partial_media_hash=null face_x=0 face_y=0
height=2340 trim_to=0 media_key_timestamp=0 message_url=null media_caption=null
trim_from=0 mime_type=null partial_media_enc_hash=null width=1080
original_file_hash=f5TTBimA8Ju+Vrt9ldk+fZx4anrvnn763KXVL3lBLnU=
has_streaming_sidecar=0 autotransfer_retry_enabled=1 media_upload_handle=null
message_row_id=71 multicast_id=null enc_file_hash=null mute_video=0 page_count=0
first_scan_sidecar=null suspicious_content=0 file_length=231614
media_name=68b6ae8d-1741-410f-bfc8-038b7aec58f0.jpg media_duration=0 chat_row_id=8
media_key=null
04-06 14:27:11.938 4552 4621 E SQLiteDatabase:
android.database.sqlite.SQLiteConstraintException: UNIQUE constraint failed:
message_media.message_row_id (code 1555 SQLITE_CONSTRAINT_PRIMARYKEY)
04-06 14:27:11.938 4552 4621 E SQLiteDatabase: at
android.database.sqlite.SQLiteConnection.nativeExecuteForLastInsertedRowId(Native
Method)
04-06 14:27:11.938 4552 4621 E SQLiteDatabase: at
android.database.sqlite.SQLiteConnection.executeForLastInsertedRowId(SQLiteConnecti
on.java:879)
04-06 14:27:11.938 4552 4621 E SQLiteDatabase: at
android.database.sqlite.SQLiteSession.executeForLastInsertedRowId(SQLiteSession.jav
a:790)
04-06 14:27:11.938 4552 4621 E SQLiteDatabase: at
android.database.sqlite.SQLiteStatement.executeInsert(SQLiteStatement.java:88)
04-06 14:27:11.938 4552 4621 E SQLiteDatabase: at
android.database.sqlite.SQLiteDatabase.insertWithOnConflict(SQLiteDatabase.java:159
9)
04-06 14:27:11.938 4552 4621 E SQLiteDatabase: at
android.database.sqlite.SQLiteDatabase.insert(SQLiteDatabase.java:1468)
04-06 14:27:11.938 4552 4621 E SQLiteDatabase: at X.2tm.A08(Unknown
Source:6)
04-06 14:27:11.938 4552 4621 E SQLiteDatabase: at X.35Y.A07(Unknown
Source:212)
04-06 14:27:11.938 4552 4621 E SQLiteDatabase: at X.3QF.A14(Unknown
Source:470)
04-06 14:27:11.938 4552 4621 E SQLiteDatabase: at X.3gU.run(Unknown
Source:982)
04-06 14:27:11.938 4552 4621 E SQLiteDatabase: at
android.os.Handler.handleCallback(Handler.java:914)
04-06 14:27:11.938 4552 4621 E SQLiteDatabase: at
android.os.Handler.dispatchMessage(Handler.java:100)
04-06 14:27:11.938 4552 4621 E SQLiteDatabase: at
X.0zq.dispatchMessage(Unknown Source:4)
04-06 14:27:11.938 4552 4621 E SQLiteDatabase: at
android.os.Looper.loop(Looper.java:224)
04-06 14:27:11.938 4552 4621 E SQLiteDatabase: at
android.os.HandlerThread.run(HandlerThread.java:67)
04-06 14:27:11.997 4552 4552 E ArmVmp : Match on catch block at 0x0a in for 0xc1
04-06 14:27:11.999 4552 5946 W System : ClassLoader referenced unknown path:
system/framework/mediatek-cta.jar
04-06 14:27:11.999 4552 4552 E ArmVmp : Match on catch block at 0x0a in for 0xc9
04-06 14:27:12.028 4552 4552 E GraphicExt:
GraphicExtModuleLoader::CreateGraphicExtInstance false
04-06 14:27:12.056 4552 5946 W System : ClassLoader referenced unknown path:
system/framework/mediatek-cta.jar
04-06 14:27:12.073 4552 4552 E ArmVmp : Match on catch block at 0xc3 in for 0xa5
04-06 14:27:12.077 4552 4552 E ArmVmp : Match on catch block at 0xc3 in for 0xa9
04-06 14:27:12.129 4552 4552 E ArmVmp : Match on catch block at 0xc3 in for 0xa1
04-06 14:27:12.132 4552 4552 E ArmVmp : Match on catch block at 0xc3 in for 0xa5
04-06 14:27:12.161 4552 4552 E ArmVmp : Match on catch block at 0xc3 in for 0xa1
04-06 14:27:12.163 4552 4552 E ArmVmp : Match on catch block at 0xc3 in for 0xa5
04-06 14:27:12.182 4552 4552 E ArmVmp : Match on catch block at 0xc3 in for 0xa9
04-06 14:27:12.186 4552 4552 E ArmVmp : Match on catch block at 0xc3 in for 0xa1
04-06 14:27:12.196 4552 4552 E ArmVmp : Match on catch block at 0xc3 in for 0xa1
04-06 14:27:12.199 4552 4552 E ArmVmp : Match on catch block at 0xc3 in for 0xa5
04-06 14:27:12.208 4552 4552 E ArmVmp : Match on catch block at 0xc3 in for 0xa9
04-06 14:27:12.211 4552 4552 E ArmVmp : Match on catch block at 0xc3 in for 0xa1
04-06 14:27:12.215 4552 5409 W MediaPlayer: Use of stream types is deprecated for
operations other than volume control
04-06 14:27:12.215 4552 5409 W MediaPlayer: See the documentation of
setAudioStreamType() for what to use instead with android.media.AudioAttributes to
qualify your playback use case
04-06 14:27:12.217 4552 4552 E ArmVmp : Match on catch block at 0xc3 in for 0xa9
04-06 14:27:12.223 4552 4552 E ArmVmp : Match on catch block at 0xc3 in for 0xa1
04-06 14:27:12.231 4552 4552 E ArmVmp : Match on catch block at 0xc3 in for 0xa1
04-06 14:27:12.234 4552 4552 E ArmVmp : Match on catch block at 0xc3 in for 0xa5
04-06 14:27:12.249 4552 4552 E ArmVmp : Match on catch block at 0xc3 in for 0xa1
04-06 14:27:12.254 4552 4552 E ArmVmp : Match on catch block at 0xc3 in for 0xa5
04-06 14:27:12.266 4552 4552 E ArmVmp : Match on catch block at 0xc3 in for 0xa9
