04-06 14:25:30.855 4552 4552 E ArmVmp : Match on catch block at 0xc3 in for 0xa9
04-06 14:25:30.858 4552 4552 E ArmVmp : Match on catch block at 0xc3 in for 0xa9
04-06 14:25:30.868 4552 4552 E ArmVmp : Match on catch block at 0xc3 in for 0xa1
04-06 14:25:30.874 4552 4552 E ArmVmp : Match on catch block at 0xc3 in for 0xa5
04-06 14:25:30.877 4552 4552 E ArmVmp : Match on catch block at 0xc3 in for 0xa5
04-06 14:25:30.884 4552 4552 E ArmVmp : Match on catch block at 0xc3 in for 0xa9
04-06 14:25:30.887 4552 4552 E ArmVmp : Match on catch block at 0xc3 in for 0xa1
04-06 14:25:30.889 4552 4552 E ArmVmp : Match on catch block at 0xc3 in for 0xa1
04-06 14:25:30.902 4552 4552 E ArmVmp : Match on catch block at 0xc3 in for 0xa5
04-06 14:25:30.907 4552 4552 E ArmVmp : Match on catch block at 0xc3 in for 0xa9
04-06 14:25:30.910 4552 4552 E ArmVmp : Match on catch block at 0xc3 in for 0xa9
04-06 14:25:30.968 4552 4552 E ArmVmp : Match on catch block at 0xc3 in for 0xa1
04-06 14:25:30.974 4552 4552 E ArmVmp : Match on catch block at 0xc3 in for 0xa5
04-06 14:25:30.977 4552 4552 E ArmVmp : Match on catch block at 0xc3 in for 0xa5
04-06 14:25:31.086 4552 4552 E ArmVmp : Match on catch block at 0xc3 in for 0xa9
04-06 14:25:31.090 4552 4552 E ArmVmp : Match on catch block at 0xc3 in for 0xa1
04-06 14:25:31.093 4552 4552 E ArmVmp : Match on catch block at 0xc3 in for 0xa1
04-06 14:25:31.251 4552 4552 E ArmVmp : Match on catch block at 0xc3 in for 0xa5
04-06 14:25:31.254 4552 4552 E ArmVmp : Match on catch block at 0xc3 in for 0xa9
04-06 14:25:31.255 4552 4552 E ArmVmp : Match on catch block at 0xc3 in for 0xa9
04-06 14:25:31.368 4552 4552 E ArmVmp : Match on catch block at 0xc3 in for 0xa1
04-06 14:25:31.371 4552 4552 E ArmVmp : Match on catch block at 0xc3 in for 0xa5
04-06 14:25:31.373 4552 4552 E ArmVmp : Match on catch block at 0xc3 in for 0xa5
04-06 14:25:31.386 4552 4552 E ArmVmp : Match on catch block at 0xc3 in for 0xa1
04-06 14:25:31.389 4552 4552 E ArmVmp : Match on catch block at 0xc3 in for 0xa5
04-06 14:25:31.393 4552 4552 E ArmVmp : Match on catch block at 0xc3 in for 0xa5
04-06 14:25:31.567 4552 4552 E ArmVmp : Match on catch block at 0xc3 in for 0xa9
04-06 14:25:31.570 4552 4552 E ArmVmp : Match on catch block at 0xc3 in for 0xa1
04-06 14:25:31.571 4552 4552 E ArmVmp : Match on catch block at 0xc3 in for 0xa1
04-06 14:25:31.734 4552 4552 E ArmVmp : Match on catch block at 0xc3 in for 0xa5
04-06 14:25:31.738 4552 4552 E ArmVmp : Match on catch block at 0xc3 in for 0xa9
04-06 14:25:31.739 4552 4552 E ArmVmp : Match on catch block at 0xc3 in for 0xa9
04-06 14:25:31.851 4552 4552 E ArmVmp : Match on catch block at 0xc3 in for 0xa1
04-06 14:25:31.854 4552 4552 E ArmVmp : Match on catch block at 0xc3 in for 0xa5
04-06 14:25:31.856 4552 4552 E ArmVmp : Match on catch block at 0xc3 in for 0xa5
04-06 14:25:31.967 4552 4552 E ArmVmp : Match on catch block at 0xc3 in for 0xa9
04-06 14:25:31.971 4552 4552 E ArmVmp : Match on catch block at 0xc3 in for 0xa1
04-06 14:25:31.974 4552 4552 E ArmVmp : Match on catch block at 0xc3 in for 0xa1
04-06 14:25:32.200 4552 4552 E ArmVmp : Match on catch block at 0xc3 in for 0xa5
04-06 14:25:32.203 4552 4552 E ArmVmp : Match on catch block at 0xc3 in for 0xa9
04-06 14:25:32.205 4552 4552 E ArmVmp : Match on catch block at 0xc3 in for 0xa9
04-06 14:25:32.251 4552 4552 E ArmVmp : Match on catch block at 0xc3 in for 0xa1
04-06 14:25:32.254 4552 4552 E ArmVmp : Match on catch block at 0xc3 in for 0xa5
04-06 14:25:32.256 4552 4552 E ArmVmp : Match on catch block at 0xc3 in for 0xa5
04-06 14:25:32.403 4552 4552 E ArmVmp : Match on catch block at 0xc3 in for 0xa1
04-06 14:25:32.405 4552 4552 E ArmVmp : Match on catch block at 0xc3 in for 0xa5
04-06 14:25:32.408 4552 4552 E ArmVmp : Match on catch block at 0xc3 in for 0xa5
04-06 14:25:32.417 4552 4552 E ArmVmp : Match on catch block at 0xc3 in for 0xa9
04-06 14:25:32.423 4552 4552 E ArmVmp : Match on catch block at 0xc3 in for 0xa1
04-06 14:25:32.427 4552 4552 E ArmVmp : Match on catch block at 0xc3 in for 0xa1
04-06 14:25:32.545 4552 4552 E ArmVmp : Match on catch block at 0xc3 in for 0xa5
04-06 14:25:32.549 4552 4552 E ArmVmp : Match on catch block at 0xc3 in for 0xa9
04-06 14:25:32.552 4552 4552 E ArmVmp : Match on catch block at 0xc3 in for 0xa9
04-06 14:25:32.559 4552 4552 E ArmVmp : Match on catch block at 0xc3 in for 0xa1
04-06 14:25:32.563 4552 4552 E ArmVmp : Match on catch block at 0xc3 in for 0xa5
04-06 14:25:32.565 4552 4552 E ArmVmp : Match on catch block at 0xc3 in for 0xa5
04-06 14:25:32.684 4552 4552 E ArmVmp : Match on catch block at 0xc3 in for 0xa9
04-06 14:25:32.687 4552 4552 E ArmVmp : Match on catch block at 0xc3 in for 0xa1
04-06 14:25:32.692 4552 4552 E ArmVmp : Match on catch block at 0xc3 in for 0xa1
04-06 14:25:32.900 4552 4552 E ArmVmp : Match on catch block at 0xc3 in for 0xa5
04-06 14:25:32.904 4552 4552 E ArmVmp : Match on catch block at 0xc3 in for 0xa9
04-06 14:25:32.910 4552 4552 E ArmVmp : Match on catch block at 0xc3 in for 0xa9
04-06 14:25:33.105 4552 4552 E ArmVmp : Match on catch block at 0xc3 in for 0xa1
04-06 14:25:33.114 4552 4552 E ArmVmp : Match on catch block at 0xc3 in for 0xa5
04-06 14:25:33.118 4552 4552 E ArmVmp : Match on catch block at 0xc3 in for 0xa5
04-06 14:25:33.251 4552 4552 E ArmVmp : Match on catch block at 0xc3 in for 0xa9
04-06 14:25:33.254 4552 4552 E ArmVmp : Match on catch block at 0xc3 in for 0xa1
04-06 14:25:33.259 4552 4552 E ArmVmp : Match on catch block at 0xc3 in for 0xa1
04-06 14:25:33.372 4552 4552 E ArmVmp : Match on catch block at 0xc3 in for 0xa5
04-06 14:25:33.383 4552 4552 E ArmVmp : Match on catch block at 0xc3 in for 0xa9
04-06 14:25:33.391 4552 4552 E ArmVmp : Match on catch block at 0xc3 in for 0xa9
04-06 14:25:33.405 4552 4552 E ArmVmp : Match on catch block at 0xc3 in for 0xa5
04-06 14:25:33.410 4552 4552 E ArmVmp : Match on catch block at 0xc3 in for 0xa9
04-06 14:25:33.413 4552 4552 E ArmVmp : Match on catch block at 0xc3 in for 0xa9
04-06 14:25:33.435 4552 4552 E ArmVmp : Match on catch block at 0xc3 in for 0xa1
04-06 14:25:33.440 4552 4552 E ArmVmp : Match on catch block at 0xc3 in for 0xa5
04-06 14:25:33.443 4552 4552 E ArmVmp : Match on catch block at 0xc3 in for 0xa5
04-06 14:25:33.452 4552 4552 E ArmVmp : Match on catch block at 0xc3 in for 0xa9
04-06 14:25:33.460 4552 4552 E ArmVmp : Match on catch block at 0xc3 in for 0xa1
04-06 14:25:33.463 4552 4552 E ArmVmp : Match on catch block at 0xc3 in for 0xa1
04-06 14:25:33.472 4552 4552 E ArmVmp : Match on catch block at 0xc3 in for 0xa5
04-06 14:25:33.478 4552 4552 E ArmVmp : Match on catch block at 0xc3 in for 0xa9
04-06 14:25:33.483 4552 4552 E ArmVmp : Match on catch block at 0xc3 in for 0xa9
04-06 14:25:33.493 4552 4552 E ArmVmp : Match on catch block at 0xc3 in for 0xa1
04-06 14:25:33.499 4552 4552 E ArmVmp : Match on catch block at 0xc3 in for 0xa5
04-06 14:25:33.503 4552 4552 E ArmVmp : Match on catch block at 0xc3 in for 0xa5
04-06 14:25:33.513 4552 4552 E ArmVmp : Match on catch block at 0xc3 in for 0xa9
04-06 14:25:33.520 4552 4552 E ArmVmp : Match on catch block at 0xc3 in for 0xa1
04-06 14:25:33.524 4552 4552 E ArmVmp : Match on catch block at 0xc3 in for 0xa1
04-06 14:25:33.531 4552 4552 E ArmVmp : Match on catch block at 0xc3 in for 0xa5
04-06 14:25:33.537 4552 4552 E ArmVmp : Match on catch block at 0xc3 in for 0xa9
04-06 14:25:33.542 4552 4552 E ArmVmp : Match on catch block at 0xc3 in for 0xa9
04-06 14:25:33.550 4552 4552 E ArmVmp : Match on catch block at 0xc3 in for 0xa1
04-06 14:25:33.560 4552 4552 E ArmVmp : Match on catch block at 0xc3 in for 0xa5
04-06 14:25:33.563 4552 4552 E ArmVmp : Match on catch block at 0xc3 in for 0xa5
04-06 14:25:33.571 4552 4552 E ArmVmp : Match on catch block at 0xc3 in for 0xa9
04-06 14:25:33.577 4552 4552 E ArmVmp : Match on catch block at 0xc3 in for 0xa1
04-06 14:25:33.580 4552 4552 E ArmVmp : Match on catch block at 0xc3 in for 0xa1
04-06 14:25:33.586 4552 4552 E ArmVmp : Match on catch block at 0xc3 in for 0xa5
04-06 14:25:33.594 4552 4552 E ArmVmp : Match on catch block at 0xc3 in for 0xa9
04-06 14:25:33.596 4552 4552 E ArmVmp : Match on catch block at 0xc3 in for 0xa9
04-06 14:25:33.602 4552 4552 E ArmVmp : Match on catch block at 0xc3 in for 0xa1
04-06 14:25:33.607 4552 4552 E ArmVmp : Match on catch block at 0xc3 in for 0xa5
04-06 14:25:33.610 4552 4552 E ArmVmp : Match on catch block at 0xc3 in for 0xa5
04-06 14:25:33.617 4552 4552 E ArmVmp : Match on catch block at 0xc3 in for 0xa9
04-06 14:25:33.623 4552 4552 E ArmVmp : Match on catch block at 0xc3 in for 0xa1
04-06 14:25:33.626 4552 4552 E ArmVmp : Match on catch block at 0xc3 in for 0xa1
04-06 14:25:33.635 4552 4552 E ArmVmp : Match on catch block at 0xc3 in for 0xa5
04-06 14:25:33.640 4552 4552 E ArmVmp : Match on catch block at 0xc3 in for 0xa9
04-06 14:25:33.643 4552 4552 E ArmVmp : Match on catch block at 0xc3 in for 0xa9
04-06 14:25:33.652 4552 4552 E ArmVmp : Match on catch block at 0xc3 in for 0xa1
04-06 14:25:33.657 4552 4552 E ArmVmp : Match on catch block at 0xc3 in for 0xa5
04-06 14:25:33.660 4552 4552 E ArmVmp : Match on catch block at 0xc3 in for 0xa5
04-06 14:25:33.669 4552 4552 E ArmVmp : Match on catch block at 0xc3 in for 0xa9
04-06 14:25:33.675 4552 4552 E ArmVmp : Match on catch block at 0xc3 in for 0xa1
04-06 14:25:33.677 4552 4552 E ArmVmp : Match on catch block at 0xc3 in for 0xa1
04-06 14:25:33.684 4552 4552 E ArmVmp : Match on catch block at 0xc3 in for 0xa5
04-06 14:25:33.689 4552 4552 E ArmVmp : Match on catch block at 0xc3 in for 0xa9
04-06 14:25:33.693 4552 4552 E ArmVmp : Match on catch block at 0xc3 in for 0xa9
04-06 14:25:33.702 4552 4552 E ArmVmp : Match on catch block at 0xc3 in for 0xa1
04-06 14:25:33.707 4552 4552 E ArmVmp : Match on catch block at 0xc3 in for 0xa5
04-06 14:25:33.712 4552 4552 E ArmVmp : Match on catch block at 0xc3 in for 0xa5
04-06 14:25:33.720 4552 4552 E ArmVmp : Match on catch block at 0xc3 in for 0xa9
04-06 14:25:33.725 4552 4552 E ArmVmp : Match on catch block at 0xc3 in for 0xa1
04-06 14:25:33.727 4552 4552 E ArmVmp : Match on catch block at 0xc3 in for 0xa1
04-06 14:25:33.736 4552 4552 E ArmVmp : Match on catch block at 0xc3 in for 0xa5
04-06 14:25:33.741 4552 4552 E ArmVmp : Match on catch block at 0xc3 in for 0xa9
04-06 14:25:33.743 4552 4552 E ArmVmp : Match on catch block at 0xc3 in for 0xa9
04-06 14:25:33.752 4552 4552 E ArmVmp : Match on catch block at 0xc3 in for 0xa1
04-06 14:25:33.757 4552 4552 E ArmVmp : Match on catch block at 0xc3 in for 0xa5
04-06 14:25:33.760 4552 4552 E ArmVmp : Match on catch block at 0xc3 in for 0xa5
04-06 14:25:33.769 4552 4552 E ArmVmp : Match on catch block at 0xc3 in for 0xa9
04-06 14:25:33.774 4552 4552 E ArmVmp : Match on catch block at 0xc3 in for 0xa1
04-06 14:25:33.778 4552 4552 E ArmVmp : Match on catch block at 0xc3 in for 0xa1
04-06 14:25:33.869 4552 4552 E ArmVmp : Match on catch block at 0xc3 in for 0xa5
04-06 14:25:33.873 4552 4552 E ArmVmp : Match on catch block at 0xc3 in for 0xa9
04-06 14:25:33.875 4552 4552 E ArmVmp : Match on catch block at 0xc3 in for 0xa9
04-06 14:25:33.887 4552 4552 E ArmVmp : Match on catch block at 0xc3 in for 0xa1
04-06 14:25:33.896 4552 4552 E ArmVmp : Match on catch block at 0xc3 in for 0xa5
04-06 14:25:33.901 4552 4552 E ArmVmp : Match on catch block at 0xc3 in for 0xa5
04-06 14:25:34.084 4552 4552 E ArmVmp : Match on catch block at 0xc3 in for 0xa9
04-06 14:25:34.088 4552 4552 E ArmVmp : Match on catch block at 0xc3 in for 0xa1
04-06 14:25:34.090 4552 4552 E ArmVmp : Match on catch block at 0xc3 in for 0xa1
04-06 14:25:34.151 4552 4552 E ArmVmp : Match on catch block at 0xc3 in for 0xa5
04-06 14:25:34.155 4552 4552 E ArmVmp : Match on catch block at 0xc3 in for 0xa9
04-06 14:25:34.157 4552 4552 E ArmVmp : Match on catch block at 0xc3 in for 0xa9
04-06 14:25:34.170 4552 4552 E ArmVmp : Match on catch block at 0xc3 in for 0xa1
04-06 14:25:34.179 4552 4552 E ArmVmp : Match on catch block at 0xc3 in for 0xa5
04-06 14:25:34.184 4552 4552 E ArmVmp : Match on catch block at 0xc3 in for 0xa5
04-06 14:25:34.194 4552 4552 E ArmVmp : Match on catch block at 0xc3 in for 0xa9
04-06 14:25:34.200 4552 4552 E ArmVmp : Match on catch block at 0xc3 in for 0xa1
04-06 14:25:34.203 4552 4552 E ArmVmp : Match on catch block at 0xc3 in for 0xa1
04-06 14:25:34.220 4552 4552 E ArmVmp : Match on catch block at 0xc3 in for 0xa5
04-06 14:25:34.229 4552 4552 E ArmVmp : Match on catch block at 0xc3 in for 0xa9
04-06 14:25:34.233 4552 4552 E ArmVmp : Match on catch block at 0xc3 in for 0xa9
04-06 14:25:34.242 4552 4552 E ArmVmp : Match on catch block at 0xc3 in for 0xa1
04-06 14:25:34.249 4552 4552 E ArmVmp : Match on catch block at 0xc3 in for 0xa5
04-06 14:25:34.253 4552 4552 E ArmVmp : Match on catch block at 0xc3 in for 0xa5
04-06 14:25:34.270 4552 4552 E ArmVmp : Match on catch block at 0xc3 in for 0xa9
04-06 14:25:34.276 4552 4552 E ArmVmp : Match on catch block at 0xc3 in for 0xa1
04-06 14:25:34.281 4552 4552 E ArmVmp : Match on catch block at 0xc3 in for 0xa1
04-06 14:25:34.292 4552 4552 E ArmVmp : Match on catch block at 0xc3 in for 0xa5
04-06 14:25:34.297 4552 4552 E ArmVmp : Match on catch block at 0xc3 in for 0xa9
04-06 14:25:34.300 4552 4552 E ArmVmp : Match on catch block at 0xc3 in for 0xa9
04-06 14:25:34.313 4552 4552 E ArmVmp : Match on catch block at 0xc3 in for 0xa1
04-06 14:25:34.320 4552 4552 E ArmVmp : Match on catch block at 0xc3 in for 0xa5
04-06 14:25:34.323 4552 4552 E ArmVmp : Match on catch block at 0xc3 in for 0xa5
04-06 14:25:34.335 4552 4552 E ArmVmp : Match on catch block at 0xc3 in for 0xa9
04-06 14:25:34.343 4552 4552 E ArmVmp : Match on catch block at 0xc3 in for 0xa1
04-06 14:25:34.346 4552 4552 E ArmVmp : Match on catch block at 0xc3 in for 0xa1
04-06 14:25:34.351 4552 4552 E ArmVmp : Match on catch block at 0xc3 in for 0xa5
04-06 14:25:34.360 4552 4552 E ArmVmp : Match on catch block at 0xc3 in for 0xa9
04-06 14:25:34.363 4552 4552 E ArmVmp : Match on catch block at 0xc3 in for 0xa9
04-06 14:25:34.370 4552 4552 E ArmVmp : Match on catch block at 0xc3 in for 0xa1
04-06 14:25:34.379 4552 4552 E ArmVmp : Match on catch block at 0xc3 in for 0xa5
04-06 14:25:34.382 4552 4552 E ArmVmp : Match on catch block at 0xc3 in for 0xa5
04-06 14:25:34.396 4552 4552 E ArmVmp : Match on catch block at 0xc3 in for 0xa9
04-06 14:25:34.401 4552 4552 E ArmVmp : Match on catch block at 0xc3 in for 0xa1
04-06 14:25:34.405 4552 4552 E ArmVmp : Match on catch block at 0xc3 in for 0xa1
04-06 14:25:34.422 4552 4552 E ArmVmp : Match on catch block at 0xc3 in for 0xa9
04-06 14:25:34.428 4552 4552 E ArmVmp : Match on catch block at 0xc3 in for 0xa1
04-06 14:25:34.431 4552 4552 E ArmVmp : Match on catch block at 0xc3 in for 0xa1
04-06 14:25:34.568 4552 4552 E ArmVmp : Match on catch block at 0xc3 in for 0xa5
04-06 14:25:34.571 4552 4552 E ArmVmp : Match on catch block at 0xc3 in for 0xa9
04-06 14:25:34.573 4552 4552 E ArmVmp : Match on catch block at 0xc3 in for 0xa9
04-06 14:25:34.802 4552 4552 E ArmVmp : Match on catch block at 0xc3 in for 0xa1
04-06 14:25:34.806 4552 4552 E ArmVmp : Match on catch block at 0xc3 in for 0xa5
04-06 14:25:34.808 4552 4552 E ArmVmp : Match on catch block at 0xc3 in for 0xa5
04-06 14:25:34.968 4552 4552 E ArmVmp : Match on catch block at 0xc3 in for 0xa9
04-06 14:25:34.972 4552 4552 E ArmVmp : Match on catch block at 0xc3 in for 0xa1
04-06 14:25:34.975 4552 4552 E ArmVmp : Match on catch block at 0xc3 in for 0xa1
04-06 14:25:35.005 4552 4552 E ArmVmp : Match on catch block at 0xc3 in for 0xa9
04-06 14:25:35.014 4552 4552 E ArmVmp : Match on catch block at 0xc3 in for 0xa1
04-06 14:25:35.017 4552 4552 E ArmVmp : Match on catch block at 0xc3 in for 0xa1
04-06 14:25:35.044 4552 4552 E ArmVmp : Match on catch block at 0xc3 in for 0xa5
04-06 14:25:35.050 4552 4552 E ArmVmp : Match on catch block at 0xc3 in for 0xa9
04-06 14:25:35.093 4552 4552 E ArmVmp : Match on catch block at 0xc3 in for 0xa1
04-06 14:25:35.098 4552 4552 E ArmVmp : Match on catch block at 0xc3 in for 0xa5
04-06 14:25:35.112 4552 4552 E ArmVmp : Match on catch block at 0xc3 in for 0xa9
04-06 14:25:35.116 4552 4552 E ArmVmp : Match on catch block at 0xc3 in for 0xa1
04-06 14:25:35.124 4552 4552 E ArmVmp : Match on catch block at 0xc3 in for 0xa9
04-06 14:25:35.127 4552 4552 E ArmVmp : Match on catch block at 0xc3 in for 0xa1
04-06 14:25:35.134 4552 4552 E ArmVmp : Match on catch block at 0xc3 in for 0xa9
04-06 14:25:35.137 4552 4552 E ArmVmp : Match on catch block at 0xc3 in for 0xa1
04-06 14:25:35.151 4552 4552 E ArmVmp : Match on catch block at 0xc3 in for 0xa9
04-06 14:25:35.155 4552 4552 E ArmVmp : Match on catch block at 0xc3 in for 0xa1
04-06 14:25:35.167 4552 4552 E ArmVmp : Match on catch block at 0xc3 in for 0xa9
04-06 14:25:35.172 4552 4552 E ArmVmp : Match on catch block at 0xc3 in for 0xa1
04-06 14:25:35.185 4552 4552 E ArmVmp : Match on catch block at 0xc3 in for 0xa9
04-06 14:25:35.189 4552 4552 E ArmVmp : Match on catch block at 0xc3 in for 0xa1
04-06 14:25:35.291 4552 4552 E ArmVmp : Match on catch block at 0xc3 in for 0xa9
04-06 14:25:35.296 4552 4552 E ArmVmp : Match on catch block at 0xc3 in for 0xa1
04-06 14:25:35.303 4552 5409 W MediaPlayer: Use of stream types is deprecated for
operations other than volume control
04-06 14:25:35.303 4552 5409 W MediaPlayer: See the documentation of
setAudioStreamType() for what to use instead with android.media.AudioAttributes to
qualify your playback use case
04-06 14:25:35.304 4552 4552 E ArmVmp : Match on catch block at 0xc3 in for 0xa9
04-06 14:25:35.312 4552 4552 E ArmVmp : Match on catch block at 0xc3 in for 0xa1
04-06 14:25:35.436 4552 4552 E ArmVmp : Match on catch block at 0xc3 in for 0xa9
04-06 14:25:35.440 4552 4552 E ArmVmp : Match on catch block at 0xc3 in for 0xa1
04-06 14:25:35.454 4552 4552 E ArmVmp : Match on catch block at 0xc3 in for 0xa5
04-06 14:25:35.457 4552 4552 E ArmVmp : Match on catch block at 0xc3 in for 0xa9
04-06 14:25:35.469 4552 4552 E ArmVmp : Match on catch block at 0xc3 in for 0xa9
04-06 14:25:35.472 4552 4552 E ArmVmp : Match on catch block at 0xc3 in for 0xa1
04-06 14:25:35.484 4552 4552 E ArmVmp : Match on catch block at 0xc3 in for 0xa9
04-06 14:25:35.487 4552 4552 E ArmVmp : Match on catch block at 0xc3 in for 0xa1
04-06 14:25:35.654 4552 4552 E ArmVmp : Match on catch block at 0xc3 in for 0xa9
04-06 14:25:35.657 4552 4552 E ArmVmp : Match on catch block at 0xc3 in for 0xa1
04-06 14:25:35.670 4552 4552 E ArmVmp : Match on catch block at 0xc3 in for 0xa9
04-06 14:25:35.672 4552 4552 E ArmVmp : Match on catch block at 0xc3 in for 0xa1
04-06 14:25:35.684 4552 4552 E ArmVmp : Match on catch block at 0xc3 in for 0xa9
04-06 14:25:35.687 4552 4552 E ArmVmp : Match on catch block at 0xc3 in for 0xa1
04-06 14:25:35.870 4552 4552 E ArmVmp : Match on catch block at 0xc3 in for 0xa9
04-06 14:25:35.872 4552 4552 E ArmVmp : Match on catch block at 0xc3 in for 0xa1
04-06 14:25:35.906 4552 4552 E GraphicExt:
GraphicExtModuleLoader::CreateGraphicExtInstance false
04-06 14:25:35.949 4552 4552 E ArmVmp : Match on catch block at 0xc3 in for 0xa9
04-06 14:25:35.953 4552 4552 E ArmVmp : Match on catch block at 0xc3 in for 0xa1
04-06 14:25:35.971 4552 4552 E ArmVmp : Match on catch block at 0xc3 in for 0xa1
04-06 14:25:35.974 4552 4552 E ArmVmp : Match on catch block at 0xc3 in for 0xa5
04-06 14:25:36.475 4552 4552 E ArmVmp : Match on catch block at 0xc3 in for 0xa9
04-06 14:25:36.480 4552 4552 E ArmVmp : Match on catch block at 0xc3 in for 0xa1
04-06 14:25:37.258 4552 4552 W ActivityThread: handleWindowVisibility: no
activity for token android.os.BinderProxy@6394d59
04-06 14:25:37.392 4552 4552 E ArmVmp : Match on catch block at 0x0a in for 0xc9
04-06 14:25:37.393 4552 5946 W System : ClassLoader referenced unknown path:
system/framework/mediatek-cta.jar
04-06 14:25:37.394 4552 4552 E ArmVmp : Match on catch block at 0x0a in for 0xc5
04-06 14:25:37.432 4552 4552 E GraphicExt:
GraphicExtModuleLoader::CreateGraphicExtInstance false
04-06 14:25:37.438 4552 5946 W System : ClassLoader referenced unknown path:
system/framework/mediatek-cta.jar
04-06 14:25:37.524 4552 6014 W System : ClassLoader referenced unknown path:
system/framework/mediatek-cta.jar
04-06 14:25:37.525 4552 6014 W System : ClassLoader referenced unknown path:
system/framework/mediatek-cta.jar
04-06 14:25:37.531 4552 4552 E ArmVmp : Match on catch block at 0xc3 in for 0xb1
04-06 14:25:37.533 4552 4552 E ArmVmp : Match on catch block at 0xc3 in for 0xb1
04-06 14:25:37.535 4552 4552 E ArmVmp : Match on catch block at 0xc3 in for 0xb1
04-06 14:25:37.581 4552 4552 E ArmVmp : Match on catch block at 0xc3 in for 0xa9
04-06 14:25:37.584 4552 4552 E ArmVmp : Match on catch block at 0xc3 in for 0xa1
04-06 14:25:37.587 4552 4552 E ArmVmp : Match on catch block at 0xc3 in for 0xa1
04-06 14:25:37.618 4552 4552 E ArmVmp : Match on catch block at 0xc3 in for 0xa5
04-06 14:25:37.621 4552 4552 E ArmVmp : Match on catch block at 0xc3 in for 0xa9
04-06 14:25:37.622 4552 4552 E ArmVmp : Match on catch block at 0xc3 in for 0xa9
04-06 14:25:37.635 4552 4552 E ArmVmp : Match on catch block at 0xc3 in for 0xa5
04-06 14:25:37.639 4552 4552 E ArmVmp : Match on catch block at 0xc3 in for 0xa9
04-06 14:25:37.642 4552 4552 E ArmVmp : Match on catch block at 0xc3 in for 0xa9
04-06 14:25:37.653 4552 4552 E ArmVmp : Match on catch block at 0xc3 in for 0xa5
04-06 14:25:37.656 4552 4552 E ArmVmp : Match on catch block at 0xc3 in for 0xa9
04-06 14:25:37.660 4552 4552 E ArmVmp : Match on catch block at 0xc3 in for 0xa9
04-06 14:25:37.689 4552 4552 E ArmVmp : Match on catch block at 0xc3 in for 0xa9
04-06 14:25:37.691 4552 4552 E ArmVmp : Match on catch block at 0xc3 in for 0xa1
04-06 14:25:37.693 4552 4552 E ArmVmp : Match on catch block at 0xc3 in for 0xa1
04-06 14:25:37.702 4552 4552 E ArmVmp : Match on catch block at 0xc3 in for 0xa5
04-06 14:25:37.704 4552 4552 E ArmVmp : Match on catch block at 0xc3 in for 0xa9
04-06 14:25:37.706 4552 4552 E ArmVmp : Match on catch block at 0xc3 in for 0xa9
04-06 14:25:38.135 4552 4552 E ArmVmp : Match on catch block at 0xc3 in for 0xa5
04-06 14:25:38.138 4552 4552 E ArmVmp : Match on catch block at 0xc3 in for 0xa9
04-06 14:25:38.142 4552 4552 E ArmVmp : Match on catch block at 0xc3 in for 0xa9
04-06 14:25:38.236 4552 4552 E ArmVmp : Match on catch block at 0xc3 in for 0xa9
04-06 14:25:38.240 4552 4552 E ArmVmp : Match on catch block at 0xc3 in for 0xa1
04-06 14:25:38.243 4552 4552 E ArmVmp : Match on catch block at 0xc3 in for 0xa1
04-06 14:25:38.252 4552 4552 E ArmVmp : Match on catch block at 0xc3 in for 0xa5
04-06 14:25:38.255 4552 4552 E ArmVmp : Match on catch block at 0xc3 in for 0xa9
04-06 14:25:38.258 4552 4552 E ArmVmp : Match on catch block at 0xc3 in for 0xa9
04-06 14:25:38.269 4552 4552 E ArmVmp : Match on catch block at 0xc3 in for 0xa1
04-06 14:25:38.273 4552 4552 E ArmVmp : Match on catch block at 0xc3 in for 0xa5
04-06 14:25:38.277 4552 4552 E ArmVmp : Match on catch block at 0xc3 in for 0xa5
04-06 14:25:38.285 4552 4552 E ArmVmp : Match on catch block at 0xc3 in for 0xa9
04-06 14:25:38.288 4552 4552 E ArmVmp : Match on catch block at 0xc3 in for 0xa1
04-06 14:25:38.291 4552 4552 E ArmVmp : Match on catch block at 0xc3 in for 0xa1
04-06 14:25:38.302 4552 4552 E ArmVmp : Match on catch block at 0xc3 in for 0xa5
04-06 14:25:38.304 4552 4552 E ArmVmp : Match on catch block at 0xc3 in for 0xa9
04-06 14:25:38.307 4552 4552 E ArmVmp : Match on catch block at 0xc3 in for 0xa9
04-06 14:25:38.318 4552 4552 E ArmVmp : Match on catch block at 0xc3 in for 0xa1
04-06 14:25:38.323 4552 4552 E ArmVmp : Match on catch block at 0xc3 in for 0xa5
04-06 14:25:38.327 4552 4552 E ArmVmp : Match on catch block at 0xc3 in for 0xa5
04-06 14:25:38.336 4552 4552 E ArmVmp : Match on catch block at 0xc3 in for 0xa9
04-06 14:25:38.340 4552 4552 E ArmVmp : Match on catch block at 0xc3 in for 0xa1
04-06 14:25:38.343 4552 4552 E ArmVmp : Match on catch block at 0xc3 in for 0xa1
04-06 14:25:38.353 4552 4552 E ArmVmp : Match on catch block at 0xc3 in for 0xa5
04-06 14:25:38.357 4552 4552 E ArmVmp : Match on catch block at 0xc3 in for 0xa9
04-06 14:25:38.360 4552 4552 E ArmVmp : Match on catch block at 0xc3 in for 0xa9
04-06 14:25:38.370 4552 4552 E ArmVmp : Match on catch block at 0xc3 in for 0xa1
04-06 14:25:38.373 4552 4552 E ArmVmp : Match on catch block at 0xc3 in for 0xa5
04-06 14:25:38.377 4552 4552 E ArmVmp : Match on catch block at 0xc3 in for 0xa5
04-06 14:25:38.386 4552 4552 E ArmVmp : Match on catch block at 0xc3 in for 0xa9
04-06 14:25:38.391 4552 4552 E ArmVmp : Match on catch block at 0xc3 in for 0xa1
04-06 14:25:38.394 4552 4552 E ArmVmp : Match on catch block at 0xc3 in for 0xa1
04-06 14:25:38.402 4552 4552 E ArmVmp : Match on catch block at 0xc3 in for 0xa5
04-06 14:25:38.406 4552 4552 E ArmVmp : Match on catch block at 0xc3 in for 0xa9
04-06 14:25:38.409 4552 4552 E ArmVmp : Match on catch block at 0xc3 in for 0xa9
04-06 14:25:38.419 4552 4552 E ArmVmp : Match on catch block at 0xc3 in for 0xa1
04-06 14:25:38.422 4552 4552 E ArmVmp : Match on catch block at 0xc3 in for 0xa5
04-06 14:25:38.425 4552 4552 E ArmVmp : Match on catch block at 0xc3 in for 0xa5
04-06 14:25:38.435 4552 4552 E ArmVmp : Match on catch block at 0xc3 in for 0xa9
04-06 14:25:38.439 4552 4552 E ArmVmp : Match on catch block at 0xc3 in for 0xa1
04-06 14:25:38.442 4552 4552 E ArmVmp : Match on catch block at 0xc3 in for 0xa1
04-06 14:25:38.453 4552 4552 E ArmVmp : Match on catch block at 0xc3 in for 0xa5
04-06 14:25:38.456 4552 4552 E ArmVmp : Match on catch block at 0xc3 in for 0xa9
04-06 14:25:38.458 4552 4552 E ArmVmp : Match on catch block at 0xc3 in for 0xa9
04-06 14:25:38.470 4552 4552 E ArmVmp : Match on catch block at 0xc3 in for 0xa1
04-06 14:25:38.474 4552 4552 E ArmVmp : Match on catch block at 0xc3 in for 0xa5
04-06 14:25:38.477 4552 4552 E ArmVmp : Match on catch block at 0xc3 in for 0xa5
04-06 14:25:38.485 4552 4552 E ArmVmp : Match on catch block at 0xc3 in for 0xa9
04-06 14:25:38.488 4552 4552 E ArmVmp : Match on catch block at 0xc3 in for 0xa1
04-06 14:25:38.492 4552 4552 E ArmVmp : Match on catch block at 0xc3 in for 0xa1
04-06 14:25:38.503 4552 4552 E ArmVmp : Match on catch block at 0xc3 in for 0xa5
04-06 14:25:38.506 4552 4552 E ArmVmp : Match on catch block at 0xc3 in for 0xa9
04-06 14:25:38.509 4552 4552 E ArmVmp : Match on catch block at 0xc3 in for 0xa9
04-06 14:25:38.519 4552 4552 E ArmVmp : Match on catch block at 0xc3 in for 0xa1
04-06 14:25:38.523 4552 4552 E ArmVmp : Match on catch block at 0xc3 in for 0xa5
04-06 14:25:38.527 4552 4552 E ArmVmp : Match on catch block at 0xc3 in for 0xa5
04-06 14:25:38.535 4552 4552 E ArmVmp : Match on catch block at 0xc3 in for 0xa9
04-06 14:25:38.539 4552 4552 E ArmVmp : Match on catch block at 0xc3 in for 0xa1
04-06 14:25:38.542 4552 4552 E ArmVmp : Match on catch block at 0xc3 in for 0xa1
04-06 14:25:38.622 4552 4552 E ArmVmp : Match on catch block at 0xc3 in for 0xa9
04-06 14:25:38.627 4552 4552 E ArmVmp : Match on catch block at 0xc3 in for 0xa1
04-06 14:25:38.630 4552 4552 E ArmVmp : Match on catch block at 0xc3 in for 0xa1
04-06 14:25:38.653 4552 4552 E ArmVmp : Match on catch block at 0xc3 in for 0xa5
04-06 14:25:38.655 4552 4552 E ArmVmp : Match on catch block at 0xc3 in for 0xa9
04-06 14:25:38.658 4552 4552 E ArmVmp : Match on catch block at 0xc3 in for 0xa9
04-06 14:25:38.813 4552 4552 E ArmVmp : Match on catch block at 0xc3 in for 0xa9
04-06 14:25:38.816 4552 4552 E ArmVmp : Match on catch block at 0xc3 in for 0xa1
04-06 14:25:38.819 4552 4552 E ArmVmp : Match on catch block at 0xc3 in for 0xa1
04-06 14:25:38.828 4552 4552 E ArmVmp : Match on catch block at 0xc3 in for 0xa5
04-06 14:25:38.831 4552 4552 E ArmVmp : Match on catch block at 0xc3 in for 0xa9
04-06 14:25:38.834 4552 4552 E ArmVmp : Match on catch block at 0xc3 in for 0xa9
04-06 14:25:38.902 4552 4552 E ArmVmp : Match on catch block at 0xc3 in for 0xa5
04-06 14:25:38.908 4552 4552 E ArmVmp : Match on catch block at 0xc3 in for 0xa9
04-06 14:25:38.911 4552 4552 E ArmVmp : Match on catch block at 0xc3 in for 0xa9
04-06 14:25:38.926 4552 4552 E ArmVmp : Match on catch block at 0xc3 in for 0xa1
04-06 14:25:38.931 4552 4552 E ArmVmp : Match on catch block at 0xc3 in for 0xa5
04-06 14:25:38.933 4552 4552 E ArmVmp : Match on catch block at 0xc3 in for 0xa5
04-06 14:25:39.153 4552 4552 E ArmVmp : Match on catch block at 0xc3 in for 0xa9
04-06 14:25:39.159 4552 4552 E ArmVmp : Match on catch block at 0xc3 in for 0xa1
04-06 14:25:39.163 4552 4552 E ArmVmp : Match on catch block at 0xc3 in for 0xa1
04-06 14:25:39.474 4552 4552 E ArmVmp : Match on catch block at 0xc3 in for 0xa9
04-06 14:25:39.478 4552 4552 E ArmVmp : Match on catch block at 0xc3 in for 0xa1
04-06 14:25:39.482 4552 4552 E ArmVmp : Match on catch block at 0xc3 in for 0xa1
04-06 14:25:39.501 4552 4552 E ArmVmp : Match on catch block at 0xc3 in for 0xa1
04-06 14:25:39.506 4552 4552 E ArmVmp : Match on catch block at 0xc3 in for 0xa5
04-06 14:25:39.510 4552 4552 E ArmVmp : Match on catch block at 0xc3 in for 0xa5
04-06 14:25:39.519 4552 4552 E ArmVmp : Match on catch block at 0xc3 in for 0xa9
04-06 14:25:39.524 4552 4552 E ArmVmp : Match on catch block at 0xc3 in for 0xa1
04-06 14:25:39.527 4552 4552 E ArmVmp : Match on catch block at 0xc3 in for 0xa1
04-06 14:25:39.535 4552 4552 E ArmVmp : Match on catch block at 0xc3 in for 0xa5
04-06 14:25:39.540 4552 4552 E ArmVmp : Match on catch block at 0xc3 in for 0xa9
04-06 14:25:39.543 4552 4552 E ArmVmp : Match on catch block at 0xc3 in for 0xa9
04-06 14:25:39.552 4552 4552 E ArmVmp : Match on catch block at 0xc3 in for 0xa1
04-06 14:25:39.556 4552 4552 E ArmVmp : Match on catch block at 0xc3 in for 0xa5
04-06 14:25:39.560 4552 4552 E ArmVmp : Match on catch block at 0xc3 in for 0xa5
04-06 14:25:39.568 4552 4552 E ArmVmp : Match on catch block at 0xc3 in for 0xa9
04-06 14:25:39.572 4552 4552 E ArmVmp : Match on catch block at 0xc3 in for 0xa1
04-06 14:25:39.574 4552 4552 E ArmVmp : Match on catch block at 0xc3 in for 0xa1
04-06 14:25:39.588 4552 4552 E ArmVmp : Match on catch block at 0xc3 in for 0xa5
04-06 14:25:39.591 4552 4552 E ArmVmp : Match on catch block at 0xc3 in for 0xa9
04-06 14:25:39.594 4552 4552 E ArmVmp : Match on catch block at 0xc3 in for 0xa9
04-06 14:25:39.602 4552 4552 E ArmVmp : Match on catch block at 0xc3 in for 0xa1
04-06 14:25:39.605 4552 4552 E ArmVmp : Match on catch block at 0xc3 in for 0xa5
04-06 14:25:39.607 4552 4552 E ArmVmp : Match on catch block at 0xc3 in for 0xa5
04-06 14:25:39.619 4552 4552 E ArmVmp : Match on catch block at 0xc3 in for 0xa9
04-06 14:25:39.622 4552 4552 E ArmVmp : Match on catch block at 0xc3 in for 0xa1
04-06 14:25:39.625 4552 4552 E ArmVmp : Match on catch block at 0xc3 in for 0xa1
04-06 14:25:39.637 4552 4552 E ArmVmp : Match on catch block at 0xc3 in for 0xa9
04-06 14:25:39.641 4552 4552 E ArmVmp : Match on catch block at 0xc3 in for 0xa1
04-06 14:25:39.643 4552 4552 E ArmVmp : Match on catch block at 0xc3 in for 0xa1
04-06 14:25:39.652 4552 4552 E ArmVmp : Match on catch block at 0xc3 in for 0xa5
04-06 14:25:39.655 4552 4552 E ArmVmp : Match on catch block at 0xc3 in for 0xa9
04-06 14:25:39.658 4552 4552 E ArmVmp : Match on catch block at 0xc3 in for 0xa9
04-06 14:25:39.670 4552 4552 E ArmVmp : Match on catch block at 0xc3 in for 0xa1
04-06 14:25:39.673 4552 4552 E ArmVmp : Match on catch block at 0xc3 in for 0xa5
04-06 14:25:39.676 4552 4552 E ArmVmp : Match on catch block at 0xc3 in for 0xa5
04-06 14:25:39.919 4552 4552 E ArmVmp : Match on catch block at 0xc3 in for 0xa9
04-06 14:25:39.922 4552 4552 E ArmVmp : Match on catch block at 0xc3 in for 0xa1
04-06 14:25:39.924 4552 4552 E ArmVmp : Match on catch block at 0xc3 in for 0xa1
04-06 14:25:40.103 4552 4552 E ArmVmp : Match on catch block at 0xc3 in for 0xa5
04-06 14:25:40.109 4552 4552 E ArmVmp : Match on catch block at 0xc3 in for 0xa9
04-06 14:25:40.111 4552 4552 E ArmVmp : Match on catch block at 0xc3 in for 0xa9
04-06 14:25:40.286 4552 4552 E ArmVmp : Match on catch block at 0xc3 in for 0xa1
04-06 14:25:40.291 4552 4552 E ArmVmp : Match on catch block at 0xc3 in for 0xa5
04-06 14:25:40.295 4552 4552 E ArmVmp : Match on catch block at 0xc3 in for 0xa5
04-06 14:25:40.436 4552 4552 E ArmVmp : Match on catch block at 0xc3 in for 0xa5
04-06 14:25:40.441 4552 4552 E ArmVmp : Match on catch block at 0xc3 in for 0xa9
04-06 14:25:40.445 4552 4552 E ArmVmp : Match on catch block at 0xc3 in for 0xa9
04-06 14:25:40.470 4552 4552 E ArmVmp : Match on catch block at 0xc3 in for 0xa1
04-06 14:25:40.475 4552 4552 E ArmVmp : Match on catch block at 0xc3 in for 0xa5
04-06 14:25:40.478 4552 4552 E ArmVmp : Match on catch block at 0xc3 in for 0xa5
04-06 14:25:40.486 4552 4552 E ArmVmp : Match on catch block at 0xc3 in for 0xa9
04-06 14:25:40.491 4552 4552 E ArmVmp : Match on catch block at 0xc3 in for 0xa1
04-06 14:25:40.495 4552 4552 E ArmVmp : Match on catch block at 0xc3 in for 0xa1
04-06 14:25:40.503 4552 4552 E ArmVmp : Match on catch block at 0xc3 in for 0xa5
04-06 14:25:40.508 4552 4552 E ArmVmp : Match on catch block at 0xc3 in for 0xa9
04-06 14:25:40.510 4552 4552 E ArmVmp : Match on catch block at 0xc3 in for 0xa9
04-06 14:25:40.520 4552 4552 E ArmVmp : Match on catch block at 0xc3 in for 0xa1
04-06 14:25:40.525 4552 4552 E ArmVmp : Match on catch block at 0xc3 in for 0xa5
04-06 14:25:40.528 4552 4552 E ArmVmp : Match on catch block at 0xc3 in for 0xa5
04-06 14:25:40.535 4552 4552 E ArmVmp : Match on catch block at 0xc3 in for 0xa9
04-06 14:25:40.541 4552 4552 E ArmVmp : Match on catch block at 0xc3 in for 0xa1
04-06 14:25:40.546 4552 4552 E ArmVmp : Match on catch block at 0xc3 in for 0xa1
04-06 14:25:40.556 4552 4552 E ArmVmp : Match on catch block at 0xc3 in for 0xa5
04-06 14:25:40.561 4552 4552 E ArmVmp : Match on catch block at 0xc3 in for 0xa9
04-06 14:25:40.564 4552 4552 E ArmVmp : Match on catch block at 0xc3 in for 0xa9
04-06 14:25:40.570 4552 4552 E ArmVmp : Match on catch block at 0xc3 in for 0xa1
04-06 14:25:40.574 4552 4552 E ArmVmp : Match on catch block at 0xc3 in for 0xa5
04-06 14:25:40.577 4552 4552 E ArmVmp : Match on catch block at 0xc3 in for 0xa5
04-06 14:25:40.585 4552 4552 E ArmVmp : Match on catch block at 0xc3 in for 0xa9
04-06 14:25:40.589 4552 4552 E ArmVmp : Match on catch block at 0xc3 in for 0xa1
04-06 14:25:40.592 4552 4552 E ArmVmp : Match on catch block at 0xc3 in for 0xa1
04-06 14:25:40.603 4552 4552 E ArmVmp : Match on catch block at 0xc3 in for 0xa5
04-06 14:25:40.606 4552 4552 E ArmVmp : Match on catch block at 0xc3 in for 0xa9
04-06 14:25:40.608 4552 4552 E ArmVmp : Match on catch block at 0xc3 in for 0xa9
04-06 14:25:40.619 4552 4552 E ArmVmp : Match on catch block at 0xc3 in for 0xa1
04-06 14:25:40.624 4552 4552 E ArmVmp : Match on catch block at 0xc3 in for 0xa5
04-06 14:25:40.627 4552 4552 E ArmVmp : Match on catch block at 0xc3 in for 0xa5
04-06 14:25:40.636 4552 4552 E ArmVmp : Match on catch block at 0xc3 in for 0xa9
04-06 14:25:40.640 4552 4552 E ArmVmp : Match on catch block at 0xc3 in for 0xa1
04-06 14:25:40.644 4552 4552 E ArmVmp : Match on catch block at 0xc3 in for 0xa1
04-06 14:25:40.655 4552 4552 E ArmVmp : Match on catch block at 0xc3 in for 0xa9
04-06 14:25:40.658 4552 4552 E ArmVmp : Match on catch block at 0xc3 in for 0xa1
04-06 14:25:40.661 4552 4552 E ArmVmp : Match on catch block at 0xc3 in for 0xa1
04-06 14:25:40.668 4552 4552 E ArmVmp : Match on catch block at 0xc3 in for 0xa5
04-06 14:25:40.671 4552 4552 E ArmVmp : Match on catch block at 0xc3 in for 0xa9
04-06 14:25:40.673 4552 4552 E ArmVmp : Match on catch block at 0xc3 in for 0xa9
04-06 14:25:40.686 4552 4552 E ArmVmp : Match on catch block at 0xc3 in for 0xa1
04-06 14:25:40.690 4552 4552 E ArmVmp : Match on catch block at 0xc3 in for 0xa5
04-06 14:25:40.693 4552 4552 E ArmVmp : Match on catch block at 0xc3 in for 0xa5
04-06 14:25:40.702 4552 4552 E ArmVmp : Match on catch block at 0xc3 in for 0xa9
04-06 14:25:40.706 4552 4552 E ArmVmp : Match on catch block at 0xc3 in for 0xa1
04-06 14:25:40.709 4552 4552 E ArmVmp : Match on catch block at 0xc3 in for 0xa1
04-06 14:25:40.719 4552 4552 E ArmVmp : Match on catch block at 0xc3 in for 0xa5
04-06 14:25:40.723 4552 4552 E ArmVmp : Match on catch block at 0xc3 in for 0xa9
04-06 14:25:40.725 4552 4552 E ArmVmp : Match on catch block at 0xc3 in for 0xa9
04-06 14:25:40.736 4552 4552 E ArmVmp : Match on catch block at 0xc3 in for 0xa1
04-06 14:25:40.740 4552 4552 E ArmVmp : Match on catch block at 0xc3 in for 0xa5
04-06 14:25:40.744 4552 4552 E ArmVmp : Match on catch block at 0xc3 in for 0xa5
04-06 14:25:40.951 4552 4552 E ArmVmp : Match on catch block at 0xc3 in for 0xa9
04-06 14:25:40.954 4552 4552 E ArmVmp : Match on catch block at 0xc3 in for 0xa1
04-06 14:25:40.956 4552 4552 E ArmVmp : Match on catch block at 0xc3 in for 0xa1
04-06 14:25:40.968 4552 4552 E ArmVmp : Match on catch block at 0xc3 in for 0xa5
04-06 14:25:40.971 4552 4552 E ArmVmp : Match on catch block at 0xc3 in for 0xa9
04-06 14:25:40.973 4552 4552 E ArmVmp : Match on catch block at 0xc3 in for 0xa9
04-06 14:25:41.368 4552 4552 E ArmVmp : Match on catch block at 0xc3 in for 0xa1
04-06 14:25:41.373 4552 4552 E ArmVmp : Match on catch block at 0xc3 in for 0xa5
04-06 14:25:41.376 4552 4552 E ArmVmp : Match on catch block at 0xc3 in for 0xa5
04-06 14:25:41.636 4552 4552 E ArmVmp : Match on catch block at 0xc3 in for 0xa9
04-06 14:25:41.641 4552 4552 E ArmVmp : Match on catch block at 0xc3 in for 0xa1
04-06 14:25:41.644 4552 4552 E ArmVmp : Match on catch block at 0xc3 in for 0xa1
04-06 14:25:41.656 4552 4552 E ArmVmp : Match on catch block at 0xc3 in for 0xa9
04-06 14:25:41.661 4552 4552 E ArmVmp : Match on catch block at 0xc3 in for 0xa1
04-06 14:25:41.664 4552 4552 E ArmVmp : Match on catch block at 0xc3 in for 0xa1
04-06 14:25:42.018 4552 4552 E ArmVmp : Match on catch block at 0xc3 in for 0xa5
04-06 14:25:42.022 4552 4552 E ArmVmp : Match on catch block at 0xc3 in for 0xa9
04-06 14:25:42.024 4552 4552 E ArmVmp : Match on catch block at 0xc3 in for 0xa9
04-06 14:25:42.220 4552 4552 E ArmVmp : Match on catch block at 0xc3 in for 0xa1
04-06 14:25:42.225 4552 4552 E ArmVmp : Match on catch block at 0xc3 in for 0xa5
04-06 14:25:42.228 4552 4552 E ArmVmp : Match on catch block at 0xc3 in for 0xa5
04-06 14:25:42.403 4552 4552 E ArmVmp : Match on catch block at 0xc3 in for 0xa9
04-06 14:25:42.408 4552 4552 E ArmVmp : Match on catch block at 0xc3 in for 0xa1
04-06 14:25:42.411 4552 4552 E ArmVmp : Match on catch block at 0xc3 in for 0xa1
04-06 14:25:42.671 4552 4552 E ArmVmp : Match on catch block at 0xc3 in for 0xa5
04-06 14:25:42.676 4552 4552 E ArmVmp : Match on catch block at 0xc3 in for 0xa9
04-06 14:25:42.679 4552 4552 E ArmVmp : Match on catch block at 0xc3 in for 0xa9
04-06 14:25:42.702 4552 4552 E ArmVmp : Match on catch block at 0xc3 in for 0xa5
04-06 14:25:42.704 4552 4552 E ArmVmp : Match on catch block at 0xc3 in for 0xa9
04-06 14:25:42.706 4552 4552 E ArmVmp : Match on catch block at 0xc3 in for 0xa9
04-06 14:25:42.726 4552 4552 E ArmVmp : Match on catch block at 0xc3 in for 0xa5
04-06 14:25:42.730 4552 4552 E ArmVmp : Match on catch block at 0xc3 in for 0xa9
04-06 14:25:42.733 4552 4552 E ArmVmp : Match on catch block at 0xc3 in for 0xa9
04-06 14:25:42.766 4552 4552 E ArmVmp : Match on catch block at 0xc3 in for 0xa5
04-06 14:25:42.771 4552 4552 E ArmVmp : Match on catch block at 0xc3 in for 0xa9
04-06 14:25:42.816 4552 4552 E ArmVmp : Match on catch block at 0xc3 in for 0xa9
04-06 14:25:42.819 4552 4552 E ArmVmp : Match on catch block at 0xc3 in for 0xa1
04-06 14:25:42.833 4552 4552 E ArmVmp : Match on catch block at 0xc3 in for 0xa9
04-06 14:25:42.838 4552 4552 E ArmVmp : Match on catch block at 0xc3 in for 0xa1
04-06 14:25:42.847 4552 4552 E ArmVmp : Match on catch block at 0xc3 in for 0xa9
04-06 14:25:42.849 4552 4552 E ArmVmp : Match on catch block at 0xc3 in for 0xa1
04-06 14:25:42.869 4552 4552 E ArmVmp : Match on catch block at 0xc3 in for 0xa9
04-06 14:25:42.871 4552 4552 E ArmVmp : Match on catch block at 0xc3 in for 0xa1
04-06 14:25:42.885 4552 4552 E ArmVmp : Match on catch block at 0xc3 in for 0xa9
04-06 14:25:42.888 4552 4552 E ArmVmp : Match on catch block at 0xc3 in for 0xa1
04-06 14:25:42.902 4552 4552 E ArmVmp : Match on catch block at 0xc3 in for 0xa9
04-06 14:25:42.905 4552 4552 E ArmVmp : Match on catch block at 0xc3 in for 0xa1
04-06 14:25:42.919 4552 4552 E ArmVmp : Match on catch block at 0xc3 in for 0xa9
04-06 14:25:42.922 4552 4552 E ArmVmp : Match on catch block at 0xc3 in for 0xa1
04-06 14:25:42.989 4552 4552 E ArmVmp : Match on catch block at 0xc3 in for 0xa1
04-06 14:25:42.993 4552 4552 E ArmVmp : Match on catch block at 0xc3 in for 0xa5
04-06 14:25:42.998 4552 5409 W MediaPlayer: Use of stream types is deprecated for
operations other than volume control
04-06 14:25:42.998 4552 5409 W MediaPlayer: See the documentation of
setAudioStreamType() for what to use instead with android.media.AudioAttributes to
qualify your playback use case
04-06 14:25:43.002 4552 4552 E ArmVmp : Match on catch block at 0xc3 in for 0xa1
04-06 14:25:43.005 4552 4552 E ArmVmp : Match on catch block at 0xc3 in for 0xa5
04-06 14:25:43.239 4552 4552 E GraphicExt:
GraphicExtModuleLoader::CreateGraphicExtInstance false
04-06 14:25:43.249 4552 4552 E ArmVmp : Match on catch block at 0xc3 in for 0xa5
04-06 14:25:43.252 4552 4552 E ArmVmp : Match on catch block at 0xc3 in for 0xa9
04-06 14:25:43.286 4552 4552 E ArmVmp : Match on catch block at 0xc3 in for 0xa9
04-06 14:25:43.289 4552 4552 E ArmVmp : Match on catch block at 0xc3 in for 0xa1
04-06 14:25:43.673 4552 4552 E ArmVmp : Match on catch block at 0xc3 in for 0xa1
04-06 14:25:43.677 4552 4552 E ArmVmp : Match on catch block at 0xc3 in for 0xa5
04-06 14:25:44.098 4552 4552 E ArmVmp : Match on catch block at 0xc3 in for 0xa9
04-06 14:25:44.104 4552 4552 E ArmVmp : Match on catch block at 0xc3 in for 0xa1
04-06 14:25:44.119 4552 4552 E GraphicExt:
GraphicExtModuleLoader::CreateGraphicExtInstance false
04-06 14:25:44.122 4552 4552 E RecyclerView: No adapter attached; skipping layout
04-06 14:25:44.180 4552 4552 E ArmVmp : Match on catch block at 0xc3 in for 0xa9
04-06 14:25:44.183 4552 4552 E ArmVmp : Match on catch block at 0xc3 in for 0xa1
04-06 14:25:44.197 4552 4552 E ArmVmp : Match on catch block at 0x0a in for 0xa1
04-06 14:25:44.199 4552 4552 E ArmVmp : Match on catch block at 0x0a in for 0xa1
04-06 14:25:44.200 4552 4552 E ArmVmp : Match on catch block at 0x0a in for 0xa1
04-06 14:25:44.211 4552 4552 E ArmVmp : Match on catch block at 0xc3 in for 0xa5
04-06 14:25:44.213 4552 4552 E ArmVmp : Match on catch block at 0xc3 in for 0xa9
04-06 14:25:44.648 4552 4552 E ArmVmp : Match on catch block at 0xc3 in for 0xa1
04-06 14:25:44.654 4552 4552 E ArmVmp : Match on catch block at 0xc3 in for 0xa5
04-06 14:25:44.665 4552 4552 E ArmVmp : Match on catch block at 0xc3 in for 0xa1
04-06 14:25:44.670 4552 4552 E ArmVmp : Match on catch block at 0xc3 in for 0xa5
04-06 14:25:44.688 4552 4552 E ArmVmp : Match on catch block at 0xc3 in for 0xa5
04-06 14:25:44.692 4552 4552 E ArmVmp : Match on catch block at 0xc3 in for 0xa9
04-06 14:25:44.726 4552 4552 E ArmVmp : Match on catch block at 0xc3 in for 0xa9
04-06 14:25:44.729 4552 4552 E ArmVmp : Match on catch block at 0xc3 in for 0xa1
04-06 14:25:44.746 4552 4552 E ArmVmp : Match on catch block at 0xc3 in for 0xa1
04-06 14:25:44.748 4552 4552 E ArmVmp : Match on catch block at 0xc3 in for 0xa5
04-06 14:25:44.753 4552 4552 E ArmVmp : Match on catch block at 0xc3 in for 0xa1
04-06 14:25:44.756 4552 4552 E ArmVmp : Match on catch block at 0xc3 in for 0xa5
04-06 14:25:45.102 4552 4552 E ArmVmp : Match on catch block at 0xc3 in for 0xa9
04-06 14:25:45.105 4552 4552 E ArmVmp : Match on catch block at 0xc3 in for 0xa1
04-06 14:25:45.135 4552 4552 E GraphicExt:
GraphicExtModuleLoader::CreateGraphicExtInstance false
04-06 14:25:45.198 4552 4552 E ArmVmp : Match on catch block at 0xc3 in for 0xa9
04-06 14:25:45.202 4552 4552 E ArmVmp : Match on catch block at 0xc3 in for 0xa1
04-06 14:25:45.694 4552 4552 E ArmVmp : Match on catch block at 0xc3 in for 0xa5
04-06 14:25:45.698 4552 4552 E ArmVmp : Match on catch block at 0xc3 in for 0xa9
04-06 14:25:52.272 4552 4552 E GraphicExt:
GraphicExtModuleLoader::CreateGraphicExtInstance false
04-06 14:26:18.381 4552 4680 E libc : Access denied finding property
"camera.aux.packagelist"
04-06 14:26:18.376 4552 4552 W com.mbwhatsapp: type=1400 audit(0.0:4855): avc:
denied { read } for comm=566F4950205369676E616C696E6720
name="u:object_r:mtkcam_prop:s0" dev="tmpfs" ino=317
scontext=u:r:untrusted_app:s0:c225,c256,c512,c768
tcontext=u:object_r:mtkcam_prop:s0 tclass=file permissive=0
04-06 14:26:18.381 4552 4680 E libc : Access denied finding property
"camera.aux.packagelist"
04-06 14:26:18.384 4552 4552 W com.mbwhatsapp: type=1400 audit(0.0:4857): avc:
denied { read } for comm=566F4950205369676E616C696E6720
name="u:object_r:mtkcam_prop:s0" dev="tmpfs" ino=317
scontext=u:r:untrusted_app:s0:c225,c256,c512,c768
tcontext=u:object_r:mtkcam_prop:s0 tclass=file permissive=0
04-06 14:26:18.390 4552 4680 E libc : Access denied finding property
"camera.aux.packagelist"
04-06 14:26:18.392 4552 4552 W com.mbwhatsapp: type=1400 audit(0.0:4858): avc:
denied { read } for comm=566F4950205369676E616C696E6720
name="u:object_r:mtkcam_prop:s0" dev="tmpfs" ino=317
scontext=u:r:untrusted_app:s0:c225,c256,c512,c768
tcontext=u:object_r:mtkcam_prop:s0 tclass=file permissive=0
04-06 14:26:18.395 4552 4680 E libc : Access denied finding property
"camera.aux.packagelist"
04-06 14:26:21.818 4552 4552 E GraphicExt:
GraphicExtModuleLoader::CreateGraphicExtInstance false
04-06 14:26:22.806 4552 4552 W ActivityThread: handleWindowVisibility: no
activity for token android.os.BinderProxy@c6f00ce
04-06 14:26:22.989 4552 4552 E GraphicExt:
GraphicExtModuleLoader::CreateGraphicExtInstance false
04-06 14:26:23.096 4552 4552 E GraphicExt:
GraphicExtModuleLoader::CreateGraphicExtInstance false
04-06 14:26:23.098 4552 4552 E GraphicExt:
GraphicExtModuleLoader::CreateGraphicExtInstance false
04-06 14:26:23.160 4552 4552 W com.mbwhatsapp: type=1400 audit(0.0:4859): avc:
denied { read } for name="u:object_r:debug_bq_dump_prop:s0" dev="tmpfs" ino=92
scontext=u:r:untrusted_app:s0:c225,c256,c512,c768
tcontext=u:object_r:debug_bq_dump_prop:s0 tclass=file permissive=0
04-06 14:26:23.165 4552 4552 E libc : Access denied finding property
"vendor.debug.bq.dump"
04-06 14:26:23.165 4552 4552 E libc : Access denied finding property
"vendor.debug.bq.dump"
04-06 14:26:23.165 4552 4552 E libc : Access denied finding property
"vendor.debug.bq.dump"
04-06 14:26:23.165 4552 4552 E GraphicExt:
GraphicExtModuleLoader::CreateGraphicExtInstance false
04-06 14:26:23.171 4552 4704 E libc : Access denied finding property
"camera.aux.packagelist"
04-06 14:26:23.168 4552 4552 W Binder:4552_5: type=1400 audit(0.0:4863): avc:
denied { read } for name="u:object_r:mtkcam_prop:s0" dev="tmpfs" ino=317
scontext=u:r:untrusted_app:s0:c225,c256,c512,c768
tcontext=u:object_r:mtkcam_prop:s0 tclass=file permissive=0
04-06 14:26:23.178 4552 6051 E libc : Access denied finding property
"vendor.debug.bq.dump"
04-06 14:26:23.178 4552 6051 E libc : Access denied finding property
"vendor.debug.bq.dump"
04-06 14:26:23.178 4552 6051 E libc : Access denied finding property
"vendor.debug.bq.dump"
04-06 14:26:23.178 4552 6060 E GraphicExt:
GraphicExtModuleLoader::CreateGraphicExtInstance false
04-06 14:26:23.638 4552 4552 E GraphicExt:
GraphicExtModuleLoader::CreateGraphicExtInstance false
04-06 14:26:25.639 4552 4552 E GraphicExt:
GraphicExtModuleLoader::CreateGraphicExtInstance false
04-06 14:26:27.658 4552 4552 E GraphicExt:
GraphicExtModuleLoader::CreateGraphicExtInstance false
04-06 14:26:29.808 4552 4552 E GraphicExt:
GraphicExtModuleLoader::CreateGraphicExtInstance false
04-06 14:26:30.538 4552 6051 E libEGL : call to OpenGL ES API with no current
context (logged once per thread)
04-06 14:26:30.551 4552 4610 E BufferQueueProducer: [SurfaceTexture-4-4552-5]
(this:0x77c15f2800,id:8,api:4,p:665,c:-1) cancelBuffer: BufferQueue has been
abandoned
04-06 14:26:30.557 4552 4610 E BufferQueueProducer: [SurfaceTexture-4-4552-5]
(this:0x77c15f2800,id:8,api:4,p:665,c:-1) cancelBuffer: BufferQueue has been
abandoned
04-06 14:26:30.559 4552 4610 E BufferQueueProducer: [SurfaceTexture-4-4552-5]
(this:0x77c15f2800,id:8,api:4,p:665,c:-1) cancelBuffer: BufferQueue has been
abandoned
04-06 14:26:30.559 4552 4610 E BufferQueueProducer: [SurfaceTexture-4-4552-5]
(this:0x77c15f2800,id:8,api:4,p:665,c:-1) cancelBuffer: BufferQueue has been
abandoned
04-06 14:26:30.560 4552 4610 E BufferQueueProducer: [SurfaceTexture-4-4552-5]
(this:0x77c15f2800,id:8,api:4,p:665,c:-1) cancelBuffer: BufferQueue has been
abandoned
04-06 14:26:30.648 4552 4610 E libc : Access denied finding property
"camera.aux.packagelist"
04-06 14:26:30.644 4552 4552 W Binder:4552_3: type=1400 audit(0.0:4870): avc:
denied { read } for name="u:object_r:mtkcam_prop:s0" dev="tmpfs" ino=317
scontext=u:r:untrusted_app:s0:c225,c256,c512,c768
tcontext=u:object_r:mtkcam_prop:s0 tclass=file permissive=0
04-06 14:26:33.039 4552 4552 E GraphicExt:
GraphicExtModuleLoader::CreateGraphicExtInstance false
04-06 14:26:35.048 4552 4552 E GraphicExt:
GraphicExtModuleLoader::CreateGraphicExtInstance false
04-06 14:26:40.509 4552 4552 W ActivityThread: handleWindowVisibility: no
activity for token android.os.BinderProxy@68f40d5
04-06 14:26:40.677 4552 4552 E GraphicExt:
GraphicExtModuleLoader::CreateGraphicExtInstance false
04-06 14:26:40.761 4552 4552 E GraphicExt:
GraphicExtModuleLoader::CreateGraphicExtInstance false
04-06 14:26:40.763 4552 4552 E GraphicExt:
GraphicExtModuleLoader::CreateGraphicExtInstance false
04-06 14:26:40.773 4552 4579 E libc : Access denied finding property
"camera.aux.packagelist"
04-06 14:26:40.768 4552 4552 W Binder:4552_1: type=1400 audit(0.0:4873): avc:
