04-06 14:22:14.095 30024 30024 E ArmVmp : Match on catch block at 0xc3 in for 0xa9
04-06 14:22:14.106 30024 30024 E ArmVmp : Match on catch block at 0xc3 in for 0xa5
04-06 14:22:14.111 30024 30024 E ArmVmp : Match on catch block at 0xc3 in for 0xa9
04-06 14:22:14.141 30024 30024 E ArmVmp : Match on catch block at 0xc3 in for 0xa5
04-06 14:22:14.145 30024 30024 E ArmVmp : Match on catch block at 0xc3 in for 0xa9
04-06 14:22:14.291 30024 30024 E ArmVmp : Match on catch block at 0xc3 in for 0xa5
04-06 14:22:14.297 30024 30024 E ArmVmp : Match on catch block at 0xc3 in for 0xa9
04-06 14:22:14.523 30024 30024 E ArmVmp : Match on catch block at 0xc3 in for 0xa5
04-06 14:22:14.527 30024 30024 E ArmVmp : Match on catch block at 0xc3 in for 0xa9
04-06 14:22:14.656 30024 30024 E ArmVmp : Match on catch block at 0xc3 in for 0xa5
04-06 14:22:14.661 30024 30024 E ArmVmp : Match on catch block at 0xc3 in for 0xa9
04-06 14:22:14.856 30024 30024 E ArmVmp : Match on catch block at 0xc3 in for 0xa5
04-06 14:22:14.859 30024 30024 E ArmVmp : Match on catch block at 0xc3 in for 0xa9
04-06 14:22:14.958 30024 30024 E ArmVmp : Match on catch block at 0xc3 in for 0xa5
04-06 14:22:14.962 30024 30024 E ArmVmp : Match on catch block at 0xc3 in for 0xa9
04-06 14:22:14.974 30024 30024 E ArmVmp : Match on catch block at 0xc3 in for 0xa5
04-06 14:22:14.979 30024 30024 E ArmVmp : Match on catch block at 0xc3 in for 0xa9
04-06 14:22:14.990 30024 30024 E ArmVmp : Match on catch block at 0xc3 in for 0xa5
04-06 14:22:14.993 30024 30024 E ArmVmp : Match on catch block at 0xc3 in for 0xa9
04-06 14:22:15.007 30024 30024 E ArmVmp : Match on catch block at 0xc3 in for 0xa5
04-06 14:22:15.011 30024 30024 E ArmVmp : Match on catch block at 0xc3 in for 0xa9
04-06 14:22:15.023 30024 30024 E ArmVmp : Match on catch block at 0xc3 in for 0xa5
04-06 14:22:15.027 30024 30024 E ArmVmp : Match on catch block at 0xc3 in for 0xa9
04-06 14:22:15.041 30024 30024 E ArmVmp : Match on catch block at 0xc3 in for 0xa5
04-06 14:22:15.044 30024 30024 E ArmVmp : Match on catch block at 0xc3 in for 0xa9
04-06 14:22:15.058 30024 30024 E ArmVmp : Match on catch block at 0xc3 in for 0xa5
04-06 14:22:15.063 30024 30024 E ArmVmp : Match on catch block at 0xc3 in for 0xa9
04-06 14:22:15.075 30024 30024 E ArmVmp : Match on catch block at 0xc3 in for 0xa5
04-06 14:22:15.078 30024 30024 E ArmVmp : Match on catch block at 0xc3 in for 0xa9
04-06 14:22:15.091 30024 30024 E ArmVmp : Match on catch block at 0xc3 in for 0xa5
04-06 14:22:15.096 30024 30024 E ArmVmp : Match on catch block at 0xc3 in for 0xa9
04-06 14:22:15.107 30024 30024 E ArmVmp : Match on catch block at 0xc3 in for 0xa5
04-06 14:22:15.112 30024 30024 E ArmVmp : Match on catch block at 0xc3 in for 0xa9
04-06 14:22:15.124 30024 30024 E ArmVmp : Match on catch block at 0xc3 in for 0xa5
04-06 14:22:15.127 30024 30024 E ArmVmp : Match on catch block at 0xc3 in for 0xa9
04-06 14:22:15.140 30024 30024 E ArmVmp : Match on catch block at 0xc3 in for 0xa5
04-06 14:22:15.144 30024 30024 E ArmVmp : Match on catch block at 0xc3 in for 0xa9
04-06 14:22:15.158 30024 30024 E ArmVmp : Match on catch block at 0xc3 in for 0xa5
04-06 14:22:15.162 30024 30024 E ArmVmp : Match on catch block at 0xc3 in for 0xa9
04-06 14:22:15.174 30024 30024 E ArmVmp : Match on catch block at 0xc3 in for 0xa5
04-06 14:22:15.179 30024 30024 E ArmVmp : Match on catch block at 0xc3 in for 0xa9
04-06 14:22:15.191 30024 30024 E ArmVmp : Match on catch block at 0xc3 in for 0xa5
04-06 14:22:15.195 30024 30024 E ArmVmp : Match on catch block at 0xc3 in for 0xa9
04-06 14:22:15.207 30024 30024 E ArmVmp : Match on catch block at 0xc3 in for 0xa5
04-06 14:22:15.212 30024 30024 E ArmVmp : Match on catch block at 0xc3 in for 0xa9
04-06 14:22:15.323 30024 30024 E ArmVmp : Match on catch block at 0xc3 in for 0xa5
04-06 14:22:15.325 30024 30024 E ArmVmp : Match on catch block at 0xc3 in for 0xa9
04-06 14:22:15.423 30024 30024 E ArmVmp : Match on catch block at 0xc3 in for 0xa5
04-06 14:22:15.426 30024 30024 E ArmVmp : Match on catch block at 0xc3 in for 0xa9
04-06 14:22:15.607 30024 30024 E ArmVmp : Match on catch block at 0xc3 in for 0xa5
04-06 14:22:15.609 30024 30024 E ArmVmp : Match on catch block at 0xc3 in for 0xa9
04-06 14:22:16.106 30024 30024 E ArmVmp : Match on catch block at 0xc3 in for 0xa5
04-06 14:22:16.109 30024 30024 E ArmVmp : Match on catch block at 0xc3 in for 0xa9
04-06 14:22:16.607 30024 30024 E ArmVmp : Match on catch block at 0xc3 in for 0xa5
04-06 14:22:16.610 30024 30024 E ArmVmp : Match on catch block at 0xc3 in for 0xa9
04-06 14:22:17.080 30024 30024 E ArmVmp : Match on catch block at 0xc3 in for 0xa5
04-06 14:22:17.082 30024 30024 E ArmVmp : Match on catch block at 0xc3 in for 0xa9
04-06 14:22:17.293 30024 30024 E ArmVmp : Match on catch block at 0xc3 in for 0xa5
04-06 14:22:17.299 30024 30024 E ArmVmp : Match on catch block at 0xc3 in for 0xa9
04-06 14:22:17.356 30024 30024 E ArmVmp : Match on catch block at 0xc3 in for 0xa5
04-06 14:22:17.359 30024 30024 E ArmVmp : Match on catch block at 0xc3 in for 0xa9
04-06 14:22:17.773 30024 30024 E ArmVmp : Match on catch block at 0xc3 in for 0xa5
04-06 14:22:17.778 30024 30024 E ArmVmp : Match on catch block at 0xc3 in for 0xa9
04-06 14:22:18.289 30024 30024 E ArmVmp : Match on catch block at 0xc3 in for 0xa5
04-06 14:22:18.292 30024 30024 E ArmVmp : Match on catch block at 0xc3 in for 0xa9
04-06 14:22:18.323 30024 30024 E ArmVmp : Match on catch block at 0xc3 in for 0xa5
04-06 14:22:18.326 30024 30024 E ArmVmp : Match on catch block at 0xc3 in for 0xa9
04-06 14:22:18.606 30024 30024 E ArmVmp : Match on catch block at 0xc3 in for 0xa5
04-06 14:22:18.609 30024 30024 E ArmVmp : Match on catch block at 0xc3 in for 0xa9
04-06 14:22:18.823 30024 30024 E ArmVmp : Match on catch block at 0xc3 in for 0xa5
04-06 14:22:18.826 30024 30024 E ArmVmp : Match on catch block at 0xc3 in for 0xa9
04-06 14:22:19.123 30024 30024 E ArmVmp : Match on catch block at 0xc3 in for 0xa5
04-06 14:22:19.125 30024 30024 E ArmVmp : Match on catch block at 0xc3 in for 0xa9
04-06 14:22:19.465 30024 30024 E ArmVmp : Match on catch block at 0xc3 in for 0xa5
04-06 14:22:19.468 30024 30024 E ArmVmp : Match on catch block at 0xc3 in for 0xa9
04-06 14:22:19.475 30024 30024 E ArmVmp : Match on catch block at 0xc3 in for 0xa5
04-06 14:22:19.478 30024 30024 E ArmVmp : Match on catch block at 0xc3 in for 0xa9
04-06 14:22:19.885 30024 30024 E ArmVmp : Match on catch block at 0xc3 in for 0xa5
04-06 14:22:19.888 30024 30024 E ArmVmp : Match on catch block at 0xc3 in for 0xa9
04-06 14:22:19.896 30024 30024 E ArmVmp : Match on catch block at 0xc3 in for 0xa5
04-06 14:22:19.900 30024 30024 E ArmVmp : Match on catch block at 0xc3 in for 0xa9
04-06 14:22:20.066 30024 30024 E ArmVmp : Match on catch block at 0xc3 in for 0xa5
04-06 14:22:20.069 30024 30024 E ArmVmp : Match on catch block at 0xc3 in for 0xa9
04-06 14:22:20.075 30024 30024 E ArmVmp : Match on catch block at 0xc3 in for 0xa5
04-06 14:22:20.079 30024 30024 E ArmVmp : Match on catch block at 0xc3 in for 0xa9
04-06 14:22:20.124 30024 30024 E ArmVmp : Match on catch block at 0xc3 in for 0xa5
04-06 14:22:20.128 30024 30024 E ArmVmp : Match on catch block at 0xc3 in for 0xa9
04-06 14:22:20.259 30024 30024 E ArmVmp : Match on catch block at 0xc3 in for 0xa5
04-06 14:22:20.262 30024 30024 E ArmVmp : Match on catch block at 0xc3 in for 0xa9
04-06 14:22:20.274 30024 30024 E ArmVmp : Match on catch block at 0xc3 in for 0xa5
04-06 14:22:20.278 30024 30024 E ArmVmp : Match on catch block at 0xc3 in for 0xa9
04-06 14:22:20.292 30024 30024 E ArmVmp : Match on catch block at 0xc3 in for 0xa5
04-06 14:22:20.297 30024 30024 E ArmVmp : Match on catch block at 0xc3 in for 0xa9
04-06 14:22:20.311 30024 30024 E ArmVmp : Match on catch block at 0xc3 in for 0xa5
04-06 14:22:20.317 30024 30024 E ArmVmp : Match on catch block at 0xc3 in for 0xa9
04-06 14:22:20.325 30024 30024 E ArmVmp : Match on catch block at 0xc3 in for 0xa5
04-06 14:22:20.328 30024 30024 E ArmVmp : Match on catch block at 0xc3 in for 0xa9
04-06 14:22:20.343 30024 30024 E ArmVmp : Match on catch block at 0xc3 in for 0xa5
04-06 14:22:20.350 30024 30024 E ArmVmp : Match on catch block at 0xc3 in for 0xa9
04-06 14:22:20.363 30024 30024 E ArmVmp : Match on catch block at 0xc3 in for 0xa5
04-06 14:22:20.367 30024 30024 E ArmVmp : Match on catch block at 0xc3 in for 0xa9
04-06 14:22:20.375 30024 30024 E ArmVmp : Match on catch block at 0xc3 in for 0xa5
04-06 14:22:20.379 30024 30024 E ArmVmp : Match on catch block at 0xc3 in for 0xa9
04-06 14:22:20.391 30024 30024 E ArmVmp : Match on catch block at 0xc3 in for 0xa5
04-06 14:22:20.394 30024 30024 E ArmVmp : Match on catch block at 0xc3 in for 0xa9
04-06 14:22:20.407 30024 30024 E ArmVmp : Match on catch block at 0xc3 in for 0xa5
04-06 14:22:20.410 30024 30024 E ArmVmp : Match on catch block at 0xc3 in for 0xa9
04-06 14:22:20.425 30024 30024 E ArmVmp : Match on catch block at 0xc3 in for 0xa5
04-06 14:22:20.431 30024 30024 E ArmVmp : Match on catch block at 0xc3 in for 0xa9
04-06 14:22:20.442 30024 30024 E ArmVmp : Match on catch block at 0xc3 in for 0xa5
04-06 14:22:20.447 30024 30024 E ArmVmp : Match on catch block at 0xc3 in for 0xa9
04-06 14:22:20.458 30024 30024 E ArmVmp : Match on catch block at 0xc3 in for 0xa5
04-06 14:22:20.463 30024 30024 E ArmVmp : Match on catch block at 0xc3 in for 0xa9
04-06 14:22:20.476 30024 30024 E ArmVmp : Match on catch block at 0xc3 in for 0xa5
04-06 14:22:20.481 30024 30024 E ArmVmp : Match on catch block at 0xc3 in for 0xa9
04-06 14:22:20.492 30024 30024 E ArmVmp : Match on catch block at 0xc3 in for 0xa5
04-06 14:22:20.497 30024 30024 E ArmVmp : Match on catch block at 0xc3 in for 0xa9
04-06 14:22:20.509 30024 30024 E ArmVmp : Match on catch block at 0xc3 in for 0xa5
04-06 14:22:20.514 30024 30024 E ArmVmp : Match on catch block at 0xc3 in for 0xa9
04-06 14:22:20.526 30024 30024 E ArmVmp : Match on catch block at 0xc3 in for 0xa5
04-06 14:22:20.532 30024 30024 E ArmVmp : Match on catch block at 0xc3 in for 0xa9
04-06 14:22:20.543 30024 30024 E ArmVmp : Match on catch block at 0xc3 in for 0xa5
04-06 14:22:20.548 30024 30024 E ArmVmp : Match on catch block at 0xc3 in for 0xa9
04-06 14:22:20.558 30024 30024 E ArmVmp : Match on catch block at 0xc3 in for 0xa5
04-06 14:22:20.563 30024 30024 E ArmVmp : Match on catch block at 0xc3 in for 0xa9
04-06 14:22:20.576 30024 30024 E ArmVmp : Match on catch block at 0xc3 in for 0xa5
04-06 14:22:20.580 30024 30024 E ArmVmp : Match on catch block at 0xc3 in for 0xa9
04-06 14:22:20.593 30024 30024 E ArmVmp : Match on catch block at 0xc3 in for 0xa5
04-06 14:22:20.598 30024 30024 E ArmVmp : Match on catch block at 0xc3 in for 0xa9
04-06 14:22:20.609 30024 30024 E ArmVmp : Match on catch block at 0xc3 in for 0xa5
04-06 14:22:20.615 30024 30024 E ArmVmp : Match on catch block at 0xc3 in for 0xa9
04-06 14:22:20.628 30024 30024 E ArmVmp : Match on catch block at 0xc3 in for 0xa5
04-06 14:22:20.632 30024 30024 E ArmVmp : Match on catch block at 0xc3 in for 0xa9
04-06 14:22:20.642 30024 30024 E ArmVmp : Match on catch block at 0xc3 in for 0xa5
04-06 14:22:20.646 30024 30024 E ArmVmp : Match on catch block at 0xc3 in for 0xa9
04-06 14:22:20.658 30024 30024 E ArmVmp : Match on catch block at 0xc3 in for 0xa5
04-06 14:22:20.663 30024 30024 E ArmVmp : Match on catch block at 0xc3 in for 0xa9
04-06 14:22:20.694 30024 30024 E ArmVmp : Match on catch block at 0xc3 in for 0xa5
04-06 14:22:20.700 30024 30024 E ArmVmp : Match on catch block at 0xc3 in for 0xa9
04-06 14:22:21.191 30024 30024 E ArmVmp : Match on catch block at 0xc3 in for 0xa1
04-06 14:22:21.194 30024 30024 E ArmVmp : Match on catch block at 0xc3 in for 0xa5
04-06 14:22:21.658 30024 30024 E ArmVmp : Match on catch block at 0xc3 in for 0xa1
04-06 14:22:21.663 30024 30024 E ArmVmp : Match on catch block at 0xc3 in for 0xa5
04-06 14:22:21.673 30024 30024 E ArmVmp : Match on catch block at 0xc3 in for 0xa1
04-06 14:22:21.677 30024 30024 E ArmVmp : Match on catch block at 0xc3 in for 0xa5
04-06 14:22:21.691 30024 30024 E ArmVmp : Match on catch block at 0xc3 in for 0xa1
04-06 14:22:21.695 30024 30024 E ArmVmp : Match on catch block at 0xc3 in for 0xa5
04-06 14:22:21.709 30024 30024 E ArmVmp : Match on catch block at 0xc3 in for 0xa1
04-06 14:22:21.714 30024 30024 E ArmVmp : Match on catch block at 0xc3 in for 0xa5
04-06 14:22:21.726 30024 30024 E ArmVmp : Match on catch block at 0xc3 in for 0xa1
04-06 14:22:21.732 30024 30024 E ArmVmp : Match on catch block at 0xc3 in for 0xa5
04-06 14:22:21.742 30024 30024 E ArmVmp : Match on catch block at 0xc3 in for 0xa1
04-06 14:22:21.746 30024 30024 E ArmVmp : Match on catch block at 0xc3 in for 0xa5
04-06 14:22:21.758 30024 30024 E ArmVmp : Match on catch block at 0xc3 in for 0xa1
04-06 14:22:21.762 30024 30024 E ArmVmp : Match on catch block at 0xc3 in for 0xa5
04-06 14:22:21.776 30024 30024 E ArmVmp : Match on catch block at 0xc3 in for 0xa1
04-06 14:22:21.781 30024 30024 E ArmVmp : Match on catch block at 0xc3 in for 0xa5
04-06 14:22:21.793 30024 30024 E ArmVmp : Match on catch block at 0xc3 in for 0xa1
04-06 14:22:21.799 30024 30024 E ArmVmp : Match on catch block at 0xc3 in for 0xa5
04-06 14:22:21.809 30024 30024 E ArmVmp : Match on catch block at 0xc3 in for 0xa1
04-06 14:22:21.815 30024 30024 E ArmVmp : Match on catch block at 0xc3 in for 0xa5
04-06 14:22:21.826 30024 30024 E ArmVmp : Match on catch block at 0xc3 in for 0xa1
04-06 14:22:21.830 30024 30024 E ArmVmp : Match on catch block at 0xc3 in for 0xa5
04-06 14:22:21.842 30024 30024 E ArmVmp : Match on catch block at 0xc3 in for 0xa1
04-06 14:22:21.847 30024 30024 E ArmVmp : Match on catch block at 0xc3 in for 0xa5
04-06 14:22:21.860 30024 30024 E ArmVmp : Match on catch block at 0xc3 in for 0xa1
04-06 14:22:21.865 30024 30024 E ArmVmp : Match on catch block at 0xc3 in for 0xa5
04-06 14:22:21.876 30024 30024 E ArmVmp : Match on catch block at 0xc3 in for 0xa1
04-06 14:22:21.880 30024 30024 E ArmVmp : Match on catch block at 0xc3 in for 0xa5
04-06 14:22:21.891 30024 30024 E ArmVmp : Match on catch block at 0xc3 in for 0xa1
04-06 14:22:21.895 30024 30024 E ArmVmp : Match on catch block at 0xc3 in for 0xa5
04-06 14:22:21.908 30024 30024 E ArmVmp : Match on catch block at 0xc3 in for 0xa1
04-06 14:22:21.912 30024 30024 E ArmVmp : Match on catch block at 0xc3 in for 0xa5
04-06 14:22:21.925 30024 30024 E ArmVmp : Match on catch block at 0xc3 in for 0xa1
04-06 14:22:21.928 30024 30024 E ArmVmp : Match on catch block at 0xc3 in for 0xa5
04-06 14:22:22.191 30024 30024 E ArmVmp : Match on catch block at 0xc3 in for 0xa1
04-06 14:22:22.194 30024 30024 E ArmVmp : Match on catch block at 0xc3 in for 0xa5
04-06 14:22:22.691 30024 30024 E ArmVmp : Match on catch block at 0xc3 in for 0xa1
04-06 14:22:22.693 30024 30024 E ArmVmp : Match on catch block at 0xc3 in for 0xa5
04-06 14:22:23.192 30024 30024 E ArmVmp : Match on catch block at 0xc3 in for 0xa1
04-06 14:22:23.195 30024 30024 E ArmVmp : Match on catch block at 0xc3 in for 0xa5
04-06 14:22:23.691 30024 30024 E ArmVmp : Match on catch block at 0xc3 in for 0xa1
04-06 14:22:23.694 30024 30024 E ArmVmp : Match on catch block at 0xc3 in for 0xa5
04-06 14:22:23.891 30024 30024 E ArmVmp : Match on catch block at 0xc3 in for 0xa9
04-06 14:22:23.893 30024 30024 E ArmVmp : Match on catch block at 0xc3 in for 0xa1
04-06 14:22:24.391 30024 30024 E ArmVmp : Match on catch block at 0xc3 in for 0xa9
04-06 14:22:24.393 30024 30024 E ArmVmp : Match on catch block at 0xc3 in for 0xa1
04-06 14:22:24.508 30024 30024 E ArmVmp : Match on catch block at 0xc3 in for 0xa9
04-06 14:22:24.512 30024 30024 E ArmVmp : Match on catch block at 0xc3 in for 0xa1
04-06 14:22:24.691 30024 30024 E ArmVmp : Match on catch block at 0xc3 in for 0xa9
04-06 14:22:24.694 30024 30024 E ArmVmp : Match on catch block at 0xc3 in for 0xa1
04-06 14:22:25.192 30024 30024 E ArmVmp : Match on catch block at 0xc3 in for 0xa9
04-06 14:22:25.195 30024 30024 E ArmVmp : Match on catch block at 0xc3 in for 0xa1
04-06 14:22:25.309 30024 30024 E ArmVmp : Match on catch block at 0xc3 in for 0xa9
04-06 14:22:25.312 30024 30024 E ArmVmp : Match on catch block at 0xc3 in for 0xa1
04-06 14:22:25.675 30024 30024 E ArmVmp : Match on catch block at 0xc3 in for 0xa9
04-06 14:22:25.677 30024 30024 E ArmVmp : Match on catch block at 0xc3 in for 0xa1
04-06 14:22:25.701 30024 30024 E ArmVmp : Match on catch block at 0xc3 in for 0xa1
04-06 14:22:25.706 30024 30024 E ArmVmp : Match on catch block at 0xc3 in for 0xa5
04-06 14:22:25.724 30024 30024 E ArmVmp : Match on catch block at 0xc3 in for 0xa1
04-06 14:22:25.726 30024 30024 E ArmVmp : Match on catch block at 0xc3 in for 0xa5
04-06 14:22:25.732 30024 30024 E ArmVmp : Match on catch block at 0xc3 in for 0xa1
04-06 14:22:25.737 30024 30024 E ArmVmp : Match on catch block at 0xc3 in for 0xa5
04-06 14:22:25.761 30024 30024 E ArmVmp : Match on catch block at 0xc3 in for 0xa5
04-06 14:22:25.763 30024 30024 E ArmVmp : Match on catch block at 0xc3 in for 0xa9
04-06 14:22:25.779 30024 30024 E ArmVmp : Match on catch block at 0xc3 in for 0xa9
04-06 14:22:25.781 30024 30024 E ArmVmp : Match on catch block at 0xc3 in for 0xa1
04-06 14:22:25.792 30024 30024 E ArmVmp : Match on catch block at 0xc3 in for 0xa9
04-06 14:22:25.794 30024 30024 E ArmVmp : Match on catch block at 0xc3 in for 0xa1
04-06 14:22:25.808 30024 30024 E ArmVmp : Match on catch block at 0xc3 in for 0xa9
04-06 14:22:25.810 30024 30024 E ArmVmp : Match on catch block at 0xc3 in for 0xa1
04-06 14:22:25.824 30024 30024 E ArmVmp : Match on catch block at 0xc3 in for 0xa9
04-06 14:22:25.827 30024 30024 E ArmVmp : Match on catch block at 0xc3 in for 0xa1
04-06 14:22:25.841 30024 30024 E ArmVmp : Match on catch block at 0xc3 in for 0xa9
04-06 14:22:25.844 30024 30024 E ArmVmp : Match on catch block at 0xc3 in for 0xa1
04-06 14:22:25.859 30024 30024 E ArmVmp : Match on catch block at 0xc3 in for 0xa9
04-06 14:22:25.864 30024 30024 E ArmVmp : Match on catch block at 0xc3 in for 0xa1
04-06 14:22:25.875 30024 30024 E ArmVmp : Match on catch block at 0xc3 in for 0xa9
04-06 14:22:25.878 30024 30024 E ArmVmp : Match on catch block at 0xc3 in for 0xa1
04-06 14:22:25.892 30024 30024 E ArmVmp : Match on catch block at 0xc3 in for 0xa9
04-06 14:22:25.895 30024 30024 E ArmVmp : Match on catch block at 0xc3 in for 0xa1
04-06 14:22:25.960 30024 30024 E ArmVmp : Match on catch block at 0xc3 in for 0xa5
04-06 14:22:25.963 30024 30024 E ArmVmp : Match on catch block at 0xc3 in for 0xa9
04-06 14:22:25.969 30024 31296 W MediaPlayer: Use of stream types is deprecated for
operations other than volume control
04-06 14:22:25.969 30024 31296 W MediaPlayer: See the documentation of
setAudioStreamType() for what to use instead with android.media.AudioAttributes to
qualify your playback use case
04-06 14:22:25.975 30024 30024 E ArmVmp : Match on catch block at 0xc3 in for 0xa5
04-06 14:22:25.978 30024 30024 E ArmVmp : Match on catch block at 0xc3 in for 0xa9
04-06 14:22:26.191 30024 30024 E ArmVmp : Match on catch block at 0xc3 in for 0xa5
04-06 14:22:26.194 30024 30024 E ArmVmp : Match on catch block at 0xc3 in for 0xa9
04-06 14:22:26.294 30024 30024 E ArmVmp : Match on catch block at 0xc3 in for 0xa1
04-06 14:22:26.296 30024 30024 E ArmVmp : Match on catch block at 0xc3 in for 0xa5
04-06 14:22:26.310 30024 30024 E ArmVmp : Match on catch block at 0xc3 in for 0xa9
04-06 14:22:26.313 30024 30024 E ArmVmp : Match on catch block at 0xc3 in for 0xa1
04-06 14:22:26.324 30024 30024 E ArmVmp : Match on catch block at 0xc3 in for 0xa9
04-06 14:22:26.327 30024 30024 E ArmVmp : Match on catch block at 0xc3 in for 0xa1
04-06 14:22:26.542 30024 30024 E ArmVmp : Match on catch block at 0xc3 in for 0xa1
04-06 14:22:26.544 30024 30024 E ArmVmp : Match on catch block at 0xc3 in for 0xa5
04-06 14:22:26.693 30024 30024 E ArmVmp : Match on catch block at 0xc3 in for 0xa1
04-06 14:22:26.696 30024 30024 E ArmVmp : Match on catch block at 0xc3 in for 0xa5
04-06 14:22:26.728 30024 30024 W AudioManager: Use of stream types is deprecated
for operations other than volume control
04-06 14:22:26.728 30024 30024 W AudioManager: See the documentation of
requestAudioFocus() for what to use instead with android.media.AudioAttributes to
qualify your playback use case
04-06 14:22:26.741 30024 31152 W AudioTrack: createTrack_l(132):
AUDIO_OUTPUT_FLAG_FAST denied by server; frameCount 0 -> 2889
04-06 14:22:26.875 30024 30024 W libOpenSLES: Conversion from OpenSL ES positional
channel mask 0x4 to Android mask 0 loses channels
04-06 14:22:26.923 30024 30024 E ArmVmp : Match on catch block at 0xc3 in for 0xa5
04-06 14:22:26.925 30024 30024 E ArmVmp : Match on catch block at 0xc3 in for 0xa9
04-06 14:22:26.933 30024 30024 E ArmVmp : Match on catch block at 0xc3 in for 0xa5
04-06 14:22:26.935 30024 30024 E ArmVmp : Match on catch block at 0xc3 in for 0xa9
04-06 14:22:26.941 30024 30024 E ArmVmp : Match on catch block at 0xc3 in for 0xa5
04-06 14:22:26.944 30024 30024 E ArmVmp : Match on catch block at 0xc3 in for 0xa9
04-06 14:22:26.959 30024 30024 E ArmVmp : Match on catch block at 0xc3 in for 0xa5
04-06 14:22:26.961 30024 30024 E ArmVmp : Match on catch block at 0xc3 in for 0xa9
04-06 14:22:26.975 30024 30024 E ArmVmp : Match on catch block at 0xc3 in for 0xa5
04-06 14:22:26.977 30024 30024 E ArmVmp : Match on catch block at 0xc3 in for 0xa9
04-06 14:22:26.992 30024 30024 E ArmVmp : Match on catch block at 0xc3 in for 0xa5
04-06 14:22:26.996 30024 30024 E ArmVmp : Match on catch block at 0xc3 in for 0xa9
04-06 14:22:27.010 30024 30024 E ArmVmp : Match on catch block at 0xc3 in for 0xa5
04-06 14:22:27.014 30024 30024 E ArmVmp : Match on catch block at 0xc3 in for 0xa9
04-06 14:22:27.026 30024 30024 E ArmVmp : Match on catch block at 0xc3 in for 0xa5
04-06 14:22:27.031 30024 30024 E ArmVmp : Match on catch block at 0xc3 in for 0xa9
04-06 14:22:27.043 30024 30024 E ArmVmp : Match on catch block at 0xc3 in for 0xa5
04-06 14:22:27.048 30024 30024 E ArmVmp : Match on catch block at 0xc3 in for 0xa9
04-06 14:22:27.059 30024 30024 E ArmVmp : Match on catch block at 0xc3 in for 0xa5
04-06 14:22:27.064 30024 30024 E ArmVmp : Match on catch block at 0xc3 in for 0xa9
04-06 14:22:27.076 30024 30024 E ArmVmp : Match on catch block at 0xc3 in for 0xa5
04-06 14:22:27.081 30024 30024 E ArmVmp : Match on catch block at 0xc3 in for 0xa9
04-06 14:22:27.098 30024 30024 W AudioRecord: restoreRecord_l(162): dead
IAudioRecord 0x77b5966800, creating a new one from start()
04-06 14:22:27.271 30024 30024 E ArmVmp : Match on catch block at 0xc3 in for 0xa1
04-06 14:22:27.273 30024 30024 E ArmVmp : Match on catch block at 0xc3 in for 0xa5
04-06 14:22:27.287 30024 30024 E ArmVmp : Match on catch block at 0xc3 in for 0xa1
04-06 14:22:27.289 30024 30024 E ArmVmp : Match on catch block at 0xc3 in for 0xa5
04-06 14:22:27.304 30024 30024 E ArmVmp : Match on catch block at 0xc3 in for 0xa1
04-06 14:22:27.307 30024 30024 E ArmVmp : Match on catch block at 0xc3 in for 0xa5
04-06 14:22:27.312 30024 30024 E ArmVmp : Match on catch block at 0xc3 in for 0xa5
04-06 14:22:27.315 30024 30024 E ArmVmp : Match on catch block at 0xc3 in for 0xa9
04-06 14:22:27.326 30024 30024 E ArmVmp : Match on catch block at 0xc3 in for 0xa9
04-06 14:22:27.329 30024 30024 E ArmVmp : Match on catch block at 0xc3 in for 0xa1
04-06 14:22:27.342 30024 30024 E ArmVmp : Match on catch block at 0xc3 in for 0xa1
04-06 14:22:27.345 30024 30024 E ArmVmp : Match on catch block at 0xc3 in for 0xa5
04-06 14:22:27.361 30024 30024 E ArmVmp : Match on catch block at 0xc3 in for 0xa5
04-06 14:22:27.366 30024 30024 E ArmVmp : Match on catch block at 0xc3 in for 0xa9
04-06 14:22:27.376 30024 30024 E ArmVmp : Match on catch block at 0xc3 in for 0xa9
04-06 14:22:27.380 30024 30024 E ArmVmp : Match on catch block at 0xc3 in for 0xa1
04-06 14:22:27.392 30024 30024 E ArmVmp : Match on catch block at 0xc3 in for 0xa1
04-06 14:22:27.396 30024 30024 E ArmVmp : Match on catch block at 0xc3 in for 0xa5
04-06 14:22:27.409 30024 30024 E ArmVmp : Match on catch block at 0xc3 in for 0xa5
04-06 14:22:27.413 30024 30024 E ArmVmp : Match on catch block at 0xc3 in for 0xa9
04-06 14:22:27.426 30024 30024 E ArmVmp : Match on catch block at 0xc3 in for 0xa9
04-06 14:22:27.431 30024 30024 E ArmVmp : Match on catch block at 0xc3 in for 0xa1
04-06 14:22:27.447 30024 30024 E ArmVmp : Match on catch block at 0xc3 in for 0xa1
04-06 14:22:27.453 30024 30024 E ArmVmp : Match on catch block at 0xc3 in for 0xa5
04-06 14:22:27.461 30024 30024 E ArmVmp : Match on catch block at 0xc3 in for 0xa5
04-06 14:22:27.466 30024 30024 E ArmVmp : Match on catch block at 0xc3 in for 0xa9
04-06 14:22:27.477 30024 30024 E ArmVmp : Match on catch block at 0xc3 in for 0xa9
04-06 14:22:27.482 30024 30024 E ArmVmp : Match on catch block at 0xc3 in for 0xa1
04-06 14:22:27.487 30024 1750 W AudioRecord: restoreRecord_l(168): dead
IAudioRecord 0x77b07fad00, creating a new one from obtainBuffer()
04-06 14:22:27.493 30024 30024 E ArmVmp : Match on catch block at 0xc3 in for 0xa1
04-06 14:22:27.497 30024 30024 E ArmVmp : Match on catch block at 0xc3 in for 0xa5
04-06 14:22:27.500 30024 1768 W AudioRecord: restoreRecord_l(170): dead
IAudioRecord 0x77b5966800, creating a new one from obtainBuffer()
04-06 14:22:27.509 30024 30024 E ArmVmp : Match on catch block at 0xc3 in for 0xa5
04-06 14:22:27.514 30024 30024 E ArmVmp : Match on catch block at 0xc3 in for 0xa9
04-06 14:22:27.526 30024 30024 E ArmVmp : Match on catch block at 0xc3 in for 0xa9
04-06 14:22:27.531 30024 30024 E ArmVmp : Match on catch block at 0xc3 in for 0xa1
04-06 14:22:27.543 30024 30024 E ArmVmp : Match on catch block at 0xc3 in for 0xa1
04-06 14:22:27.549 30024 30024 E ArmVmp : Match on catch block at 0xc3 in for 0xa5
04-06 14:22:27.560 30024 30024 E ArmVmp : Match on catch block at 0xc3 in for 0xa5
04-06 14:22:27.566 30024 30024 E ArmVmp : Match on catch block at 0xc3 in for 0xa9
04-06 14:22:27.577 30024 30024 E ArmVmp : Match on catch block at 0xc3 in for 0xa9
04-06 14:22:27.583 30024 30024 E ArmVmp : Match on catch block at 0xc3 in for 0xa1
04-06 14:22:27.595 30024 30024 E ArmVmp : Match on catch block at 0xc3 in for 0xa1
04-06 14:22:27.600 30024 30024 E ArmVmp : Match on catch block at 0xc3 in for 0xa5
04-06 14:22:27.609 30024 30024 E ArmVmp : Match on catch block at 0xc3 in for 0xa5
04-06 14:22:27.617 30024 30024 E ArmVmp : Match on catch block at 0xc3 in for 0xa9
04-06 14:22:27.629 30024 1768 W AudioRecord: restoreRecord_l(176): failed status -
38, retries 3
04-06 14:22:27.631 30024 30024 E ArmVmp : Match on catch block at 0xc3 in for 0xa1
04-06 14:22:27.637 30024 30024 E ArmVmp : Match on catch block at 0xc3 in for 0xa5
04-06 14:22:27.646 30024 30024 E ArmVmp : Match on catch block at 0xc3 in for 0xa1
04-06 14:22:27.651 30024 30024 E ArmVmp : Match on catch block at 0xc3 in for 0xa5
04-06 14:22:27.660 30024 30024 E ArmVmp : Match on catch block at 0xc3 in for 0xa1
04-06 14:22:27.667 30024 30024 E ArmVmp : Match on catch block at 0xc3 in for 0xa5
04-06 14:22:27.676 30024 30024 E ArmVmp : Match on catch block at 0xc3 in for 0xa1
04-06 14:22:27.680 30024 30024 E ArmVmp : Match on catch block at 0xc3 in for 0xa5
04-06 14:22:27.692 30024 30024 E ArmVmp : Match on catch block at 0xc3 in for 0xa1
04-06 14:22:27.696 30024 30024 E ArmVmp : Match on catch block at 0xc3 in for 0xa5
04-06 14:22:27.711 30024 30024 E ArmVmp : Match on catch block at 0xc3 in for 0xa1
04-06 14:22:27.717 30024 30024 E ArmVmp : Match on catch block at 0xc3 in for 0xa5
04-06 14:22:27.726 30024 30024 E ArmVmp : Match on catch block at 0xc3 in for 0xa1
04-06 14:22:27.732 30024 30024 E ArmVmp : Match on catch block at 0xc3 in for 0xa5
04-06 14:22:27.743 30024 30024 E ArmVmp : Match on catch block at 0xc3 in for 0xa1
04-06 14:22:27.748 30024 30024 E ArmVmp : Match on catch block at 0xc3 in for 0xa5
04-06 14:22:27.760 30024 30024 E ArmVmp : Match on catch block at 0xc3 in for 0xa1
04-06 14:22:27.764 30024 30024 E ArmVmp : Match on catch block at 0xc3 in for 0xa5
04-06 14:22:27.775 30024 30024 E ArmVmp : Match on catch block at 0xc3 in for 0xa1
04-06 14:22:27.780 30024 30024 E ArmVmp : Match on catch block at 0xc3 in for 0xa5
04-06 14:22:27.794 30024 30024 E ArmVmp : Match on catch block at 0xc3 in for 0xa1
04-06 14:22:27.799 30024 30024 E ArmVmp : Match on catch block at 0xc3 in for 0xa5
04-06 14:22:27.810 30024 30024 E ArmVmp : Match on catch block at 0xc3 in for 0xa1
04-06 14:22:27.815 30024 30024 E ArmVmp : Match on catch block at 0xc3 in for 0xa5
04-06 14:22:27.827 30024 30024 E ArmVmp : Match on catch block at 0xc3 in for 0xa1
04-06 14:22:27.833 30024 30024 E ArmVmp : Match on catch block at 0xc3 in for 0xa5
04-06 14:22:27.843 30024 30024 E ArmVmp : Match on catch block at 0xc3 in for 0xa1
04-06 14:22:27.847 30024 30024 E ArmVmp : Match on catch block at 0xc3 in for 0xa5
04-06 14:22:27.859 30024 30024 E ArmVmp : Match on catch block at 0xc3 in for 0xa1
04-06 14:22:27.865 30024 30024 E ArmVmp : Match on catch block at 0xc3 in for 0xa5
04-06 14:22:27.877 30024 30024 E ArmVmp : Match on catch block at 0xc3 in for 0xa1
04-06 14:22:27.882 30024 30024 E ArmVmp : Match on catch block at 0xc3 in for 0xa5
04-06 14:22:27.892 30024 30024 E ArmVmp : Match on catch block at 0xc3 in for 0xa1
04-06 14:22:27.898 30024 30024 E ArmVmp : Match on catch block at 0xc3 in for 0xa5
04-06 14:22:27.909 30024 30024 E ArmVmp : Match on catch block at 0xc3 in for 0xa1
04-06 14:22:27.914 30024 30024 E ArmVmp : Match on catch block at 0xc3 in for 0xa5
04-06 14:22:27.926 30024 30024 E ArmVmp : Match on catch block at 0xc3 in for 0xa1
04-06 14:22:27.930 30024 30024 E ArmVmp : Match on catch block at 0xc3 in for 0xa5
04-06 14:22:27.943 30024 30024 E ArmVmp : Match on catch block at 0xc3 in for 0xa1
04-06 14:22:27.947 30024 30024 E ArmVmp : Match on catch block at 0xc3 in for 0xa5
04-06 14:22:27.959 30024 30024 E ArmVmp : Match on catch block at 0xc3 in for 0xa1
04-06 14:22:27.963 30024 30024 E ArmVmp : Match on catch block at 0xc3 in for 0xa5
04-06 14:22:27.976 30024 30024 E ArmVmp : Match on catch block at 0xc3 in for 0xa1
04-06 14:22:27.980 30024 30024 E ArmVmp : Match on catch block at 0xc3 in for 0xa5
04-06 14:22:27.993 30024 30024 E ArmVmp : Match on catch block at 0xc3 in for 0xa1
04-06 14:22:27.997 30024 30024 E ArmVmp : Match on catch block at 0xc3 in for 0xa5
04-06 14:22:28.011 30024 30024 E ArmVmp : Match on catch block at 0xc3 in for 0xa1
04-06 14:22:28.016 30024 30024 E ArmVmp : Match on catch block at 0xc3 in for 0xa5
04-06 14:22:28.025 30024 30024 E ArmVmp : Match on catch block at 0xc3 in for 0xa1
04-06 14:22:28.030 30024 30024 E ArmVmp : Match on catch block at 0xc3 in for 0xa5
04-06 14:22:28.043 30024 30024 E ArmVmp : Match on catch block at 0xc3 in for 0xa1
04-06 14:22:28.048 30024 30024 E ArmVmp : Match on catch block at 0xc3 in for 0xa5
04-06 14:22:28.059 30024 30024 E ArmVmp : Match on catch block at 0xc3 in for 0xa1
04-06 14:22:28.063 30024 30024 E ArmVmp : Match on catch block at 0xc3 in for 0xa5
04-06 14:22:28.076 30024 30024 E ArmVmp : Match on catch block at 0xc3 in for 0xa1
04-06 14:22:28.080 30024 30024 E ArmVmp : Match on catch block at 0xc3 in for 0xa5
04-06 14:22:28.093 30024 30024 E ArmVmp : Match on catch block at 0xc3 in for 0xa1
04-06 14:22:28.099 30024 30024 E ArmVmp : Match on catch block at 0xc3 in for 0xa5
04-06 14:22:28.109 30024 30024 E ArmVmp : Match on catch block at 0xc3 in for 0xa1
04-06 14:22:28.113 30024 30024 E ArmVmp : Match on catch block at 0xc3 in for 0xa5
04-06 14:22:28.126 30024 30024 E ArmVmp : Match on catch block at 0xc3 in for 0xa1
04-06 14:22:28.130 30024 30024 E ArmVmp : Match on catch block at 0xc3 in for 0xa5
04-06 14:22:28.143 30024 30024 E ArmVmp : Match on catch block at 0xc3 in for 0xa1
04-06 14:22:28.147 30024 30024 E ArmVmp : Match on catch block at 0xc3 in for 0xa5
04-06 14:22:28.159 30024 30024 E ArmVmp : Match on catch block at 0xc3 in for 0xa1
04-06 14:22:28.164 30024 30024 E ArmVmp : Match on catch block at 0xc3 in for 0xa5
04-06 14:22:28.164 30024 1750 W AudioRecord: restoreRecord_l(178): dead
IAudioRecord 0x77b07fad00, creating a new one from obtainBuffer()
04-06 14:22:28.176 30024 30024 E ArmVmp : Match on catch block at 0xc3 in for 0xa1
04-06 14:22:28.182 30024 30024 E ArmVmp : Match on catch block at 0xc3 in for 0xa5
04-06 14:22:28.193 30024 30024 E ArmVmp : Match on catch block at 0xc3 in for 0xa1
04-06 14:22:28.199 30024 30024 E ArmVmp : Match on catch block at 0xc3 in for 0xa5
04-06 14:22:28.209 30024 30024 E ArmVmp : Match on catch block at 0xc3 in for 0xa1
04-06 14:22:28.214 30024 30024 E ArmVmp : Match on catch block at 0xc3 in for 0xa5
04-06 14:22:28.227 30024 30024 E ArmVmp : Match on catch block at 0xc3 in for 0xa1
04-06 14:22:28.232 30024 30024 E ArmVmp : Match on catch block at 0xc3 in for 0xa5
04-06 14:22:28.244 30024 30024 E ArmVmp : Match on catch block at 0xc3 in for 0xa1
04-06 14:22:28.252 30024 30024 E ArmVmp : Match on catch block at 0xc3 in for 0xa5
04-06 14:22:28.260 30024 30024 E ArmVmp : Match on catch block at 0xc3 in for 0xa1
04-06 14:22:28.265 30024 30024 E ArmVmp : Match on catch block at 0xc3 in for 0xa5
04-06 14:22:28.276 30024 30024 E ArmVmp : Match on catch block at 0xc3 in for 0xa5
04-06 14:22:28.278 30024 1768 W AudioRecord: restoreRecord_l(183): failed status -
38, retries 2
04-06 14:22:28.280 30024 30024 E ArmVmp : Match on catch block at 0xc3 in for 0xa9
04-06 14:22:28.293 30024 30024 E ArmVmp : Match on catch block at 0xc3 in for 0xa5
04-06 14:22:28.297 30024 30024 E ArmVmp : Match on catch block at 0xc3 in for 0xa9
04-06 14:22:28.309 30024 30024 E ArmVmp : Match on catch block at 0xc3 in for 0xa5
04-06 14:22:28.312 30024 30024 E ArmVmp : Match on catch block at 0xc3 in for 0xa9
04-06 14:22:28.326 30024 30024 E ArmVmp : Match on catch block at 0xc3 in for 0xa5
04-06 14:22:28.330 30024 30024 E ArmVmp : Match on catch block at 0xc3 in for 0xa9
04-06 14:22:28.342 30024 30024 E ArmVmp : Match on catch block at 0xc3 in for 0xa9
04-06 14:22:28.348 30024 30024 E ArmVmp : Match on catch block at 0xc3 in for 0xa1
04-06 14:22:28.359 30024 30024 E ArmVmp : Match on catch block at 0xc3 in for 0xa9
04-06 14:22:28.364 30024 30024 E ArmVmp : Match on catch block at 0xc3 in for 0xa1
04-06 14:22:28.376 30024 30024 E ArmVmp : Match on catch block at 0xc3 in for 0xa9
04-06 14:22:28.380 30024 30024 E ArmVmp : Match on catch block at 0xc3 in for 0xa1
04-06 14:22:28.392 30024 30024 E ArmVmp : Match on catch block at 0xc3 in for 0xa9
04-06 14:22:28.398 30024 30024 E ArmVmp : Match on catch block at 0xc3 in for 0xa1
04-06 14:22:28.410 30024 30024 E ArmVmp : Match on catch block at 0xc3 in for 0xa1
04-06 14:22:28.417 30024 30024 E ArmVmp : Match on catch block at 0xc3 in for 0xa5
04-06 14:22:28.426 30024 30024 E ArmVmp : Match on catch block at 0xc3 in for 0xa1
04-06 14:22:28.432 30024 30024 E ArmVmp : Match on catch block at 0xc3 in for 0xa5
04-06 14:22:28.444 30024 30024 E ArmVmp : Match on catch block at 0xc3 in for 0xa1
04-06 14:22:28.450 30024 30024 E ArmVmp : Match on catch block at 0xc3 in for 0xa5
04-06 14:22:28.459 30024 30024 E ArmVmp : Match on catch block at 0xc3 in for 0xa5
04-06 14:22:28.464 30024 30024 E ArmVmp : Match on catch block at 0xc3 in for 0xa9
04-06 14:22:28.478 30024 30024 E ArmVmp : Match on catch block at 0xc3 in for 0xa5
04-06 14:22:28.483 30024 30024 E ArmVmp : Match on catch block at 0xc3 in for 0xa9
04-06 14:22:28.494 30024 30024 E ArmVmp : Match on catch block at 0xc3 in for 0xa5
04-06 14:22:28.499 30024 30024 E ArmVmp : Match on catch block at 0xc3 in for 0xa9
04-06 14:22:28.510 30024 30024 E ArmVmp : Match on catch block at 0xc3 in for 0xa5
04-06 14:22:28.516 30024 30024 E ArmVmp : Match on catch block at 0xc3 in for 0xa9
04-06 14:22:28.527 30024 30024 E ArmVmp : Match on catch block at 0xc3 in for 0xa9
04-06 14:22:28.532 30024 30024 E ArmVmp : Match on catch block at 0xc3 in for 0xa1
04-06 14:22:28.543 30024 30024 E ArmVmp : Match on catch block at 0xc3 in for 0xa9
04-06 14:22:28.549 30024 30024 E ArmVmp : Match on catch block at 0xc3 in for 0xa1
04-06 14:22:28.560 30024 30024 E ArmVmp : Match on catch block at 0xc3 in for 0xa9
04-06 14:22:28.565 30024 30024 E ArmVmp : Match on catch block at 0xc3 in for 0xa1
04-06 14:22:28.576 30024 30024 E ArmVmp : Match on catch block at 0xc3 in for 0xa9
04-06 14:22:28.582 30024 30024 E ArmVmp : Match on catch block at 0xc3 in for 0xa1
04-06 14:22:28.594 30024 30024 E ArmVmp : Match on catch block at 0xc3 in for 0xa5
04-06 14:22:28.601 30024 30024 E ArmVmp : Match on catch block at 0xc3 in for 0xa9
04-06 14:22:28.610 30024 30024 E ArmVmp : Match on catch block at 0xc3 in for 0xa5
04-06 14:22:28.616 30024 30024 E ArmVmp : Match on catch block at 0xc3 in for 0xa9
04-06 14:22:28.626 30024 30024 E ArmVmp : Match on catch block at 0xc3 in for 0xa5
04-06 14:22:28.633 30024 30024 E ArmVmp : Match on catch block at 0xc3 in for 0xa9
04-06 14:22:28.643 30024 30024 E ArmVmp : Match on catch block at 0xc3 in for 0xa5
04-06 14:22:28.648 30024 30024 E ArmVmp : Match on catch block at 0xc3 in for 0xa9
04-06 14:22:28.660 30024 30024 E ArmVmp : Match on catch block at 0xc3 in for 0xa9
04-06 14:22:28.664 30024 30024 E ArmVmp : Match on catch block at 0xc3 in for 0xa1
04-06 14:22:28.677 30024 30024 E ArmVmp : Match on catch block at 0xc3 in for 0xa9
04-06 14:22:28.683 30024 30024 E ArmVmp : Match on catch block at 0xc3 in for 0xa1
04-06 14:22:28.693 30024 30024 E ArmVmp : Match on catch block at 0xc3 in for 0xa9
04-06 14:22:28.699 30024 30024 E ArmVmp : Match on catch block at 0xc3 in for 0xa1
04-06 14:22:28.711 30024 30024 E ArmVmp : Match on catch block at 0xc3 in for 0xa9
04-06 14:22:28.717 30024 30024 E ArmVmp : Match on catch block at 0xc3 in for 0xa1
04-06 14:22:28.726 30024 30024 E ArmVmp : Match on catch block at 0xc3 in for 0xa1
04-06 14:22:28.732 30024 30024 E ArmVmp : Match on catch block at 0xc3 in for 0xa5
04-06 14:22:28.743 30024 30024 E ArmVmp : Match on catch block at 0xc3 in for 0xa1
04-06 14:22:28.748 30024 30024 E ArmVmp : Match on catch block at 0xc3 in for 0xa5
04-06 14:22:28.760 30024 30024 E ArmVmp : Match on catch block at 0xc3 in for 0xa1
04-06 14:22:28.764 30024 30024 E ArmVmp : Match on catch block at 0xc3 in for 0xa5
04-06 14:22:28.777 30024 30024 E ArmVmp : Match on catch block at 0xc3 in for 0xa1
04-06 14:22:28.784 30024 30024 E ArmVmp : Match on catch block at 0xc3 in for 0xa5
04-06 14:22:28.794 30024 30024 E ArmVmp : Match on catch block at 0xc3 in for 0xa5
04-06 14:22:28.800 30024 30024 E ArmVmp : Match on catch block at 0xc3 in for 0xa9
04-06 14:22:28.811 30024 30024 E ArmVmp : Match on catch block at 0xc3 in for 0xa5
04-06 14:22:28.817 30024 30024 E ArmVmp : Match on catch block at 0xc3 in for 0xa9
04-06 14:22:28.826 30024 30024 E ArmVmp : Match on catch block at 0xc3 in for 0xa5
04-06 14:22:28.831 30024 30024 E ArmVmp : Match on catch block at 0xc3 in for 0xa9
04-06 14:22:28.842 30024 30024 E ArmVmp : Match on catch block at 0xc3 in for 0xa5
04-06 14:22:28.846 30024 30024 E ArmVmp : Match on catch block at 0xc3 in for 0xa9
04-06 14:22:28.860 30024 30024 E ArmVmp : Match on catch block at 0xc3 in for 0xa9
04-06 14:22:28.866 30024 30024 E ArmVmp : Match on catch block at 0xc3 in for 0xa1
04-06 14:22:28.876 30024 30024 E ArmVmp : Match on catch block at 0xc3 in for 0xa9
04-06 14:22:28.881 30024 30024 E ArmVmp : Match on catch block at 0xc3 in for 0xa1
04-06 14:22:28.893 30024 30024 E ArmVmp : Match on catch block at 0xc3 in for 0xa9
04-06 14:22:28.897 30024 30024 E ArmVmp : Match on catch block at 0xc3 in for 0xa1
04-06 14:22:28.909 30024 30024 E ArmVmp : Match on catch block at 0xc3 in for 0xa9
04-06 14:22:28.914 30024 30024 E ArmVmp : Match on catch block at 0xc3 in for 0xa1
04-06 14:22:28.926 30024 30024 E ArmVmp : Match on catch block at 0xc3 in for 0xa1
04-06 14:22:28.931 30024 30024 E ArmVmp : Match on catch block at 0xc3 in for 0xa5
04-06 14:22:28.942 30024 30024 E ArmVmp : Match on catch block at 0xc3 in for 0xa1
04-06 14:22:28.946 30024 30024 E ArmVmp : Match on catch block at 0xc3 in for 0xa5
04-06 14:22:28.959 30024 30024 E ArmVmp : Match on catch block at 0xc3 in for 0xa1
04-06 14:22:28.963 30024 30024 E ArmVmp : Match on catch block at 0xc3 in for 0xa5
04-06 14:22:28.976 30024 30024 E ArmVmp : Match on catch block at 0xc3 in for 0xa1
04-06 14:22:28.980 30024 30024 E ArmVmp : Match on catch block at 0xc3 in for 0xa5
04-06 14:22:28.992 30024 30024 E ArmVmp : Match on catch block at 0xc3 in for 0xa5
04-06 14:22:28.996 30024 30024 E ArmVmp : Match on catch block at 0xc3 in for 0xa9
04-06 14:22:29.009 30024 30024 E ArmVmp : Match on catch block at 0xc3 in for 0xa5
04-06 14:22:29.014 30024 30024 E ArmVmp : Match on catch block at 0xc3 in for 0xa9
04-06 14:22:29.026 30024 30024 E ArmVmp : Match on catch block at 0xc3 in for 0xa5
04-06 14:22:29.030 30024 30024 E ArmVmp : Match on catch block at 0xc3 in for 0xa9
04-06 14:22:29.043 30024 30024 E ArmVmp : Match on catch block at 0xc3 in for 0xa5
04-06 14:22:29.047 30024 30024 E ArmVmp : Match on catch block at 0xc3 in for 0xa9
04-06 14:22:29.059 30024 30024 E ArmVmp : Match on catch block at 0xc3 in for 0xa9
04-06 14:22:29.063 30024 30024 E ArmVmp : Match on catch block at 0xc3 in for 0xa1
04-06 14:22:29.076 30024 30024 E ArmVmp : Match on catch block at 0xc3 in for 0xa9
04-06 14:22:29.080 30024 30024 E ArmVmp : Match on catch block at 0xc3 in for 0xa1
04-06 14:22:29.093 30024 30024 E ArmVmp : Match on catch block at 0xc3 in for 0xa9
04-06 14:22:29.097 30024 30024 E ArmVmp : Match on catch block at 0xc3 in for 0xa1
04-06 14:22:29.109 30024 30024 E ArmVmp : Match on catch block at 0xc3 in for 0xa9
04-06 14:22:29.114 30024 30024 E ArmVmp : Match on catch block at 0xc3 in for 0xa1
04-06 14:22:29.126 30024 30024 E ArmVmp : Match on catch block at 0xc3 in for 0xa1
04-06 14:22:29.130 30024 30024 E ArmVmp : Match on catch block at 0xc3 in for 0xa5
04-06 14:22:29.142 30024 30024 E ArmVmp : Match on catch block at 0xc3 in for 0xa1
04-06 14:22:29.147 30024 30024 E ArmVmp : Match on catch block at 0xc3 in for 0xa5
04-06 14:22:29.159 30024 30024 E ArmVmp : Match on catch block at 0xc3 in for 0xa1
04-06 14:22:29.163 30024 30024 E ArmVmp : Match on catch block at 0xc3 in for 0xa5
04-06 14:22:29.176 30024 30024 E ArmVmp : Match on catch block at 0xc3 in for 0xa1
04-06 14:22:29.180 30024 30024 E ArmVmp : Match on catch block at 0xc3 in for 0xa5
04-06 14:22:29.192 30024 30024 E ArmVmp : Match on catch block at 0xc3 in for 0xa5
04-06 14:22:29.196 30024 30024 E ArmVmp : Match on catch block at 0xc3 in for 0xa9
04-06 14:22:29.209 30024 30024 E ArmVmp : Match on catch block at 0xc3 in for 0xa5
04-06 14:22:29.214 30024 30024 E ArmVmp : Match on catch block at 0xc3 in for 0xa9
04-06 14:22:29.226 30024 30024 E ArmVmp : Match on catch block at 0xc3 in for 0xa5
04-06 14:22:29.231 30024 30024 E ArmVmp : Match on catch block at 0xc3 in for 0xa9
04-06 14:22:29.244 30024 30024 E ArmVmp : Match on catch block at 0xc3 in for 0xa5
04-06 14:22:29.251 30024 30024 E ArmVmp : Match on catch block at 0xc3 in for 0xa9
04-06 14:22:29.260 30024 30024 E ArmVmp : Match on catch block at 0xc3 in for 0xa9
04-06 14:22:29.264 30024 30024 E ArmVmp : Match on catch block at 0xc3 in for 0xa1
04-06 14:22:29.277 30024 30024 E ArmVmp : Match on catch block at 0xc3 in for 0xa9
04-06 14:22:29.282 30024 30024 E ArmVmp : Match on catch block at 0xc3 in for 0xa1
04-06 14:22:29.293 30024 30024 E ArmVmp : Match on catch block at 0xc3 in for 0xa9
04-06 14:22:29.297 30024 30024 E ArmVmp : Match on catch block at 0xc3 in for 0xa1
04-06 14:22:29.309 30024 30024 E ArmVmp : Match on catch block at 0xc3 in for 0xa9
04-06 14:22:29.313 30024 30024 E ArmVmp : Match on catch block at 0xc3 in for 0xa1
04-06 14:22:29.327 30024 30024 E ArmVmp : Match on catch block at 0xc3 in for 0xa1
04-06 14:22:29.333 30024 30024 E ArmVmp : Match on catch block at 0xc3 in for 0xa5
04-06 14:22:29.343 30024 30024 E ArmVmp : Match on catch block at 0xc3 in for 0xa1
04-06 14:22:29.348 30024 30024 E ArmVmp : Match on catch block at 0xc3 in for 0xa5
04-06 14:22:29.359 30024 30024 E ArmVmp : Match on catch block at 0xc3 in for 0xa1
04-06 14:22:29.364 30024 30024 E ArmVmp : Match on catch block at 0xc3 in for 0xa5
04-06 14:22:29.376 30024 30024 E ArmVmp : Match on catch block at 0xc3 in for 0xa5
04-06 14:22:29.380 30024 30024 E ArmVmp : Match on catch block at 0xc3 in for 0xa9
04-06 14:22:29.392 30024 30024 E ArmVmp : Match on catch block at 0xc3 in for 0xa5
04-06 14:22:29.396 30024 30024 E ArmVmp : Match on catch block at 0xc3 in for 0xa9
04-06 14:22:29.411 30024 30024 E ArmVmp : Match on catch block at 0xc3 in for 0xa5
04-06 14:22:29.417 30024 30024 E ArmVmp : Match on catch block at 0xc3 in for 0xa9
04-06 14:22:29.426 30024 30024 E ArmVmp : Match on catch block at 0xc3 in for 0xa9
04-06 14:22:29.430 30024 30024 E ArmVmp : Match on catch block at 0xc3 in for 0xa1
04-06 14:22:29.444 30024 30024 E ArmVmp : Match on catch block at 0xc3 in for 0xa9
04-06 14:22:29.450 30024 30024 E ArmVmp : Match on catch block at 0xc3 in for 0xa1
04-06 14:22:29.460 30024 30024 E ArmVmp : Match on catch block at 0xc3 in for 0xa9
04-06 14:22:29.466 30024 30024 E ArmVmp : Match on catch block at 0xc3 in for 0xa1
04-06 14:22:29.477 30024 30024 E ArmVmp : Match on catch block at 0xc3 in for 0xa9
04-06 14:22:29.483 30024 30024 E ArmVmp : Match on catch block at 0xc3 in for 0xa1
04-06 14:22:29.493 30024 30024 E ArmVmp : Match on catch block at 0xc3 in for 0xa1
04-06 14:22:29.499 30024 30024 E ArmVmp : Match on catch block at 0xc3 in for 0xa5
04-06 14:22:29.510 30024 30024 E ArmVmp : Match on catch block at 0xc3 in for 0xa1
04-06 14:22:29.516 30024 30024 E ArmVmp : Match on catch block at 0xc3 in for 0xa5
04-06 14:22:29.526 30024 30024 E ArmVmp : Match on catch block at 0xc3 in for 0xa1
04-06 14:22:29.532 30024 30024 E ArmVmp : Match on catch block at 0xc3 in for 0xa5
04-06 14:22:29.542 30024 30024 E ArmVmp : Match on catch block at 0xc3 in for 0xa1
04-06 14:22:29.546 30024 30024 E ArmVmp : Match on catch block at 0xc3 in for 0xa5
04-06 14:22:29.559 30024 30024 E ArmVmp : Match on catch block at 0xc3 in for 0xa5
04-06 14:22:29.564 30024 30024 E ArmVmp : Match on catch block at 0xc3 in for 0xa9
04-06 14:22:29.576 30024 30024 E ArmVmp : Match on catch block at 0xc3 in for 0xa5
04-06 14:22:29.580 30024 30024 E ArmVmp : Match on catch block at 0xc3 in for 0xa9
04-06 14:22:29.592 30024 30024 E ArmVmp : Match on catch block at 0xc3 in for 0xa5
04-06 14:22:29.596 30024 30024 E ArmVmp : Match on catch block at 0xc3 in for 0xa9
04-06 14:22:29.609 30024 30024 E ArmVmp : Match on catch block at 0xc3 in for 0xa5
04-06 14:22:29.614 30024 30024 E ArmVmp : Match on catch block at 0xc3 in for 0xa9
04-06 14:22:29.625 30024 30024 E ArmVmp : Match on catch block at 0xc3 in for 0xa9
04-06 14:22:29.629 30024 30024 E ArmVmp : Match on catch block at 0xc3 in for 0xa1
04-06 14:22:29.630 30024 1801 W System : ClassLoader referenced unknown path:
system/framework/mediatek-cta.jar
04-06 14:22:29.644 30024 30024 E ArmVmp : Match on catch block at 0xc3 in for 0xa9
04-06 14:22:29.650 30024 30024 E ArmVmp : Match on catch block at 0xc3 in for 0xa1
04-06 14:22:29.659 30024 30024 E ArmVmp : Match on catch block at 0xc3 in for 0xa9
04-06 14:22:29.663 30024 30024 E ArmVmp : Match on catch block at 0xc3 in for 0xa1
04-06 14:22:29.678 30024 30024 E ArmVmp : Match on catch block at 0xc3 in for 0xa9
04-06 14:22:29.684 30024 30024 E ArmVmp : Match on catch block at 0xc3 in for 0xa1
04-06 14:22:29.693 30024 30024 E ArmVmp : Match on catch block at 0xc3 in for 0xa9
04-06 14:22:29.698 30024 30024 E ArmVmp : Match on catch block at 0xc3 in for 0xa1
04-06 14:22:29.709 30024 30024 E ArmVmp : Match on catch block at 0xc3 in for 0xa9
04-06 14:22:29.716 30024 30024 E ArmVmp : Match on catch block at 0xc3 in for 0xa1
04-06 14:22:29.726 30024 30024 E ArmVmp : Match on catch block at 0xc3 in for 0xa9
04-06 14:22:29.730 30024 30024 E ArmVmp : Match on catch block at 0xc3 in for 0xa1
04-06 14:22:29.743 30024 30024 E ArmVmp : Match on catch block at 0xc3 in for 0xa9
04-06 14:22:29.749 30024 30024 E ArmVmp : Match on catch block at 0xc3 in for 0xa1
04-06 14:22:29.759 30024 30024 E ArmVmp : Match on catch block at 0xc3 in for 0xa9
04-06 14:22:29.764 30024 30024 E ArmVmp : Match on catch block at 0xc3 in for 0xa1
04-06 14:22:29.778 30024 30024 E ArmVmp : Match on catch block at 0xc3 in for 0xa9
04-06 14:22:29.784 30024 30024 E ArmVmp : Match on catch block at 0xc3 in for 0xa1
04-06 14:22:29.793 30024 30024 E ArmVmp : Match on catch block at 0xc3 in for 0xa9
04-06 14:22:29.799 30024 30024 E ArmVmp : Match on catch block at 0xc3 in for 0xa1
04-06 14:22:29.810 30024 30024 E ArmVmp : Match on catch block at 0xc3 in for 0xa9
04-06 14:22:29.817 30024 30024 E ArmVmp : Match on catch block at 0xc3 in for 0xa1
04-06 14:22:29.827 30024 30024 E ArmVmp : Match on catch block at 0xc3 in for 0xa9
04-06 14:22:29.831 30024 30024 E ArmVmp : Match on catch block at 0xc3 in for 0xa1
04-06 14:22:29.842 30024 30024 E ArmVmp : Match on catch block at 0xc3 in for 0xa9
04-06 14:22:29.846 30024 30024 E ArmVmp : Match on catch block at 0xc3 in for 0xa1
04-06 14:22:29.859 30024 30024 E ArmVmp : Match on catch block at 0xc3 in for 0xa9
04-06 14:22:29.863 30024 30024 E ArmVmp : Match on catch block at 0xc3 in for 0xa1
04-06 14:22:29.876 30024 30024 E ArmVmp : Match on catch block at 0xc3 in for 0xa9
04-06 14:22:29.880 30024 30024 E ArmVmp : Match on catch block at 0xc3 in for 0xa1
04-06 14:22:29.892 30024 30024 E ArmVmp : Match on catch block at 0xc3 in for 0xa1
04-06 14:22:29.896 30024 30024 E ArmVmp : Match on catch block at 0xc3 in for 0xa5
04-06 14:22:29.909 30024 30024 E ArmVmp : Match on catch block at 0xc3 in for 0xa1
04-06 14:22:29.914 30024 30024 E ArmVmp : Match on catch block at 0xc3 in for 0xa5
04-06 14:22:29.926 30024 30024 E ArmVmp : Match on catch block at 0xc3 in for 0xa1
04-06 14:22:29.930 30024 30024 E ArmVmp : Match on catch block at 0xc3 in for 0xa5
