04-06 14:14:25.611 30024 30024 E ArmVmp : Match on catch block at 0xc3 in for 0xa5
04-06 14:14:25.612 30024 30024 E ArmVmp : Match on catch block at 0xc3 in for 0xa5
04-06 14:14:25.709 30024 30024 E ArmVmp : Match on catch block at 0xc3 in for 0xa9
04-06 14:14:25.711 30024 30024 E ArmVmp : Match on catch block at 0xc3 in for 0xa1
04-06 14:14:25.713 30024 30024 E ArmVmp : Match on catch block at 0xc3 in for 0xa1
04-06 14:14:25.726 30024 30024 E ArmVmp : Match on catch block at 0xc3 in for 0xa5
04-06 14:14:25.729 30024 30024 E ArmVmp : Match on catch block at 0xc3 in for 0xa9
04-06 14:14:25.731 30024 30024 E ArmVmp : Match on catch block at 0xc3 in for 0xa9
04-06 14:14:25.743 30024 30024 E ArmVmp : Match on catch block at 0xc3 in for 0xa1
04-06 14:14:25.746 30024 30024 E ArmVmp : Match on catch block at 0xc3 in for 0xa5
04-06 14:14:25.749 30024 30024 E ArmVmp : Match on catch block at 0xc3 in for 0xa5
04-06 14:14:25.759 30024 30024 E ArmVmp : Match on catch block at 0xc3 in for 0xa9
04-06 14:14:25.763 30024 30024 E ArmVmp : Match on catch block at 0xc3 in for 0xa1
04-06 14:14:25.765 30024 30024 E ArmVmp : Match on catch block at 0xc3 in for 0xa1
04-06 14:14:25.777 30024 30024 E ArmVmp : Match on catch block at 0xc3 in for 0xa5
04-06 14:14:25.781 30024 30024 E ArmVmp : Match on catch block at 0xc3 in for 0xa9
04-06 14:14:25.784 30024 30024 E ArmVmp : Match on catch block at 0xc3 in for 0xa9
04-06 14:14:25.792 30024 30024 E ArmVmp : Match on catch block at 0xc3 in for 0xa1
04-06 14:14:25.795 30024 30024 E ArmVmp : Match on catch block at 0xc3 in for 0xa5
04-06 14:14:25.797 30024 30024 E ArmVmp : Match on catch block at 0xc3 in for 0xa5
04-06 14:14:25.809 30024 30024 E ArmVmp : Match on catch block at 0xc3 in for 0xa9
04-06 14:14:25.812 30024 30024 E ArmVmp : Match on catch block at 0xc3 in for 0xa1
04-06 14:14:25.814 30024 30024 E ArmVmp : Match on catch block at 0xc3 in for 0xa1
04-06 14:14:25.826 30024 30024 E ArmVmp : Match on catch block at 0xc3 in for 0xa5
04-06 14:14:25.828 30024 30024 E ArmVmp : Match on catch block at 0xc3 in for 0xa9
04-06 14:14:25.831 30024 30024 E ArmVmp : Match on catch block at 0xc3 in for 0xa9
04-06 14:14:25.844 30024 30024 E ArmVmp : Match on catch block at 0xc3 in for 0xa1
04-06 14:14:25.848 30024 30024 E ArmVmp : Match on catch block at 0xc3 in for 0xa5
04-06 14:14:25.852 30024 30024 E ArmVmp : Match on catch block at 0xc3 in for 0xa5
04-06 14:14:25.859 30024 30024 E ArmVmp : Match on catch block at 0xc3 in for 0xa9
04-06 14:14:25.863 30024 30024 E ArmVmp : Match on catch block at 0xc3 in for 0xa1
04-06 14:14:25.866 30024 30024 E ArmVmp : Match on catch block at 0xc3 in for 0xa1
04-06 14:14:25.875 30024 30024 E ArmVmp : Match on catch block at 0xc3 in for 0xa5
04-06 14:14:25.878 30024 30024 E ArmVmp : Match on catch block at 0xc3 in for 0xa9
04-06 14:14:25.880 30024 30024 E ArmVmp : Match on catch block at 0xc3 in for 0xa9
04-06 14:14:25.892 30024 30024 E ArmVmp : Match on catch block at 0xc3 in for 0xa1
04-06 14:14:25.895 30024 30024 E ArmVmp : Match on catch block at 0xc3 in for 0xa5
04-06 14:14:25.897 30024 30024 E ArmVmp : Match on catch block at 0xc3 in for 0xa5
04-06 14:14:25.909 30024 30024 E ArmVmp : Match on catch block at 0xc3 in for 0xa9
04-06 14:14:25.912 30024 30024 E ArmVmp : Match on catch block at 0xc3 in for 0xa1
04-06 14:14:25.914 30024 30024 E ArmVmp : Match on catch block at 0xc3 in for 0xa1
04-06 14:14:25.925 30024 30024 E ArmVmp : Match on catch block at 0xc3 in for 0xa5
04-06 14:14:25.928 30024 30024 E ArmVmp : Match on catch block at 0xc3 in for 0xa9
04-06 14:14:25.930 30024 30024 E ArmVmp : Match on catch block at 0xc3 in for 0xa9
04-06 14:14:25.942 30024 30024 E ArmVmp : Match on catch block at 0xc3 in for 0xa1
04-06 14:14:25.945 30024 30024 E ArmVmp : Match on catch block at 0xc3 in for 0xa5
04-06 14:14:25.947 30024 30024 E ArmVmp : Match on catch block at 0xc3 in for 0xa5
04-06 14:14:25.959 30024 30024 E ArmVmp : Match on catch block at 0xc3 in for 0xa9
04-06 14:14:25.962 30024 30024 E ArmVmp : Match on catch block at 0xc3 in for 0xa1
04-06 14:14:25.964 30024 30024 E ArmVmp : Match on catch block at 0xc3 in for 0xa1
04-06 14:14:26.177 30024 30024 E ArmVmp : Match on catch block at 0xc3 in for 0xa5
04-06 14:14:26.180 30024 30024 E ArmVmp : Match on catch block at 0xc3 in for 0xa9
04-06 14:14:26.183 30024 30024 E ArmVmp : Match on catch block at 0xc3 in for 0xa9
04-06 14:14:26.209 30024 30024 E ArmVmp : Match on catch block at 0xc3 in for 0xa1
04-06 14:14:26.212 30024 30024 E ArmVmp : Match on catch block at 0xc3 in for 0xa5
04-06 14:14:26.214 30024 30024 E ArmVmp : Match on catch block at 0xc3 in for 0xa5
04-06 14:14:26.375 30024 30024 E ArmVmp : Match on catch block at 0xc3 in for 0xa9
04-06 14:14:26.377 30024 30024 E ArmVmp : Match on catch block at 0xc3 in for 0xa1
04-06 14:14:26.379 30024 30024 E ArmVmp : Match on catch block at 0xc3 in for 0xa1
04-06 14:14:26.442 30024 30024 E ArmVmp : Match on catch block at 0xc3 in for 0xa5
04-06 14:14:26.446 30024 30024 E ArmVmp : Match on catch block at 0xc3 in for 0xa9
04-06 14:14:26.449 30024 30024 E ArmVmp : Match on catch block at 0xc3 in for 0xa9
04-06 14:14:26.492 30024 30024 E ArmVmp : Match on catch block at 0xc3 in for 0xa1
04-06 14:14:26.493 30024 30024 E ArmVmp : Match on catch block at 0xc3 in for 0xa5
04-06 14:14:26.495 30024 30024 E ArmVmp : Match on catch block at 0xc3 in for 0xa5
04-06 14:14:26.659 30024 30024 E ArmVmp : Match on catch block at 0xc3 in for 0xa9
04-06 14:14:26.662 30024 30024 E ArmVmp : Match on catch block at 0xc3 in for 0xa1
04-06 14:14:26.667 30024 30024 E ArmVmp : Match on catch block at 0xc3 in for 0xa1
04-06 14:14:26.678 30024 30024 E ArmVmp : Match on catch block at 0xc3 in for 0xa5
04-06 14:14:26.683 30024 30024 E ArmVmp : Match on catch block at 0xc3 in for 0xa9
04-06 14:14:26.687 30024 30024 E ArmVmp : Match on catch block at 0xc3 in for 0xa9
04-06 14:14:26.829 30024 30024 E ArmVmp : Match on catch block at 0xc3 in for 0xa1
04-06 14:14:26.835 30024 30024 E ArmVmp : Match on catch block at 0xc3 in for 0xa5
04-06 14:14:26.841 30024 30024 E ArmVmp : Match on catch block at 0xc3 in for 0xa5
04-06 14:14:26.909 30024 30024 E ArmVmp : Match on catch block at 0xc3 in for 0xa9
04-06 14:14:26.911 30024 30024 E ArmVmp : Match on catch block at 0xc3 in for 0xa1
04-06 14:14:26.913 30024 30024 E ArmVmp : Match on catch block at 0xc3 in for 0xa1
04-06 14:14:27.042 30024 30024 E ArmVmp : Match on catch block at 0xc3 in for 0xa5
04-06 14:14:27.044 30024 30024 E ArmVmp : Match on catch block at 0xc3 in for 0xa9
04-06 14:14:27.046 30024 30024 E ArmVmp : Match on catch block at 0xc3 in for 0xa9
04-06 14:14:27.159 30024 30024 E ArmVmp : Match on catch block at 0xc3 in for 0xa1
04-06 14:14:27.161 30024 30024 E ArmVmp : Match on catch block at 0xc3 in for 0xa5
04-06 14:14:27.164 30024 30024 E ArmVmp : Match on catch block at 0xc3 in for 0xa5
04-06 14:14:27.361 30024 30024 E ArmVmp : Match on catch block at 0xc3 in for 0xa9
04-06 14:14:27.365 30024 30024 E ArmVmp : Match on catch block at 0xc3 in for 0xa1
04-06 14:14:27.367 30024 30024 E ArmVmp : Match on catch block at 0xc3 in for 0xa1
04-06 14:14:27.377 30024 30024 E ArmVmp : Match on catch block at 0xc3 in for 0xa5
04-06 14:14:27.381 30024 30024 E ArmVmp : Match on catch block at 0xc3 in for 0xa9
04-06 14:14:27.384 30024 30024 E ArmVmp : Match on catch block at 0xc3 in for 0xa9
04-06 14:14:27.875 30024 30024 E ArmVmp : Match on catch block at 0xc3 in for 0xa1
04-06 14:14:27.878 30024 30024 E ArmVmp : Match on catch block at 0xc3 in for 0xa5
04-06 14:14:27.879 30024 30024 E ArmVmp : Match on catch block at 0xc3 in for 0xa5
04-06 14:14:27.893 30024 30024 E ArmVmp : Match on catch block at 0xc3 in for 0xa9
04-06 14:14:27.898 30024 30024 E ArmVmp : Match on catch block at 0xc3 in for 0xa1
04-06 14:14:27.902 30024 30024 E ArmVmp : Match on catch block at 0xc3 in for 0xa1
04-06 14:14:28.026 30024 30024 E ArmVmp : Match on catch block at 0xc3 in for 0xa5
04-06 14:14:28.029 30024 30024 E ArmVmp : Match on catch block at 0xc3 in for 0xa9
04-06 14:14:28.031 30024 30024 E ArmVmp : Match on catch block at 0xc3 in for 0xa9
04-06 14:14:28.126 30024 30024 E ArmVmp : Match on catch block at 0xc3 in for 0xa1
04-06 14:14:28.129 30024 30024 E ArmVmp : Match on catch block at 0xc3 in for 0xa5
04-06 14:14:28.134 30024 30024 E ArmVmp : Match on catch block at 0xc3 in for 0xa5
04-06 14:14:28.642 30024 30024 E ArmVmp : Match on catch block at 0xc3 in for 0xa9
04-06 14:14:28.644 30024 30024 E ArmVmp : Match on catch block at 0xc3 in for 0xa1
04-06 14:14:28.646 30024 30024 E ArmVmp : Match on catch block at 0xc3 in for 0xa1
04-06 14:14:28.661 30024 30024 E ArmVmp : Match on catch block at 0xc3 in for 0xa5
04-06 14:14:28.665 30024 30024 E ArmVmp : Match on catch block at 0xc3 in for 0xa9
04-06 14:14:28.668 30024 30024 E ArmVmp : Match on catch block at 0xc3 in for 0xa9
04-06 14:14:28.792 30024 30024 E ArmVmp : Match on catch block at 0xc3 in for 0xa1
04-06 14:14:28.794 30024 30024 E ArmVmp : Match on catch block at 0xc3 in for 0xa5
04-06 14:14:28.796 30024 30024 E ArmVmp : Match on catch block at 0xc3 in for 0xa5
04-06 14:14:28.893 30024 30024 E ArmVmp : Match on catch block at 0xc3 in for 0xa9
04-06 14:14:28.896 30024 30024 E ArmVmp : Match on catch block at 0xc3 in for 0xa1
04-06 14:14:28.898 30024 30024 E ArmVmp : Match on catch block at 0xc3 in for 0xa1
04-06 14:14:29.010 30024 30024 E ArmVmp : Match on catch block at 0xc3 in for 0xa5
04-06 14:14:29.013 30024 30024 E ArmVmp : Match on catch block at 0xc3 in for 0xa9
04-06 14:14:29.016 30024 30024 E ArmVmp : Match on catch block at 0xc3 in for 0xa9
04-06 14:14:29.063 30024 30024 E ArmVmp : Match on catch block at 0xc3 in for 0xa1
04-06 14:14:29.065 30024 30024 E ArmVmp : Match on catch block at 0xc3 in for 0xa5
04-06 14:14:29.067 30024 30024 E ArmVmp : Match on catch block at 0xc3 in for 0xa5
04-06 14:14:29.302 30024 30024 E ArmVmp : Match on catch block at 0xc3 in for 0xa9
04-06 14:14:29.309 30024 30024 E ArmVmp : Match on catch block at 0xc3 in for 0xa1
04-06 14:14:29.316 30024 30024 E ArmVmp : Match on catch block at 0xc3 in for 0xa1
04-06 14:14:29.348 30024 30024 E ArmVmp : Match on catch block at 0xc3 in for 0xa5
04-06 14:14:29.356 30024 30024 E ArmVmp : Match on catch block at 0xc3 in for 0xa9
04-06 14:14:29.362 30024 30024 E ArmVmp : Match on catch block at 0xc3 in for 0xa9
04-06 14:14:29.576 30024 30024 E ArmVmp : Match on catch block at 0xc3 in for 0xa1
04-06 14:14:29.579 30024 30024 E ArmVmp : Match on catch block at 0xc3 in for 0xa5
04-06 14:14:29.580 30024 30024 E ArmVmp : Match on catch block at 0xc3 in for 0xa5
04-06 14:14:29.810 30024 30024 E ArmVmp : Match on catch block at 0xc3 in for 0xa9
04-06 14:14:29.813 30024 30024 E ArmVmp : Match on catch block at 0xc3 in for 0xa1
04-06 14:14:29.814 30024 30024 E ArmVmp : Match on catch block at 0xc3 in for 0xa1
04-06 14:14:29.940 30024 30024 E ArmVmp : Match on catch block at 0xc3 in for 0xa5
04-06 14:14:29.942 30024 30024 E ArmVmp : Match on catch block at 0xc3 in for 0xa9
04-06 14:14:29.944 30024 30024 E ArmVmp : Match on catch block at 0xc3 in for 0xa9
04-06 14:14:29.950 30024 30024 E ArmVmp : Match on catch block at 0xc3 in for 0xa1
04-06 14:14:29.953 30024 30024 E ArmVmp : Match on catch block at 0xc3 in for 0xa5
04-06 14:14:29.955 30024 30024 E ArmVmp : Match on catch block at 0xc3 in for 0xa5
04-06 14:14:30.026 30024 30024 E ArmVmp : Match on catch block at 0xc3 in for 0xa9
04-06 14:14:30.029 30024 30024 E ArmVmp : Match on catch block at 0xc3 in for 0xa1
04-06 14:14:30.032 30024 30024 E ArmVmp : Match on catch block at 0xc3 in for 0xa1
04-06 14:14:30.043 30024 30024 E ArmVmp : Match on catch block at 0xc3 in for 0xa5
04-06 14:14:30.048 30024 30024 E ArmVmp : Match on catch block at 0xc3 in for 0xa9
04-06 14:14:30.054 30024 30024 E ArmVmp : Match on catch block at 0xc3 in for 0xa9
04-06 14:14:30.260 30024 30024 E ArmVmp : Match on catch block at 0xc3 in for 0xa1
04-06 14:14:30.263 30024 30024 E ArmVmp : Match on catch block at 0xc3 in for 0xa5
04-06 14:14:30.265 30024 30024 E ArmVmp : Match on catch block at 0xc3 in for 0xa5
04-06 14:14:30.363 30024 30024 E ArmVmp : Match on catch block at 0xc3 in for 0xa9
04-06 14:14:30.370 30024 30024 E ArmVmp : Match on catch block at 0xc3 in for 0xa1
04-06 14:14:30.375 30024 30024 E ArmVmp : Match on catch block at 0xc3 in for 0xa1
04-06 14:14:30.443 30024 30024 E ArmVmp : Match on catch block at 0xc3 in for 0xa5
04-06 14:14:30.445 30024 30024 E ArmVmp : Match on catch block at 0xc3 in for 0xa9
04-06 14:14:30.448 30024 30024 E ArmVmp : Match on catch block at 0xc3 in for 0xa9
04-06 14:14:30.593 30024 30024 E ArmVmp : Match on catch block at 0xc3 in for 0xa1
04-06 14:14:30.595 30024 30024 E ArmVmp : Match on catch block at 0xc3 in for 0xa5
04-06 14:14:30.597 30024 30024 E ArmVmp : Match on catch block at 0xc3 in for 0xa5
04-06 14:14:30.710 30024 30024 E ArmVmp : Match on catch block at 0xc3 in for 0xa9
04-06 14:14:30.713 30024 30024 E ArmVmp : Match on catch block at 0xc3 in for 0xa1
04-06 14:14:30.719 30024 30024 E ArmVmp : Match on catch block at 0xc3 in for 0xa1
04-06 14:14:30.859 30024 30024 E ArmVmp : Match on catch block at 0xc3 in for 0xa5
04-06 14:14:30.862 30024 30024 E ArmVmp : Match on catch block at 0xc3 in for 0xa9
04-06 14:14:30.864 30024 30024 E ArmVmp : Match on catch block at 0xc3 in for 0xa9
04-06 14:14:30.879 30024 30024 E ArmVmp : Match on catch block at 0xc3 in for 0xa1
04-06 14:14:30.884 30024 30024 E ArmVmp : Match on catch block at 0xc3 in for 0xa5
04-06 14:14:30.888 30024 30024 E ArmVmp : Match on catch block at 0xc3 in for 0xa5
04-06 14:14:30.897 30024 30024 E ArmVmp : Match on catch block at 0xc3 in for 0xa9
04-06 14:14:30.901 30024 30024 E ArmVmp : Match on catch block at 0xc3 in for 0xa1
04-06 14:14:30.905 30024 30024 E ArmVmp : Match on catch block at 0xc3 in for 0xa1
04-06 14:14:30.915 30024 30024 E ArmVmp : Match on catch block at 0xc3 in for 0xa5
04-06 14:14:30.921 30024 30024 E ArmVmp : Match on catch block at 0xc3 in for 0xa9
04-06 14:14:30.924 30024 30024 E ArmVmp : Match on catch block at 0xc3 in for 0xa9
04-06 14:14:30.931 30024 30024 E ArmVmp : Match on catch block at 0xc3 in for 0xa1
04-06 14:14:30.936 30024 30024 E ArmVmp : Match on catch block at 0xc3 in for 0xa5
04-06 14:14:30.939 30024 30024 E ArmVmp : Match on catch block at 0xc3 in for 0xa5
04-06 14:14:30.947 30024 30024 E ArmVmp : Match on catch block at 0xc3 in for 0xa9
04-06 14:14:30.952 30024 30024 E ArmVmp : Match on catch block at 0xc3 in for 0xa1
04-06 14:14:30.955 30024 30024 E ArmVmp : Match on catch block at 0xc3 in for 0xa1
04-06 14:14:30.963 30024 30024 E ArmVmp : Match on catch block at 0xc3 in for 0xa5
04-06 14:14:30.968 30024 30024 E ArmVmp : Match on catch block at 0xc3 in for 0xa9
04-06 14:14:30.972 30024 30024 E ArmVmp : Match on catch block at 0xc3 in for 0xa9
04-06 14:14:30.979 30024 30024 E ArmVmp : Match on catch block at 0xc3 in for 0xa1
04-06 14:14:30.983 30024 30024 E ArmVmp : Match on catch block at 0xc3 in for 0xa5
04-06 14:14:30.986 30024 30024 E ArmVmp : Match on catch block at 0xc3 in for 0xa5
04-06 14:14:30.993 30024 30024 E ArmVmp : Match on catch block at 0xc3 in for 0xa9
04-06 14:14:30.999 30024 30024 E ArmVmp : Match on catch block at 0xc3 in for 0xa1
04-06 14:14:31.002 30024 30024 E ArmVmp : Match on catch block at 0xc3 in for 0xa1
04-06 14:14:31.010 30024 30024 E ArmVmp : Match on catch block at 0xc3 in for 0xa5
04-06 14:14:31.013 30024 30024 E ArmVmp : Match on catch block at 0xc3 in for 0xa9
04-06 14:14:31.017 30024 30024 E ArmVmp : Match on catch block at 0xc3 in for 0xa9
04-06 14:14:31.027 30024 30024 E ArmVmp : Match on catch block at 0xc3 in for 0xa1
04-06 14:14:31.031 30024 30024 E ArmVmp : Match on catch block at 0xc3 in for 0xa5
04-06 14:14:31.035 30024 30024 E ArmVmp : Match on catch block at 0xc3 in for 0xa5
04-06 14:14:31.044 30024 30024 E ArmVmp : Match on catch block at 0xc3 in for 0xa9
04-06 14:14:31.048 30024 30024 E ArmVmp : Match on catch block at 0xc3 in for 0xa1
04-06 14:14:31.053 30024 30024 E ArmVmp : Match on catch block at 0xc3 in for 0xa1
04-06 14:14:31.060 30024 30024 E ArmVmp : Match on catch block at 0xc3 in for 0xa5
04-06 14:14:31.063 30024 30024 E ArmVmp : Match on catch block at 0xc3 in for 0xa9
04-06 14:14:31.068 30024 30024 E ArmVmp : Match on catch block at 0xc3 in for 0xa9
04-06 14:14:31.079 30024 30024 E ArmVmp : Match on catch block at 0xc3 in for 0xa1
04-06 14:14:31.084 30024 30024 E ArmVmp : Match on catch block at 0xc3 in for 0xa5
04-06 14:14:31.087 30024 30024 E ArmVmp : Match on catch block at 0xc3 in for 0xa5
04-06 14:14:31.096 30024 30024 E ArmVmp : Match on catch block at 0xc3 in for 0xa9
04-06 14:14:31.101 30024 30024 E ArmVmp : Match on catch block at 0xc3 in for 0xa1
04-06 14:14:31.105 30024 30024 E ArmVmp : Match on catch block at 0xc3 in for 0xa1
04-06 14:14:31.113 30024 30024 E ArmVmp : Match on catch block at 0xc3 in for 0xa5
04-06 14:14:31.118 30024 30024 E ArmVmp : Match on catch block at 0xc3 in for 0xa9
04-06 14:14:31.120 30024 30024 E ArmVmp : Match on catch block at 0xc3 in for 0xa9
04-06 14:14:31.128 30024 30024 E ArmVmp : Match on catch block at 0xc3 in for 0xa1
04-06 14:14:31.134 30024 30024 E ArmVmp : Match on catch block at 0xc3 in for 0xa5
04-06 14:14:31.137 30024 30024 E ArmVmp : Match on catch block at 0xc3 in for 0xa5
04-06 14:14:31.143 30024 30024 E ArmVmp : Match on catch block at 0xc3 in for 0xa9
04-06 14:14:31.146 30024 30024 E ArmVmp : Match on catch block at 0xc3 in for 0xa1
04-06 14:14:31.149 30024 30024 E ArmVmp : Match on catch block at 0xc3 in for 0xa1
04-06 14:14:31.161 30024 30024 E ArmVmp : Match on catch block at 0xc3 in for 0xa5
04-06 14:14:31.165 30024 30024 E ArmVmp : Match on catch block at 0xc3 in for 0xa9
04-06 14:14:31.169 30024 30024 E ArmVmp : Match on catch block at 0xc3 in for 0xa9
04-06 14:14:31.177 30024 30024 E ArmVmp : Match on catch block at 0xc3 in for 0xa1
04-06 14:14:31.181 30024 30024 E ArmVmp : Match on catch block at 0xc3 in for 0xa5
04-06 14:14:31.186 30024 30024 E ArmVmp : Match on catch block at 0xc3 in for 0xa5
04-06 14:14:31.193 30024 30024 E ArmVmp : Match on catch block at 0xc3 in for 0xa9
04-06 14:14:31.197 30024 30024 E ArmVmp : Match on catch block at 0xc3 in for 0xa1
04-06 14:14:31.200 30024 30024 E ArmVmp : Match on catch block at 0xc3 in for 0xa1
04-06 14:14:31.211 30024 30024 E ArmVmp : Match on catch block at 0xc3 in for 0xa5
04-06 14:14:31.215 30024 30024 E ArmVmp : Match on catch block at 0xc3 in for 0xa9
04-06 14:14:31.219 30024 30024 E ArmVmp : Match on catch block at 0xc3 in for 0xa9
04-06 14:14:31.227 30024 30024 E ArmVmp : Match on catch block at 0xc3 in for 0xa1
04-06 14:14:31.231 30024 30024 E ArmVmp : Match on catch block at 0xc3 in for 0xa5
04-06 14:14:31.235 30024 30024 E ArmVmp : Match on catch block at 0xc3 in for 0xa5
04-06 14:14:31.246 30024 30024 E ArmVmp : Match on catch block at 0xc3 in for 0xa9
04-06 14:14:31.251 30024 30024 E ArmVmp : Match on catch block at 0xc3 in for 0xa1
04-06 14:14:31.253 30024 30024 E ArmVmp : Match on catch block at 0xc3 in for 0xa1
04-06 14:14:31.261 30024 30024 E ArmVmp : Match on catch block at 0xc3 in for 0xa5
04-06 14:14:31.265 30024 30024 E ArmVmp : Match on catch block at 0xc3 in for 0xa9
04-06 14:14:31.269 30024 30024 E ArmVmp : Match on catch block at 0xc3 in for 0xa9
04-06 14:14:31.360 30024 30024 E ArmVmp : Match on catch block at 0xc3 in for 0xa1
04-06 14:14:31.363 30024 30024 E ArmVmp : Match on catch block at 0xc3 in for 0xa5
04-06 14:14:31.367 30024 30024 E ArmVmp : Match on catch block at 0xc3 in for 0xa5
04-06 14:14:31.543 30024 30024 E ArmVmp : Match on catch block at 0xc3 in for 0xa9
04-06 14:14:31.546 30024 30024 E ArmVmp : Match on catch block at 0xc3 in for 0xa1
04-06 14:14:31.549 30024 30024 E ArmVmp : Match on catch block at 0xc3 in for 0xa1
04-06 14:14:31.564 30024 30024 E ArmVmp : Match on catch block at 0xc3 in for 0xa9
04-06 14:14:31.567 30024 30024 E ArmVmp : Match on catch block at 0xc3 in for 0xa1
04-06 14:14:31.570 30024 30024 E ArmVmp : Match on catch block at 0xc3 in for 0xa1
04-06 14:14:31.593 30024 30024 E GraphicExt:
GraphicExtModuleLoader::CreateGraphicExtInstance false
04-06 14:14:31.622 30024 30024 E ArmVmp : Match on catch block at 0xc3 in for 0xa5
04-06 14:14:31.625 30024 30024 E ArmVmp : Match on catch block at 0xc3 in for 0xa9
04-06 14:14:31.627 30024 30024 E ArmVmp : Match on catch block at 0xc3 in for 0xa9
04-06 14:14:31.650 30024 30024 E ArmVmp : Match on catch block at 0xc3 in for 0xa1
04-06 14:14:31.655 30024 30024 E ArmVmp : Match on catch block at 0xc3 in for 0xa5
04-06 14:14:31.659 30024 30024 E ArmVmp : Match on catch block at 0xc3 in for 0xa5
04-06 14:14:32.047 30024 30024 E ArmVmp : Match on catch block at 0xc3 in for 0xa9
04-06 14:14:32.051 30024 30024 E ArmVmp : Match on catch block at 0xc3 in for 0xa1
04-06 14:14:32.054 30024 30024 E ArmVmp : Match on catch block at 0xc3 in for 0xa1
04-06 14:14:32.226 30024 30024 E ArmVmp : Match on catch block at 0xc3 in for 0xa9
04-06 14:14:32.227 30024 30024 E ArmVmp : Match on catch block at 0xc3 in for 0xa1
04-06 14:14:32.229 30024 30024 E ArmVmp : Match on catch block at 0xc3 in for 0xa1
04-06 14:14:32.246 30024 30024 E GraphicExt:
GraphicExtModuleLoader::CreateGraphicExtInstance false
04-06 14:14:32.259 30024 30024 E ArmVmp : Match on catch block at 0xc3 in for 0xa5
04-06 14:14:32.263 30024 30024 E ArmVmp : Match on catch block at 0xc3 in for 0xa9
04-06 14:14:32.266 30024 30024 E ArmVmp : Match on catch block at 0xc3 in for 0xa9
04-06 14:14:32.285 30024 30024 E ArmVmp : Match on catch block at 0xc3 in for 0xa1
04-06 14:14:32.289 30024 30024 E ArmVmp : Match on catch block at 0xc3 in for 0xa5
04-06 14:14:32.292 30024 30024 E ArmVmp : Match on catch block at 0xc3 in for 0xa5
04-06 14:14:32.731 30024 30024 E ArmVmp : Match on catch block at 0xc3 in for 0xa9
04-06 14:14:32.735 30024 30024 E ArmVmp : Match on catch block at 0xc3 in for 0xa1
04-06 14:14:32.739 30024 30024 E ArmVmp : Match on catch block at 0xc3 in for 0xa1
04-06 14:14:32.826 30024 30024 E ArmVmp : Match on catch block at 0xc3 in for 0xa5
04-06 14:14:32.828 30024 30024 E ArmVmp : Match on catch block at 0xc3 in for 0xa9
04-06 14:14:32.830 30024 30024 E ArmVmp : Match on catch block at 0xc3 in for 0xa9
04-06 14:14:32.910 30024 30024 E ArmVmp : Match on catch block at 0xc3 in for 0xa1
04-06 14:14:32.913 30024 30024 E ArmVmp : Match on catch block at 0xc3 in for 0xa5
04-06 14:14:32.915 30024 30024 E ArmVmp : Match on catch block at 0xc3 in for 0xa5
04-06 14:14:33.110 30024 30024 E ArmVmp : Match on catch block at 0xc3 in for 0xa9
04-06 14:14:33.113 30024 30024 E ArmVmp : Match on catch block at 0xc3 in for 0xa1
04-06 14:14:33.115 30024 30024 E ArmVmp : Match on catch block at 0xc3 in for 0xa1
04-06 14:14:33.293 30024 30024 E ArmVmp : Match on catch block at 0xc3 in for 0xa5
04-06 14:14:33.296 30024 30024 E ArmVmp : Match on catch block at 0xc3 in for 0xa9
04-06 14:14:33.298 30024 30024 E ArmVmp : Match on catch block at 0xc3 in for 0xa9
04-06 14:14:33.312 30024 30024 E ArmVmp : Match on catch block at 0xc3 in for 0xa1
04-06 14:14:33.315 30024 30024 E ArmVmp : Match on catch block at 0xc3 in for 0xa5
04-06 14:14:33.320 30024 30024 E ArmVmp : Match on catch block at 0xc3 in for 0xa5
04-06 14:14:33.510 30024 30024 E ArmVmp : Match on catch block at 0xc3 in for 0xa9
04-06 14:14:33.513 30024 30024 E ArmVmp : Match on catch block at 0xc3 in for 0xa1
04-06 14:14:33.517 30024 30024 E ArmVmp : Match on catch block at 0xc3 in for 0xa1
04-06 14:14:33.677 30024 30024 E ArmVmp : Match on catch block at 0xc3 in for 0xa5
04-06 14:14:33.681 30024 30024 E ArmVmp : Match on catch block at 0xc3 in for 0xa9
04-06 14:14:33.683 30024 30024 E ArmVmp : Match on catch block at 0xc3 in for 0xa9
04-06 14:14:33.860 30024 30024 E ArmVmp : Match on catch block at 0xc3 in for 0xa1
04-06 14:14:33.863 30024 30024 E ArmVmp : Match on catch block at 0xc3 in for 0xa5
04-06 14:14:33.866 30024 30024 E ArmVmp : Match on catch block at 0xc3 in for 0xa5
04-06 14:14:33.877 30024 30024 E ArmVmp : Match on catch block at 0xc3 in for 0xa9
04-06 14:14:33.883 30024 30024 E ArmVmp : Match on catch block at 0xc3 in for 0xa1
04-06 14:14:33.888 30024 30024 E ArmVmp : Match on catch block at 0xc3 in for 0xa1
04-06 14:14:33.907 30024 30024 E ArmVmp : Match on catch block at 0xc3 in for 0xa5
04-06 14:14:33.911 30024 30024 E ArmVmp : Match on catch block at 0xc3 in for 0xa9
04-06 14:14:33.915 30024 30024 E ArmVmp : Match on catch block at 0xc3 in for 0xa9
04-06 14:14:33.928 30024 30024 E ArmVmp : Match on catch block at 0xc3 in for 0xa1
04-06 14:14:33.932 30024 30024 E ArmVmp : Match on catch block at 0xc3 in for 0xa5
04-06 14:14:33.936 30024 30024 E ArmVmp : Match on catch block at 0xc3 in for 0xa5
04-06 14:14:33.944 30024 30024 E ArmVmp : Match on catch block at 0xc3 in for 0xa9
04-06 14:14:33.949 30024 30024 E ArmVmp : Match on catch block at 0xc3 in for 0xa1
04-06 14:14:33.952 30024 30024 E ArmVmp : Match on catch block at 0xc3 in for 0xa1
04-06 14:14:33.960 30024 30024 E ArmVmp : Match on catch block at 0xc3 in for 0xa5
04-06 14:14:33.963 30024 30024 E ArmVmp : Match on catch block at 0xc3 in for 0xa9
04-06 14:14:33.965 30024 30024 E ArmVmp : Match on catch block at 0xc3 in for 0xa9
04-06 14:14:33.977 30024 30024 E ArmVmp : Match on catch block at 0xc3 in for 0xa1
04-06 14:14:33.980 30024 30024 E ArmVmp : Match on catch block at 0xc3 in for 0xa5
04-06 14:14:33.982 30024 30024 E ArmVmp : Match on catch block at 0xc3 in for 0xa5
04-06 14:14:33.993 30024 30024 E ArmVmp : Match on catch block at 0xc3 in for 0xa9
04-06 14:14:33.996 30024 30024 E ArmVmp : Match on catch block at 0xc3 in for 0xa1
04-06 14:14:33.999 30024 30024 E ArmVmp : Match on catch block at 0xc3 in for 0xa1
04-06 14:14:34.010 30024 30024 E ArmVmp : Match on catch block at 0xc3 in for 0xa5
04-06 14:14:34.013 30024 30024 E ArmVmp : Match on catch block at 0xc3 in for 0xa9
04-06 14:14:34.016 30024 30024 E ArmVmp : Match on catch block at 0xc3 in for 0xa9
04-06 14:14:34.027 30024 30024 E ArmVmp : Match on catch block at 0xc3 in for 0xa1
04-06 14:14:34.029 30024 30024 E ArmVmp : Match on catch block at 0xc3 in for 0xa5
04-06 14:14:34.032 30024 30024 E ArmVmp : Match on catch block at 0xc3 in for 0xa5
04-06 14:14:34.044 30024 30024 E ArmVmp : Match on catch block at 0xc3 in for 0xa9
04-06 14:14:34.047 30024 30024 E ArmVmp : Match on catch block at 0xc3 in for 0xa1
04-06 14:14:34.049 30024 30024 E ArmVmp : Match on catch block at 0xc3 in for 0xa1
04-06 14:14:34.060 30024 30024 E ArmVmp : Match on catch block at 0xc3 in for 0xa5
04-06 14:14:34.063 30024 30024 E ArmVmp : Match on catch block at 0xc3 in for 0xa9
04-06 14:14:34.065 30024 30024 E ArmVmp : Match on catch block at 0xc3 in for 0xa9
04-06 14:14:34.077 30024 30024 E ArmVmp : Match on catch block at 0xc3 in for 0xa1
04-06 14:14:34.080 30024 30024 E ArmVmp : Match on catch block at 0xc3 in for 0xa5
04-06 14:14:34.083 30024 30024 E ArmVmp : Match on catch block at 0xc3 in for 0xa5
04-06 14:14:34.094 30024 30024 E ArmVmp : Match on catch block at 0xc3 in for 0xa9
04-06 14:14:34.098 30024 30024 E ArmVmp : Match on catch block at 0xc3 in for 0xa1
04-06 14:14:34.103 30024 30024 E ArmVmp : Match on catch block at 0xc3 in for 0xa1
04-06 14:14:34.111 30024 30024 E ArmVmp : Match on catch block at 0xc3 in for 0xa5
04-06 14:14:34.114 30024 30024 E ArmVmp : Match on catch block at 0xc3 in for 0xa9
04-06 14:14:34.116 30024 30024 E ArmVmp : Match on catch block at 0xc3 in for 0xa9
04-06 14:14:34.248 30024 30024 E ArmVmp : Match on catch block at 0xc3 in for 0xa1
04-06 14:14:34.258 30024 30024 E ArmVmp : Match on catch block at 0xc3 in for 0xa5
04-06 14:14:34.264 30024 30024 E ArmVmp : Match on catch block at 0xc3 in for 0xa5
04-06 14:14:34.410 30024 30024 E ArmVmp : Match on catch block at 0xc3 in for 0xa9
04-06 14:14:34.413 30024 30024 E ArmVmp : Match on catch block at 0xc3 in for 0xa1
04-06 14:14:34.415 30024 30024 E ArmVmp : Match on catch block at 0xc3 in for 0xa1
04-06 14:14:34.443 30024 30024 E ArmVmp : Match on catch block at 0xc3 in for 0xa5
04-06 14:14:34.446 30024 30024 E ArmVmp : Match on catch block at 0xc3 in for 0xa9
04-06 14:14:34.448 30024 30024 E ArmVmp : Match on catch block at 0xc3 in for 0xa9
04-06 14:14:34.559 30024 30024 E ArmVmp : Match on catch block at 0xc3 in for 0xa1
04-06 14:14:34.562 30024 30024 E ArmVmp : Match on catch block at 0xc3 in for 0xa5
04-06 14:14:34.564 30024 30024 E ArmVmp : Match on catch block at 0xc3 in for 0xa5
04-06 14:14:34.643 30024 30024 E ArmVmp : Match on catch block at 0xc3 in for 0xa9
04-06 14:14:34.645 30024 30024 E ArmVmp : Match on catch block at 0xc3 in for 0xa1
04-06 14:14:34.646 30024 30024 E ArmVmp : Match on catch block at 0xc3 in for 0xa1
04-06 14:14:34.843 30024 30024 E ArmVmp : Match on catch block at 0xc3 in for 0xa5
04-06 14:14:34.847 30024 30024 E ArmVmp : Match on catch block at 0xc3 in for 0xa9
04-06 14:14:34.943 30024 30024 E ArmVmp : Match on catch block at 0xc3 in for 0xa9
04-06 14:14:34.946 30024 30024 E ArmVmp : Match on catch block at 0xc3 in for 0xa1
04-06 14:14:34.948 30024 30024 E ArmVmp : Match on catch block at 0xc3 in for 0xa1
04-06 14:14:34.961 30024 30024 E ArmVmp : Match on catch block at 0xc3 in for 0xa5
04-06 14:14:34.964 30024 30024 E ArmVmp : Match on catch block at 0xc3 in for 0xa9
04-06 14:14:34.966 30024 30024 E ArmVmp : Match on catch block at 0xc3 in for 0xa9
04-06 14:14:34.979 30024 30024 E ArmVmp : Match on catch block at 0xc3 in for 0xa1
04-06 14:14:34.983 30024 30024 E ArmVmp : Match on catch block at 0xc3 in for 0xa5
04-06 14:14:34.987 30024 30024 E ArmVmp : Match on catch block at 0xc3 in for 0xa5
04-06 14:14:34.995 30024 30024 E ArmVmp : Match on catch block at 0xc3 in for 0xa9
04-06 14:14:35.000 30024 30024 E ArmVmp : Match on catch block at 0xc3 in for 0xa1
04-06 14:14:35.003 30024 30024 E ArmVmp : Match on catch block at 0xc3 in for 0xa1
04-06 14:14:35.012 30024 30024 E ArmVmp : Match on catch block at 0xc3 in for 0xa5
04-06 14:14:35.016 30024 30024 E ArmVmp : Match on catch block at 0xc3 in for 0xa9
04-06 14:14:35.020 30024 30024 E ArmVmp : Match on catch block at 0xc3 in for 0xa9
04-06 14:14:35.029 30024 30024 E ArmVmp : Match on catch block at 0xc3 in for 0xa1
04-06 14:14:35.035 30024 30024 E ArmVmp : Match on catch block at 0xc3 in for 0xa5
04-06 14:14:35.038 30024 30024 E ArmVmp : Match on catch block at 0xc3 in for 0xa5
04-06 14:14:35.045 30024 30024 E ArmVmp : Match on catch block at 0xc3 in for 0xa9
04-06 14:14:35.049 30024 30024 E ArmVmp : Match on catch block at 0xc3 in for 0xa1
04-06 14:14:35.054 30024 30024 E ArmVmp : Match on catch block at 0xc3 in for 0xa1
04-06 14:14:35.062 30024 30024 E ArmVmp : Match on catch block at 0xc3 in for 0xa5
04-06 14:14:35.068 30024 30024 E ArmVmp : Match on catch block at 0xc3 in for 0xa9
04-06 14:14:35.071 30024 30024 E ArmVmp : Match on catch block at 0xc3 in for 0xa9
04-06 14:14:35.080 30024 30024 E ArmVmp : Match on catch block at 0xc3 in for 0xa1
04-06 14:14:35.087 30024 30024 E ArmVmp : Match on catch block at 0xc3 in for 0xa5
04-06 14:14:35.091 30024 30024 E ArmVmp : Match on catch block at 0xc3 in for 0xa5
04-06 14:14:35.099 30024 30024 E ArmVmp : Match on catch block at 0xc3 in for 0xa9
04-06 14:14:35.102 30024 30024 E ArmVmp : Match on catch block at 0xc3 in for 0xa1
04-06 14:14:35.106 30024 30024 E ArmVmp : Match on catch block at 0xc3 in for 0xa1
04-06 14:14:35.114 30024 30024 E ArmVmp : Match on catch block at 0xc3 in for 0xa5
04-06 14:14:35.118 30024 30024 E ArmVmp : Match on catch block at 0xc3 in for 0xa9
04-06 14:14:35.122 30024 30024 E ArmVmp : Match on catch block at 0xc3 in for 0xa9
04-06 14:14:35.130 30024 30024 E ArmVmp : Match on catch block at 0xc3 in for 0xa1
04-06 14:14:35.134 30024 30024 E ArmVmp : Match on catch block at 0xc3 in for 0xa5
04-06 14:14:35.137 30024 30024 E ArmVmp : Match on catch block at 0xc3 in for 0xa5
04-06 14:14:35.143 30024 30024 E ArmVmp : Match on catch block at 0xc3 in for 0xa9
04-06 14:14:35.147 30024 30024 E ArmVmp : Match on catch block at 0xc3 in for 0xa1
04-06 14:14:35.151 30024 30024 E ArmVmp : Match on catch block at 0xc3 in for 0xa1
04-06 14:14:35.162 30024 30024 E ArmVmp : Match on catch block at 0xc3 in for 0xa5
04-06 14:14:35.167 30024 30024 E ArmVmp : Match on catch block at 0xc3 in for 0xa9
04-06 14:14:35.171 30024 30024 E ArmVmp : Match on catch block at 0xc3 in for 0xa9
04-06 14:14:35.178 30024 30024 E ArmVmp : Match on catch block at 0xc3 in for 0xa1
04-06 14:14:35.181 30024 30024 E ArmVmp : Match on catch block at 0xc3 in for 0xa5
04-06 14:14:35.187 30024 30024 E ArmVmp : Match on catch block at 0xc3 in for 0xa5
04-06 14:14:35.195 30024 30024 E ArmVmp : Match on catch block at 0xc3 in for 0xa9
04-06 14:14:35.199 30024 30024 E ArmVmp : Match on catch block at 0xc3 in for 0xa1
04-06 14:14:35.203 30024 30024 E ArmVmp : Match on catch block at 0xc3 in for 0xa1
04-06 14:14:35.212 30024 30024 E ArmVmp : Match on catch block at 0xc3 in for 0xa5
04-06 14:14:35.217 30024 30024 E ArmVmp : Match on catch block at 0xc3 in for 0xa9
04-06 14:14:35.222 30024 30024 E ArmVmp : Match on catch block at 0xc3 in for 0xa9
04-06 14:14:35.232 30024 30024 E ArmVmp : Match on catch block at 0xc3 in for 0xa1
04-06 14:14:35.236 30024 30024 E ArmVmp : Match on catch block at 0xc3 in for 0xa5
04-06 14:14:35.240 30024 30024 E ArmVmp : Match on catch block at 0xc3 in for 0xa5
04-06 14:14:35.247 30024 30024 E ArmVmp : Match on catch block at 0xc3 in for 0xa9
04-06 14:14:35.253 30024 30024 E ArmVmp : Match on catch block at 0xc3 in for 0xa1
04-06 14:14:35.256 30024 30024 E ArmVmp : Match on catch block at 0xc3 in for 0xa1
04-06 14:14:35.263 30024 30024 E ArmVmp : Match on catch block at 0xc3 in for 0xa5
04-06 14:14:35.267 30024 30024 E ArmVmp : Match on catch block at 0xc3 in for 0xa9
04-06 14:14:35.270 30024 30024 E ArmVmp : Match on catch block at 0xc3 in for 0xa9
04-06 14:14:35.277 30024 30024 E ArmVmp : Match on catch block at 0xc3 in for 0xa1
04-06 14:14:35.281 30024 30024 E ArmVmp : Match on catch block at 0xc3 in for 0xa5
04-06 14:14:35.285 30024 30024 E ArmVmp : Match on catch block at 0xc3 in for 0xa5
04-06 14:14:35.294 30024 30024 E ArmVmp : Match on catch block at 0xc3 in for 0xa9
04-06 14:14:35.297 30024 30024 E ArmVmp : Match on catch block at 0xc3 in for 0xa1
04-06 14:14:35.300 30024 30024 E ArmVmp : Match on catch block at 0xc3 in for 0xa1
04-06 14:14:35.311 30024 30024 E ArmVmp : Match on catch block at 0xc3 in for 0xa5
04-06 14:14:35.315 30024 30024 E ArmVmp : Match on catch block at 0xc3 in for 0xa9
04-06 14:14:35.318 30024 30024 E ArmVmp : Match on catch block at 0xc3 in for 0xa9
04-06 14:14:35.329 30024 30024 E ArmVmp : Match on catch block at 0xc3 in for 0xa1
04-06 14:14:35.334 30024 30024 E ArmVmp : Match on catch block at 0xc3 in for 0xa5
04-06 14:14:35.337 30024 30024 E ArmVmp : Match on catch block at 0xc3 in for 0xa5
04-06 14:14:35.344 30024 30024 E ArmVmp : Match on catch block at 0xc3 in for 0xa9
04-06 14:14:35.349 30024 30024 E ArmVmp : Match on catch block at 0xc3 in for 0xa1
04-06 14:14:35.353 30024 30024 E ArmVmp : Match on catch block at 0xc3 in for 0xa1
04-06 14:14:35.444 30024 30024 E ArmVmp : Match on catch block at 0xc3 in for 0xa5
04-06 14:14:35.447 30024 30024 E ArmVmp : Match on catch block at 0xc3 in for 0xa9
04-06 14:14:35.450 30024 30024 E ArmVmp : Match on catch block at 0xc3 in for 0xa9
04-06 14:14:35.686 30024 30024 E ArmVmp : Match on catch block at 0xc3 in for 0xa1
04-06 14:14:35.688 30024 30024 E ArmVmp : Match on catch block at 0xc3 in for 0xa5
04-06 14:14:35.689 30024 30024 E ArmVmp : Match on catch block at 0xc3 in for 0xa5
04-06 14:14:35.695 30024 30024 E ArmVmp : Match on catch block at 0xc3 in for 0xa9
04-06 14:14:35.697 30024 30024 E ArmVmp : Match on catch block at 0xc3 in for 0xa1
04-06 14:14:35.698 30024 30024 E ArmVmp : Match on catch block at 0xc3 in for 0xa1
04-06 14:14:35.911 30024 30024 E ArmVmp : Match on catch block at 0xc3 in for 0xa5
04-06 14:14:35.914 30024 30024 E ArmVmp : Match on catch block at 0xc3 in for 0xa9
04-06 14:14:35.918 30024 30024 E ArmVmp : Match on catch block at 0xc3 in for 0xa9
04-06 14:14:36.129 30024 30024 E ArmVmp : Match on catch block at 0xc3 in for 0xa1
04-06 14:14:36.132 30024 30024 E ArmVmp : Match on catch block at 0xc3 in for 0xa5
04-06 14:14:36.137 30024 30024 E ArmVmp : Match on catch block at 0xc3 in for 0xa5
04-06 14:14:36.193 30024 30024 E ArmVmp : Match on catch block at 0xc3 in for 0xa9
04-06 14:14:36.197 30024 30024 E ArmVmp : Match on catch block at 0xc3 in for 0xa1
04-06 14:14:36.198 30024 30024 E ArmVmp : Match on catch block at 0xc3 in for 0xa1
04-06 14:14:36.393 30024 30024 E ArmVmp : Match on catch block at 0xc3 in for 0xa5
04-06 14:14:36.397 30024 30024 E ArmVmp : Match on catch block at 0xc3 in for 0xa9
04-06 14:14:36.399 30024 30024 E ArmVmp : Match on catch block at 0xc3 in for 0xa9
04-06 14:14:36.776 30024 30024 E ArmVmp : Match on catch block at 0xc3 in for 0xa1
04-06 14:14:36.778 30024 30024 E ArmVmp : Match on catch block at 0xc3 in for 0xa5
04-06 14:14:36.780 30024 30024 E ArmVmp : Match on catch block at 0xc3 in for 0xa5
04-06 14:14:37.076 30024 30024 E ArmVmp : Match on catch block at 0xc3 in for 0xa9
04-06 14:14:37.077 30024 30024 E ArmVmp : Match on catch block at 0xc3 in for 0xa1
04-06 14:14:37.079 30024 30024 E ArmVmp : Match on catch block at 0xc3 in for 0xa1
04-06 14:14:37.110 30024 30024 E ArmVmp : Match on catch block at 0xc3 in for 0xa9
04-06 14:14:37.113 30024 30024 E ArmVmp : Match on catch block at 0xc3 in for 0xa1
04-06 14:14:37.116 30024 30024 E ArmVmp : Match on catch block at 0xc3 in for 0xa1
04-06 14:14:37.140 30024 30024 E ArmVmp : Match on catch block at 0xc3 in for 0xa5
04-06 14:14:37.143 30024 30024 E ArmVmp : Match on catch block at 0xc3 in for 0xa9
04-06 14:14:37.155 30024 30024 E ArmVmp : Match on catch block at 0xc3 in for 0xa5
04-06 14:14:37.159 30024 30024 E ArmVmp : Match on catch block at 0xc3 in for 0xa9
04-06 14:14:37.178 30024 30024 E ArmVmp : Match on catch block at 0xc3 in for 0xa5
04-06 14:14:37.182 30024 30024 E ArmVmp : Match on catch block at 0xc3 in for 0xa9
04-06 14:14:37.228 30024 30024 E ArmVmp : Match on catch block at 0xc3 in for 0xa5
04-06 14:14:37.230 30024 30024 E ArmVmp : Match on catch block at 0xc3 in for 0xa9
04-06 14:14:37.247 30024 30024 E ArmVmp : Match on catch block at 0xc3 in for 0xa9
04-06 14:14:37.249 30024 30024 E ArmVmp : Match on catch block at 0xc3 in for 0xa1
04-06 14:14:37.265 30024 30024 E ArmVmp : Match on catch block at 0xc3 in for 0xa5
04-06 14:14:37.269 30024 30024 E ArmVmp : Match on catch block at 0xc3 in for 0xa9
04-06 14:14:37.277 30024 30024 E ArmVmp : Match on catch block at 0xc3 in for 0xa5
04-06 14:14:37.281 30024 30024 E ArmVmp : Match on catch block at 0xc3 in for 0xa9
04-06 14:14:37.294 30024 30024 E ArmVmp : Match on catch block at 0xc3 in for 0xa5
04-06 14:14:37.298 30024 30024 E ArmVmp : Match on catch block at 0xc3 in for 0xa9
04-06 14:14:37.464 30024 30024 E ArmVmp : Match on catch block at 0xc3 in for 0xa5
04-06 14:14:37.467 30024 30024 E ArmVmp : Match on catch block at 0xc3 in for 0xa9
04-06 14:14:37.473 30024 30093 W MediaPlayer: Use of stream types is deprecated for
operations other than volume control
04-06 14:14:37.473 30024 30093 W MediaPlayer: See the documentation of
setAudioStreamType() for what to use instead with android.media.AudioAttributes to
qualify your playback use case
04-06 14:14:37.483 30024 30024 E ArmVmp : Match on catch block at 0xc3 in for 0xa1
04-06 14:14:37.488 30024 30024 E ArmVmp : Match on catch block at 0xc3 in for 0xa5
04-06 14:14:37.597 30024 30024 E ArmVmp : Match on catch block at 0xc3 in for 0xa9
04-06 14:14:37.602 30024 30024 E ArmVmp : Match on catch block at 0xc3 in for 0xa1
04-06 14:14:38.095 30024 30024 E ArmVmp : Match on catch block at 0xc3 in for 0xa9
04-06 14:14:38.098 30024 30024 E ArmVmp : Match on catch block at 0xc3 in for 0xa1
04-06 14:14:38.597 30024 30024 E ArmVmp : Match on catch block at 0xc3 in for 0xa9
04-06 14:14:38.601 30024 30024 E ArmVmp : Match on catch block at 0xc3 in for 0xa1
04-06 14:14:39.078 30024 30024 E ArmVmp : Match on catch block at 0xc3 in for 0xa9
04-06 14:14:39.081 30024 30024 E ArmVmp : Match on catch block at 0xc3 in for 0xa1
04-06 14:14:39.097 30024 30024 E ArmVmp : Match on catch block at 0xc3 in for 0xa9
04-06 14:14:39.100 30024 30024 E ArmVmp : Match on catch block at 0xc3 in for 0xa1
04-06 14:14:39.111 30024 30024 E ArmVmp : Match on catch block at 0xc3 in for 0xa9
04-06 14:14:39.114 30024 30024 E ArmVmp : Match on catch block at 0xc3 in for 0xa1
04-06 14:14:39.129 30024 30024 E ArmVmp : Match on catch block at 0xc3 in for 0xa9
04-06 14:14:39.133 30024 30024 E ArmVmp : Match on catch block at 0xc3 in for 0xa1
04-06 14:14:39.144 30024 30024 E ArmVmp : Match on catch block at 0xc3 in for 0xa9
04-06 14:14:39.149 30024 30024 E ArmVmp : Match on catch block at 0xc3 in for 0xa1
04-06 14:14:39.161 30024 30024 E ArmVmp : Match on catch block at 0xc3 in for 0xa9
04-06 14:14:39.164 30024 30024 E ArmVmp : Match on catch block at 0xc3 in for 0xa1
04-06 14:14:39.179 30024 30024 E ArmVmp : Match on catch block at 0xc3 in for 0xa9
04-06 14:14:39.183 30024 30024 E ArmVmp : Match on catch block at 0xc3 in for 0xa1
04-06 14:14:39.194 30024 30024 E ArmVmp : Match on catch block at 0xc3 in for 0xa9
04-06 14:14:39.197 30024 30024 E ArmVmp : Match on catch block at 0xc3 in for 0xa1
04-06 14:14:39.212 30024 30024 E ArmVmp : Match on catch block at 0xc3 in for 0xa9
04-06 14:14:39.216 30024 30024 E ArmVmp : Match on catch block at 0xc3 in for 0xa1
04-06 14:14:39.229 30024 30024 E ArmVmp : Match on catch block at 0xc3 in for 0xa9
04-06 14:14:39.233 30024 30024 E ArmVmp : Match on catch block at 0xc3 in for 0xa1
04-06 14:14:39.245 30024 30024 E ArmVmp : Match on catch block at 0xc3 in for 0xa9
04-06 14:14:39.248 30024 30024 E ArmVmp : Match on catch block at 0xc3 in for 0xa1
04-06 14:14:39.262 30024 30024 E ArmVmp : Match on catch block at 0xc3 in for 0xa9
04-06 14:14:39.266 30024 30024 E ArmVmp : Match on catch block at 0xc3 in for 0xa1
04-06 14:14:39.277 30024 30024 E ArmVmp : Match on catch block at 0xc3 in for 0xa9
04-06 14:14:39.282 30024 30024 E ArmVmp : Match on catch block at 0xc3 in for 0xa1
04-06 14:14:39.295 30024 30024 E ArmVmp : Match on catch block at 0xc3 in for 0xa9
04-06 14:14:39.300 30024 30024 E ArmVmp : Match on catch block at 0xc3 in for 0xa1
04-06 14:14:39.321 30024 30024 E ArmVmp : Match on catch block at 0xc3 in for 0xa1
04-06 14:14:39.325 30024 30024 E ArmVmp : Match on catch block at 0xc3 in for 0xa5
04-06 14:14:39.335 30024 30024 E ArmVmp : Match on catch block at 0xc3 in for 0xa1
04-06 14:14:39.338 30024 30024 E ArmVmp : Match on catch block at 0xc3 in for 0xa5
04-06 14:14:39.611 30024 30024 E ArmVmp : Match on catch block at 0xc3 in for 0xa1
04-06 14:14:39.614 30024 30024 E ArmVmp : Match on catch block at 0xc3 in for 0xa5
04-06 14:14:40.094 30024 30024 E ArmVmp : Match on catch block at 0xc3 in for 0xa1
04-06 14:14:40.095 30024 30024 E ArmVmp : Match on catch block at 0xc3 in for 0xa5
04-06 14:14:40.118 30024 30024 E ArmVmp : Match on catch block at 0xc3 in for 0xa1
04-06 14:14:40.120 30024 30024 E ArmVmp : Match on catch block at 0xc3 in for 0xa5
04-06 14:14:40.128 30024 30024 W ActivityThread: handleWindowVisibility: no
activity for token android.os.BinderProxy@a837088
04-06 14:14:40.170 30024 30024 W TabLayout: MODE_SCROLLABLE + GRAVITY_FILL is not
supported, GRAVITY_START will be used instead
04-06 14:14:40.180 30024 30024 W Optic-Task-Hand: type=1400 audit(0.0:4045): avc:
denied { read } for name="u:object_r:mtkcam_prop:s0" dev="tmpfs" ino=317
scontext=u:r:untrusted_app:s0:c225,c256,c512,c768
tcontext=u:object_r:mtkcam_prop:s0 tclass=file permissive=0
04-06 14:14:40.184 30024 30347 E libc : Access denied finding property
"camera.aux.packagelist"
04-06 14:14:40.184 30024 30347 E libc : Access denied finding property
"camera.aux.packagelist"
04-06 14:14:40.180 30024 30024 W Optic-Task-Hand: type=1400 audit(0.0:4046): avc:
denied { read } for name="u:object_r:mtkcam_prop:s0" dev="tmpfs" ino=317
scontext=u:r:untrusted_app:s0:c225,c256,c512,c768
tcontext=u:object_r:mtkcam_prop:s0 tclass=file permissive=0
04-06 14:14:40.184 30024 30347 E libc : Access denied finding property
"camera.aux.packagelist"
04-06 14:14:40.180 30024 30024 W Optic-Task-Hand: type=1400 audit(0.0:4050): avc:
denied { read } for name="u:object_r:mtkcam_prop:s0" dev="tmpfs" ino=317
scontext=u:r:untrusted_app:s0:c225,c256,c512,c768
tcontext=u:object_r:mtkcam_prop:s0 tclass=file permissive=0
04-06 14:14:40.184 30024 30347 W CameraManagerGlobal: ignore the torch status
update of camera: 22
04-06 14:14:40.184 30024 30347 E libc : Access denied finding property
"camera.aux.packagelist"
04-06 14:14:40.180 30024 30024 W Optic-Task-Hand: type=1400 audit(0.0:4051): avc:
denied { read } for name="u:object_r:mtkcam_prop:s0" dev="tmpfs" ino=317
scontext=u:r:untrusted_app:s0:c225,c256,c512,c768
tcontext=u:object_r:mtkcam_prop:s0 tclass=file permissive=0
04-06 14:14:40.184 30024 30347 W CameraManagerGlobal: ignore the torch status
update of camera: 61
04-06 14:14:40.185 30024 30347 E libc : Access denied finding property
"camera.aux.packagelist"
04-06 14:14:40.185 30024 30042 E libc : Access denied finding property
"camera.aux.packagelist"
04-06 14:14:40.185 30024 30042 E libc : Access denied finding property
"camera.aux.packagelist"
04-06 14:14:40.185 30024 30042 W CameraManagerGlobal: ignore the torch status
update of camera: 21
04-06 14:14:40.180 30024 30024 W Binder:30024_3: type=1400 audit(0.0:4052): avc:
denied { read } for name="u:object_r:mtkcam_prop:s0" dev="tmpfs" ino=317
scontext=u:r:untrusted_app:s0:c225,c256,c512,c768
tcontext=u:object_r:mtkcam_prop:s0 tclass=file permissive=0
04-06 14:14:40.185 30024 30042 E libc : Access denied finding property
"camera.aux.packagelist"
04-06 14:14:40.185 30024 30042 W CameraManagerGlobal: ignore the torch status
update of camera: 22
04-06 14:14:40.185 30024 30042 E libc : Access denied finding property
"camera.aux.packagelist"
04-06 14:14:40.185 30024 30042 W CameraManagerGlobal: ignore the torch status
update of camera: 61
04-06 14:14:40.203 30024 30024 W BottomSheetBehavior: BottomSheetBehavior now
supports multiple callbacks. `setBottomSheetCallback()` removes all existing
callbacks, including ones set internally by library authors, which may result in
unintended behavior. This may change in the future. Please use
`addBottomSheetCallback()` and `removeBottomSheetCallback()` instead to set your
own callbacks.
04-06 14:14:40.222 30024 30042 E libc : Access denied finding property
"camera.aux.packagelist"
04-06 14:14:40.222 30024 30042 E libc : Access denied finding property
"camera.aux.packagelist"
04-06 14:14:40.247 30024 30041 E libc : Access denied finding property
"camera.aux.packagelist"
04-06 14:14:40.247 30024 30041 W CameraManagerGlobal: ignore the torch status
update of camera: 21
04-06 14:14:40.248 30024 30041 E libc : Access denied finding property
"camera.aux.packagelist"
04-06 14:14:40.248 30024 30041 W CameraManagerGlobal: ignore the torch status
update of camera: 22
04-06 14:14:40.249 30024 30041 E libc : Access denied finding property
"camera.aux.packagelist"
04-06 14:14:40.249 30024 30041 W CameraManagerGlobal: ignore the torch status
update of camera: 61
04-06 14:14:40.278 30024 30347 E libc : Access denied finding property
"vendor.debug.bq.dump"
04-06 14:14:40.278 30024 30347 E libc : Access denied finding property
"vendor.debug.bq.dump"
04-06 14:14:40.278 30024 30347 E libc : Access denied finding property
"vendor.debug.bq.dump"
04-06 14:14:40.278 30024 30347 E GraphicExt:
GraphicExtModuleLoader::CreateGraphicExtInstance false
04-06 14:14:40.279 30024 30347 E libc : Access denied finding property
"vendor.debug.bq.dump"
04-06 14:14:40.279 30024 30347 E libc : Access denied finding property
"vendor.debug.bq.dump"
04-06 14:14:40.279 30024 30347 E libc : Access denied finding property
"vendor.debug.bq.dump"
04-06 14:14:40.279 30024 30347 E GraphicExt:
GraphicExtModuleLoader::CreateGraphicExtInstance false
04-06 14:14:40.336 30024 30024 E GraphicExt:
GraphicExtModuleLoader::CreateGraphicExtInstance false
04-06 14:14:40.352 30024 30024 W View : requestLayout() improperly called by
com.mbwhatsapp.WaImageView{f6d1f72 VF.D..CL. ......ID 0,0-176,176 #7f0b1814
app:id/shutter} during layout: running second layout pass
04-06 14:14:40.352 30024 30024 W View : requestLayout() improperly called by
com.mbwhatsapp.CircularProgressBar{5374fc3 V.ED..... ......ID 0,0-176,176 #7f0b14fc
app:id/recording_progress} during layout: running second layout pass
04-06 14:14:40.352 30024 30024 W View : requestLayout() improperly called by
com.mbwhatsapp.WaImageView{6ac9040 VF.D..C.. ......ID 0,0-132,132 #7f0b1976
app:id/switch_camera_btn} during layout: running second layout pass
04-06 14:14:40.352 30024 30024 W View : requestLayout() improperly called by
com.mbwhatsapp.WaImageView{ced1b79 VFED..C.. ......ID 0,0-132,132 #7f0b0b0d
app:id/gallery_btn} during layout: running second layout pass
04-06 14:14:40.352 30024 30024 W View : requestLayout() improperly called by
com.mbwhatsapp.WaImageView{7e9c0be VF.D..C.. ......ID 0,0-132,132 #7f0b0a9c
app:id/flash_btn} during layout: running second layout pass
04-06 14:14:40.352 30024 30024 W View : requestLayout() improperly called by
com.mbwhatsapp.WaImageView{835251f VFED..C.. ......ID 0,0-132,132 #7f0b057f
app:id/close_camera_btn} during layout: running second layout pass
04-06 14:14:40.352 30024 30024 W View : requestLayout() improperly called by
X.4Ki{4ea706c V.ED..... ......ID 0,6-1080,138} during layout: running second layout
pass
04-06 14:14:40.352 30024 30024 W View : requestLayout() improperly called by
androidx.appcompat.view.menu.ActionMenuItemView{59af635 VFED..CL. ......ID 0,11-
132,143 #7f0b0fe8 app:id/more} during layout: running second layout pass
