6AtUH7NEZ_6zGfU8JkM7XA==/base.apk!classes3.dex*3411973279:/data/app/com.mbwhatsapp-
6AtUH7NEZ_6zGfU8JkM7XA==/base.apk!classes4.dex*139949962:/data/app/com.mbwhatsapp-
6AtUH7NEZ_6zGfU8JkM7XA==/base.apk!classes5.dex*3810408200:/data/app/com.mbwhatsapp-
6AtUH7NEZ_6zGfU8JkM7XA==/base.apk!classes6.dex*3828114170:/data/app/com.mbwhatsapp-
6AtUH7NEZ_6zGfU8JkM7XA==/base.apk!classes7.dex*3896375018:/data/app/com.mbwhatsapp-
6AtUH7NEZ_6zGfU8JkM7XA==/base.apk!classes8.dex*4284976671]{PCL[/system/framework/
org.apache.http.legacy.jar*1503167394]})
04-06 14:03:29.360 24335 24906 W com.mbwhatsapp: Found duplicate classes, falling
back to extracting from APK :
/data/user_de/0/com.google.android.gms/app_chimera/m/0000000b/CronetDynamite.apk
04-06 14:03:29.360 24335 24906 W com.mbwhatsapp: NOTE: This wastes RAM and hurts
startup performance.
04-06 14:03:29.360 24335 24906 W com.mbwhatsapp: Found duplicated class when
checking oat files: 'Landroid/support/v4/graphics/drawable/IconCompatParcelizer;'
in /data/app/com.mbwhatsapp-6AtUH7NEZ_6zGfU8JkM7XA==/base.apk and
/data/user_de/0/com.google.android.gms/app_chimera/m/0000000b/CronetDynamite.apk
04-06 14:03:29.360 24335 24906 W com.mbwhatsapp:
04-06 14:03:29.386 24335 24905 W linker : Warning:
"/data/user_de/0/com.google.android.gms/app_chimera/m/0000000b/CronetDynamite.apk!/
lib/arm64-v8a/libcronet.121.0.6167.71.so" unused DT entry: unknown processor-
specific (type 0x70000001 arg 0x0) (ignoring)
04-06 14:03:29.430 24335 24911 E chromium:
[0406/140329.430779:ERROR:cronet_context.cc(158)] Invalid QUIC hint
host: .whatsapp.com
04-06 14:03:29.430 24335 24911 E chromium:
[0406/140329.430878:ERROR:cronet_context.cc(158)] Invalid QUIC hint
host: .cdninstagram.com
04-06 14:03:29.430 24335 24905 W System : ClassLoader referenced unknown path:
system/framework/mediatek-cta.jar
04-06 14:03:29.430 24335 24911 E chromium:
[0406/140329.430912:ERROR:cronet_context.cc(158)] Invalid QUIC hint
host: .fbcdn.net
04-06 14:03:29.430 24335 24911 E chromium:
[0406/140329.430941:ERROR:cronet_context.cc(158)] Invalid QUIC hint
host: .facebook.com
04-06 14:03:29.430 24335 24911 E chromium:
[0406/140329.430966:ERROR:cronet_context.cc(158)] Invalid QUIC hint
host: .instagram.com
04-06 14:03:29.431 24335 24911 E chromium:
[0406/140329.430989:ERROR:cronet_context.cc(158)] Invalid QUIC hint
host: .whatsapp.net
04-06 14:03:29.480 24335 24905 W System : ClassLoader referenced unknown path:
system/framework/mediatek-cta.jar
04-06 14:03:29.979 24335 24335 W InputEventReceiver: Attempted to finish an input
event but the input event receiver has already been disposed.
04-06 14:03:30.486 24335 24335 W ActivityThread: handleWindowVisibility: no
activity for token android.os.BinderProxy@3362a48
04-06 14:03:30.527 24335 24335 E GraphicExt:
GraphicExtModuleLoader::CreateGraphicExtInstance false
04-06 14:03:32.616 24335 24335 W Bitmap : Called getWidth() on a recycle()'d
bitmap! This is undefined behavior!
04-06 14:03:32.616 24335 24335 W Bitmap : Called getHeight() on a recycle()'d
bitmap! This is undefined behavior!
04-06 14:03:32.616 24335 24335 W Bitmap : Called getWidth() on a recycle()'d
bitmap! This is undefined behavior!
04-06 14:03:32.616 24335 24335 W Bitmap : Called getHeight() on a recycle()'d
bitmap! This is undefined behavior!
04-06 14:03:32.616 24335 24335 W Bitmap : Called getWidth() on a recycle()'d
bitmap! This is undefined behavior!
04-06 14:03:32.616 24335 24335 W Bitmap : Called getHeight() on a recycle()'d
bitmap! This is undefined behavior!
04-06 14:03:32.679 24335 24335 E GraphicExt:
GraphicExtModuleLoader::CreateGraphicExtInstance false
04-06 14:03:34.776 24335 24335 W ActivityThread: handleWindowVisibility: no
activity for token android.os.BinderProxy@73ef8
04-06 14:03:34.813 24335 24335 E GraphicExt:
GraphicExtModuleLoader::CreateGraphicExtInstance false
04-06 14:03:36.439 24335 24335 W Bitmap : Called getWidth() on a recycle()'d
bitmap! This is undefined behavior!
04-06 14:03:36.439 24335 24335 W Bitmap : Called getHeight() on a recycle()'d
bitmap! This is undefined behavior!
04-06 14:03:36.439 24335 24335 W Bitmap : Called getWidth() on a recycle()'d
bitmap! This is undefined behavior!
04-06 14:03:36.439 24335 24335 W Bitmap : Called getHeight() on a recycle()'d
bitmap! This is undefined behavior!
04-06 14:03:36.439 24335 24335 W Bitmap : Called getWidth() on a recycle()'d
bitmap! This is undefined behavior!
04-06 14:03:36.439 24335 24335 W Bitmap : Called getHeight() on a recycle()'d
bitmap! This is undefined behavior!
04-06 14:03:36.495 24335 24335 E GraphicExt:
GraphicExtModuleLoader::CreateGraphicExtInstance false
04-06 14:03:38.318 24335 24335 E ArmVmp : Match on catch block at 0x0a in for 0xc9
04-06 14:03:38.320 24335 24505 W System : ClassLoader referenced unknown path:
system/framework/mediatek-cta.jar
04-06 14:03:38.320 24335 24335 E ArmVmp : Match on catch block at 0x0a in for 0xc5
04-06 14:03:38.347 24335 24335 E GraphicExt:
GraphicExtModuleLoader::CreateGraphicExtInstance false
04-06 14:03:38.349 24335 24381 E SQLiteDatabase: Error inserting transferred=0
media_job_uuid=371d61fe-25ad-418c-aba0-02b863a632b7 transcoded=1 gif_attribution=0
first_scan_length=0 direct_path=null thumbnail_height_width_ratio=0.52238804
is_animated_sticker=0 file_hash=null
file_path=/data/user/0/com.mbwhatsapp/files/.Shared/e3740267-7a89-484c-88aa-
a0af474e01f5.jpg file_size=67764 partial_media_hash=null face_x=0 face_y=0
height=563 trim_to=0 media_key_timestamp=0 message_url=null media_caption=null
trim_from=0 mime_type=null partial_media_enc_hash=null width=1080
original_file_hash=pzboPD/VD6akaLvIqQ4xcrHxlzayRZvHhNTa21WIZZg=
has_streaming_sidecar=0 autotransfer_retry_enabled=1 media_upload_handle=null
message_row_id=17 multicast_id=null enc_file_hash=null mute_video=0 page_count=0
first_scan_sidecar=null suspicious_content=0 file_length=67764 media_name=e3740267-
7a89-484c-88aa-a0af474e01f5.jpg media_duration=0 chat_row_id=8 media_key=null
04-06 14:03:38.349 24335 24381 E SQLiteDatabase:
android.database.sqlite.SQLiteConstraintException: UNIQUE constraint failed:
message_media.message_row_id (code 1555 SQLITE_CONSTRAINT_PRIMARYKEY)
04-06 14:03:38.349 24335 24381 E SQLiteDatabase: at
android.database.sqlite.SQLiteConnection.nativeExecuteForLastInsertedRowId(Native
Method)
04-06 14:03:38.349 24335 24381 E SQLiteDatabase: at
android.database.sqlite.SQLiteConnection.executeForLastInsertedRowId(SQLiteConnecti
on.java:879)
04-06 14:03:38.349 24335 24381 E SQLiteDatabase: at
android.database.sqlite.SQLiteSession.executeForLastInsertedRowId(SQLiteSession.jav
a:790)
04-06 14:03:38.349 24335 24381 E SQLiteDatabase: at
android.database.sqlite.SQLiteStatement.executeInsert(SQLiteStatement.java:88)
04-06 14:03:38.349 24335 24381 E SQLiteDatabase: at
android.database.sqlite.SQLiteDatabase.insertWithOnConflict(SQLiteDatabase.java:159
9)
04-06 14:03:38.349 24335 24381 E SQLiteDatabase: at
android.database.sqlite.SQLiteDatabase.insert(SQLiteDatabase.java:1468)
04-06 14:03:38.349 24335 24381 E SQLiteDatabase: at X.2tm.A08(Unknown
Source:6)
04-06 14:03:38.349 24335 24381 E SQLiteDatabase: at X.35Y.A07(Unknown
Source:212)
04-06 14:03:38.349 24335 24381 E SQLiteDatabase: at X.3QF.A14(Unknown
Source:470)
04-06 14:03:38.349 24335 24381 E SQLiteDatabase: at X.3gU.run(Unknown
Source:982)
04-06 14:03:38.349 24335 24381 E SQLiteDatabase: at
android.os.Handler.handleCallback(Handler.java:914)
04-06 14:03:38.349 24335 24381 E SQLiteDatabase: at
android.os.Handler.dispatchMessage(Handler.java:100)
04-06 14:03:38.349 24335 24381 E SQLiteDatabase: at
X.0zq.dispatchMessage(Unknown Source:4)
04-06 14:03:38.349 24335 24381 E SQLiteDatabase: at
android.os.Looper.loop(Looper.java:224)
04-06 14:03:38.349 24335 24381 E SQLiteDatabase: at
android.os.HandlerThread.run(HandlerThread.java:67)
04-06 14:03:38.367 24335 24934 W System : ClassLoader referenced unknown path:
system/framework/mediatek-cta.jar
04-06 14:03:38.379 24335 24505 W System : ClassLoader referenced unknown path:
system/framework/mediatek-cta.jar
04-06 14:03:38.395 24335 24335 E ArmVmp : Match on catch block at 0xc3 in for 0xa5
04-06 14:03:38.397 24335 24335 E ArmVmp : Match on catch block at 0xc3 in for 0xa9
04-06 14:03:38.439 24335 24335 E ArmVmp : Match on catch block at 0xc3 in for 0xa5
04-06 14:03:38.440 24335 24335 E ArmVmp : Match on catch block at 0xc3 in for 0xa9
04-06 14:03:38.481 24335 24335 E ArmVmp : Match on catch block at 0xc3 in for 0xa9
04-06 14:03:38.483 24335 24335 E ArmVmp : Match on catch block at 0xc3 in for 0xa1
04-06 14:03:38.502 24335 24335 E ArmVmp : Match on catch block at 0xc3 in for 0xa5
04-06 14:03:38.504 24335 24335 E ArmVmp : Match on catch block at 0xc3 in for 0xa9
04-06 14:03:38.511 24335 24335 E ArmVmp : Match on catch block at 0xc3 in for 0xa5
04-06 14:03:38.513 24335 24335 E ArmVmp : Match on catch block at 0xc3 in for 0xa9
04-06 14:03:38.522 24335 24335 E ArmVmp : Match on catch block at 0xc3 in for 0xa9
04-06 14:03:38.525 24335 24335 E ArmVmp : Match on catch block at 0xc3 in for 0xa1
04-06 14:03:38.537 24335 24335 E ArmVmp : Match on catch block at 0xc3 in for 0xa5
04-06 14:03:38.540 24335 24335 E ArmVmp : Match on catch block at 0xc3 in for 0xa9
04-06 14:03:38.575 24335 24335 E ArmVmp : Match on catch block at 0xc3 in for 0xa9
04-06 14:03:38.576 24335 24335 E ArmVmp : Match on catch block at 0xc3 in for 0xa1
04-06 14:03:38.584 24335 24335 E ArmVmp : Match on catch block at 0xc3 in for 0xa5
04-06 14:03:38.586 24335 24335 E ArmVmp : Match on catch block at 0xc3 in for 0xa9
04-06 14:03:38.590 24335 24335 E ArmVmp : Match on catch block at 0xc3 in for 0xa9
04-06 14:03:38.592 24335 24335 E ArmVmp : Match on catch block at 0xc3 in for 0xa1
04-06 14:03:38.604 24335 24335 E ArmVmp : Match on catch block at 0xc3 in for 0xa1
04-06 14:03:38.606 24335 24335 E ArmVmp : Match on catch block at 0xc3 in for 0xa5
04-06 14:03:38.621 24335 24335 E ArmVmp : Match on catch block at 0xc3 in for 0xa5
04-06 14:03:38.623 24335 24335 E ArmVmp : Match on catch block at 0xc3 in for 0xa9
04-06 14:03:38.637 24335 24335 E ArmVmp : Match on catch block at 0xc3 in for 0xa9
04-06 14:03:38.639 24335 24335 E ArmVmp : Match on catch block at 0xc3 in for 0xa1
04-06 14:03:38.654 24335 24335 E ArmVmp : Match on catch block at 0xc3 in for 0xa1
04-06 14:03:38.655 24335 24335 E ArmVmp : Match on catch block at 0xc3 in for 0xa5
04-06 14:03:38.671 24335 24335 E ArmVmp : Match on catch block at 0xc3 in for 0xa5
04-06 14:03:38.673 24335 24335 E ArmVmp : Match on catch block at 0xc3 in for 0xa9
04-06 14:03:38.687 24335 24335 E ArmVmp : Match on catch block at 0xc3 in for 0xa9
04-06 14:03:38.689 24335 24335 E ArmVmp : Match on catch block at 0xc3 in for 0xa1
04-06 14:03:38.704 24335 24335 E ArmVmp : Match on catch block at 0xc3 in for 0xa1
04-06 14:03:38.706 24335 24335 E ArmVmp : Match on catch block at 0xc3 in for 0xa5
04-06 14:03:38.720 24335 24335 E ArmVmp : Match on catch block at 0xc3 in for 0xa5
04-06 14:03:38.722 24335 24335 E ArmVmp : Match on catch block at 0xc3 in for 0xa9
04-06 14:03:38.737 24335 24335 E ArmVmp : Match on catch block at 0xc3 in for 0xa5
04-06 14:03:38.739 24335 24335 E ArmVmp : Match on catch block at 0xc3 in for 0xa9
04-06 14:03:38.743 24335 24427 W MediaPlayer: Use of stream types is deprecated for
operations other than volume control
04-06 14:03:38.743 24335 24427 W MediaPlayer: See the documentation of
setAudioStreamType() for what to use instead with android.media.AudioAttributes to
qualify your playback use case
04-06 14:03:38.754 24335 24335 E ArmVmp : Match on catch block at 0xc3 in for 0xa9
04-06 14:03:38.756 24335 24335 E ArmVmp : Match on catch block at 0xc3 in for 0xa1
04-06 14:03:38.770 24335 24335 E ArmVmp : Match on catch block at 0xc3 in for 0xa9
04-06 14:03:38.772 24335 24335 E ArmVmp : Match on catch block at 0xc3 in for 0xa1
04-06 14:03:38.787 24335 24335 E ArmVmp : Match on catch block at 0xc3 in for 0xa5
04-06 14:03:38.789 24335 24335 E ArmVmp : Match on catch block at 0xc3 in for 0xa9
04-06 14:03:38.804 24335 24335 E ArmVmp : Match on catch block at 0xc3 in for 0xa9
04-06 14:03:38.806 24335 24335 E ArmVmp : Match on catch block at 0xc3 in for 0xa1
04-06 14:03:38.810 24335 24381 E SQLiteDatabase: Error inserting transferred=1
media_job_uuid=371d61fe-25ad-418c-aba0-02b863a632b7 transcoded=1 gif_attribution=0
first_scan_length=0 direct_path=/v/t62.7118-
24/25486173_1093641185242478_1013781946432857013_n.enc?ccb=11-
4&oh=01_ASAAif9JEQsQtqKDD3uEqDEvk5B4dLBkCoF6iHGHG-qq6Q&oe=6638E2AB&_nc_sid=5e03e0
thumbnail_height_width_ratio=0.52238804 is_animated_sticker=0
file_hash=pTBAQHJKA1h+XncxIyd/SbPx1/RvSdjVjQIgNFxA5M4= file_path=Media/MBWhatsApp
Images/Sent/IMG-20240406-WA0000.jpg file_size=67764
partial_media_hash=y40syh+szgvAZdhTLANojy2dqV5/4xSY1Co76q2IrD0= face_x=0 face_y=0
height=563 trim_to=0 media_key_timestamp=1712423019478
message_url=https://mmg.whatsapp.net/v/t62.7118-
24/25486173_1093641185242478_1013781946432857013_n.enc?ccb=11-
4&oh=01_ASAAif9JEQsQtqKDD3uEqDEvk5B4dLBkCoF6iHGHG-
qq6Q&oe=6638E2AB&_nc_sid=5e03e0&mms3=true media_caption=null trim_from=0
mime_type=null partial_media_enc_hash=null width=1080
original_file_hash=pzboPD/VD6akaLvIqQ4xcrHxlzayRZvHhNTa21WIZZg=
has_streaming_sidecar=1 autotransfer_retry_enabled=0 media_upload_handle=null
message_row_id=17 multicast_id=null
enc_file_hash=ugyMEGs8Ax+XB+cyRhCW/oZubm6xxmNVxZVi9I5Diqc= mute_video=0
page_count=0 first_scan_sidecar=null suspicious_content=0 file_length=67764
media_name=e3740267-7a89-484c-88aa-a0af474e01f5.jpg media_duration=0 chat_row_id=8
media_key=[B@9fdd6ec
04-06 14:03:38.810 24335 24381 E SQLiteDatabase:
android.database.sqlite.SQLiteConstraintException: UNIQUE constraint failed:
message_media.message_row_id (code 1555 SQLITE_CONSTRAINT_PRIMARYKEY)
04-06 14:03:38.810 24335 24381 E SQLiteDatabase: at
android.database.sqlite.SQLiteConnection.nativeExecuteForLastInsertedRowId(Native
Method)
04-06 14:03:38.810 24335 24381 E SQLiteDatabase: at
android.database.sqlite.SQLiteConnection.executeForLastInsertedRowId(SQLiteConnecti
on.java:879)
04-06 14:03:38.810 24335 24381 E SQLiteDatabase: at
android.database.sqlite.SQLiteSession.executeForLastInsertedRowId(SQLiteSession.jav
a:790)
04-06 14:03:38.810 24335 24381 E SQLiteDatabase: at
android.database.sqlite.SQLiteStatement.executeInsert(SQLiteStatement.java:88)
04-06 14:03:38.810 24335 24381 E SQLiteDatabase: at
android.database.sqlite.SQLiteDatabase.insertWithOnConflict(SQLiteDatabase.java:159
9)
04-06 14:03:38.810 24335 24381 E SQLiteDatabase: at
android.database.sqlite.SQLiteDatabase.insert(SQLiteDatabase.java:1468)
04-06 14:03:38.810 24335 24381 E SQLiteDatabase: at X.2tm.A08(Unknown
Source:6)
04-06 14:03:38.810 24335 24381 E SQLiteDatabase: at X.35Y.A07(Unknown
Source:212)
04-06 14:03:38.810 24335 24381 E SQLiteDatabase: at X.3QF.A14(Unknown
Source:470)
04-06 14:03:38.810 24335 24381 E SQLiteDatabase: at X.3gU.run(Unknown
Source:982)
04-06 14:03:38.810 24335 24381 E SQLiteDatabase: at
android.os.Handler.handleCallback(Handler.java:914)
04-06 14:03:38.810 24335 24381 E SQLiteDatabase: at
android.os.Handler.dispatchMessage(Handler.java:100)
04-06 14:03:38.810 24335 24381 E SQLiteDatabase: at
X.0zq.dispatchMessage(Unknown Source:4)
04-06 14:03:38.810 24335 24381 E SQLiteDatabase: at
android.os.Looper.loop(Looper.java:224)
04-06 14:03:38.810 24335 24381 E SQLiteDatabase: at
android.os.HandlerThread.run(HandlerThread.java:67)
04-06 14:03:38.820 24335 24335 E ArmVmp : Match on catch block at 0xc3 in for 0xa9
04-06 14:03:38.822 24335 24335 E ArmVmp : Match on catch block at 0xc3 in for 0xa1
04-06 14:03:38.844 24335 24335 E ArmVmp : Match on catch block at 0xc3 in for 0xa9
04-06 14:03:38.846 24335 24335 E ArmVmp : Match on catch block at 0xc3 in for 0xa1
04-06 14:03:38.858 24335 24335 E ArmVmp : Match on catch block at 0xc3 in for 0xa5
04-06 14:03:38.860 24335 24335 E ArmVmp : Match on catch block at 0xc3 in for 0xa9
04-06 14:03:38.884 24335 24335 W BottomSheetBehavior: BottomSheetBehavior now
supports multiple callbacks. `setBottomSheetCallback()` removes all existing
callbacks, including ones set internally by library authors, which may result in
unintended behavior. This may change in the future. Please use
`addBottomSheetCallback()` and `removeBottomSheetCallback()` instead to set your
own callbacks.
04-06 14:03:38.955 24335 24335 E ArmVmp : Match on catch block at 0xc3 in for 0xa1
04-06 14:03:38.958 24335 24335 E ArmVmp : Match on catch block at 0xc3 in for 0xa5
04-06 14:03:39.043 24335 24335 E ArmVmp : Match on catch block at 0xc3 in for 0xa5
04-06 14:03:39.046 24335 24335 E ArmVmp : Match on catch block at 0xc3 in for 0xa9
04-06 14:03:39.053 24335 24427 W MediaPlayer: Use of stream types is deprecated for
operations other than volume control
04-06 14:03:39.053 24335 24427 W MediaPlayer: See the documentation of
setAudioStreamType() for what to use instead with android.media.AudioAttributes to
qualify your playback use case
04-06 14:03:39.055 24335 24335 E ArmVmp : Match on catch block at 0xc3 in for 0xa1
04-06 14:03:39.059 24335 24335 E ArmVmp : Match on catch block at 0xc3 in for 0xa5
04-06 14:03:39.140 24335 24335 E ArmVmp : Match on catch block at 0xc3 in for 0xa5
04-06 14:03:39.143 24335 24335 E ArmVmp : Match on catch block at 0xc3 in for 0xa9
04-06 14:03:39.160 24335 24335 E ArmVmp : Match on catch block at 0xc3 in for 0xa9
04-06 14:03:39.162 24335 24335 E ArmVmp : Match on catch block at 0xc3 in for 0xa1
04-06 14:03:39.172 24335 24335 E ArmVmp : Match on catch block at 0xc3 in for 0xa1
04-06 14:03:39.175 24335 24335 E ArmVmp : Match on catch block at 0xc3 in for 0xa5
04-06 14:03:39.189 24335 24335 E ArmVmp : Match on catch block at 0xc3 in for 0xa5
04-06 14:03:39.192 24335 24335 E ArmVmp : Match on catch block at 0xc3 in for 0xa9
04-06 14:03:39.206 24335 24335 E ArmVmp : Match on catch block at 0xc3 in for 0xa9
04-06 14:03:39.209 24335 24335 E ArmVmp : Match on catch block at 0xc3 in for 0xa1
04-06 14:03:39.223 24335 24335 E ArmVmp : Match on catch block at 0xc3 in for 0xa1
04-06 14:03:39.226 24335 24335 E ArmVmp : Match on catch block at 0xc3 in for 0xa5
04-06 14:03:39.239 24335 24335 E ArmVmp : Match on catch block at 0xc3 in for 0xa5
04-06 14:03:39.243 24335 24335 E ArmVmp : Match on catch block at 0xc3 in for 0xa9
04-06 14:03:39.254 24335 24335 E ArmVmp : Match on catch block at 0xc3 in for 0xa9
04-06 14:03:39.258 24335 24335 E ArmVmp : Match on catch block at 0xc3 in for 0xa1
04-06 14:03:39.272 24335 24335 E ArmVmp : Match on catch block at 0xc3 in for 0xa1
04-06 14:03:39.276 24335 24335 E ArmVmp : Match on catch block at 0xc3 in for 0xa5
04-06 14:03:39.289 24335 24335 E ArmVmp : Match on catch block at 0xc3 in for 0xa5
04-06 14:03:39.293 24335 24335 E ArmVmp : Match on catch block at 0xc3 in for 0xa9
04-06 14:03:39.306 24335 24335 E ArmVmp : Match on catch block at 0xc3 in for 0xa9
04-06 14:03:39.309 24335 24335 E ArmVmp : Match on catch block at 0xc3 in for 0xa1
04-06 14:03:39.323 24335 24335 E ArmVmp : Match on catch block at 0xc3 in for 0xa9
04-06 14:03:39.325 24335 24335 E ArmVmp : Match on catch block at 0xc3 in for 0xa1
04-06 14:03:39.339 24335 24335 E ArmVmp : Match on catch block at 0xc3 in for 0xa1
04-06 14:03:39.342 24335 24335 E ArmVmp : Match on catch block at 0xc3 in for 0xa5
04-06 14:03:39.356 24335 24335 E ArmVmp : Match on catch block at 0xc3 in for 0xa5
04-06 14:03:39.359 24335 24335 E ArmVmp : Match on catch block at 0xc3 in for 0xa9
04-06 14:03:39.372 24335 24335 E ArmVmp : Match on catch block at 0xc3 in for 0xa9
04-06 14:03:39.376 24335 24335 E ArmVmp : Match on catch block at 0xc3 in for 0xa1
04-06 14:03:39.388 24335 24335 E ArmVmp : Match on catch block at 0xc3 in for 0xa1
04-06 14:03:39.392 24335 24335 E ArmVmp : Match on catch block at 0xc3 in for 0xa5
04-06 14:03:39.406 24335 24335 E ArmVmp : Match on catch block at 0xc3 in for 0xa5
04-06 14:03:39.410 24335 24335 E ArmVmp : Match on catch block at 0xc3 in for 0xa9
04-06 14:03:39.422 24335 24335 E ArmVmp : Match on catch block at 0xc3 in for 0xa9
04-06 14:03:39.425 24335 24335 E ArmVmp : Match on catch block at 0xc3 in for 0xa1
04-06 14:03:39.439 24335 24335 E ArmVmp : Match on catch block at 0xc3 in for 0xa1
04-06 14:03:39.442 24335 24335 E ArmVmp : Match on catch block at 0xc3 in for 0xa5
04-06 14:03:39.456 24335 24335 E ArmVmp : Match on catch block at 0xc3 in for 0xa5
04-06 14:03:39.459 24335 24335 E ArmVmp : Match on catch block at 0xc3 in for 0xa9
04-06 14:03:39.955 24335 24335 E ArmVmp : Match on catch block at 0xc3 in for 0xa9
04-06 14:03:39.958 24335 24335 E ArmVmp : Match on catch block at 0xc3 in for 0xa1
04-06 14:03:40.127 24335 24335 E ArmVmp : Match on catch block at 0xc3 in for 0xa5
04-06 14:03:40.131 24335 24335 E ArmVmp : Match on catch block at 0xc3 in for 0xa9
04-06 14:03:40.147 24335 24335 E ArmVmp : Match on catch block at 0xc3 in for 0xa5
04-06 14:03:40.149 24335 24335 E ArmVmp : Match on catch block at 0xc3 in for 0xa9
04-06 14:03:40.155 24335 24335 E ArmVmp : Match on catch block at 0xc3 in for 0xa9
04-06 14:03:40.158 24335 24335 E ArmVmp : Match on catch block at 0xc3 in for 0xa1
04-06 14:03:40.172 24335 24335 E ArmVmp : Match on catch block at 0xc3 in for 0xa1
04-06 14:03:40.176 24335 24335 E ArmVmp : Match on catch block at 0xc3 in for 0xa5
04-06 14:03:40.189 24335 24335 E ArmVmp : Match on catch block at 0xc3 in for 0xa5
04-06 14:03:40.192 24335 24335 E ArmVmp : Match on catch block at 0xc3 in for 0xa9
04-06 14:03:40.205 24335 24335 E ArmVmp : Match on catch block at 0xc3 in for 0xa9
04-06 14:03:40.209 24335 24335 E ArmVmp : Match on catch block at 0xc3 in for 0xa1
04-06 14:03:40.222 24335 24335 E ArmVmp : Match on catch block at 0xc3 in for 0xa1
04-06 14:03:40.226 24335 24335 E ArmVmp : Match on catch block at 0xc3 in for 0xa5
04-06 14:03:40.245 24335 24335 E ArmVmp : Match on catch block at 0xc3 in for 0xa5
04-06 14:03:40.248 24335 24335 E ArmVmp : Match on catch block at 0xc3 in for 0xa9
04-06 14:03:40.257 24335 24335 E ArmVmp : Match on catch block at 0xc3 in for 0xa9
04-06 14:03:40.260 24335 24335 E ArmVmp : Match on catch block at 0xc3 in for 0xa1
04-06 14:03:40.271 24335 24335 E ArmVmp : Match on catch block at 0xc3 in for 0xa1
04-06 14:03:40.274 24335 24335 E ArmVmp : Match on catch block at 0xc3 in for 0xa5
04-06 14:03:40.289 24335 24335 E ArmVmp : Match on catch block at 0xc3 in for 0xa5
04-06 14:03:40.294 24335 24335 E ArmVmp : Match on catch block at 0xc3 in for 0xa9
04-06 14:03:40.306 24335 24335 E ArmVmp : Match on catch block at 0xc3 in for 0xa9
04-06 14:03:40.310 24335 24335 E ArmVmp : Match on catch block at 0xc3 in for 0xa1
04-06 14:03:40.323 24335 24335 E ArmVmp : Match on catch block at 0xc3 in for 0xa1
04-06 14:03:40.326 24335 24335 E ArmVmp : Match on catch block at 0xc3 in for 0xa5
04-06 14:03:40.373 24335 24335 E ArmVmp : Match on catch block at 0xc3 in for 0xa5
04-06 14:03:40.376 24335 24335 E ArmVmp : Match on catch block at 0xc3 in for 0xa9
04-06 14:03:40.620 24335 24335 E ArmVmp : Match on catch block at 0xc3 in for 0xa9
04-06 14:03:40.623 24335 24335 E ArmVmp : Match on catch block at 0xc3 in for 0xa1
04-06 14:03:40.655 24335 24335 E ArmVmp : Match on catch block at 0xc3 in for 0xa1
04-06 14:03:40.659 24335 24335 E ArmVmp : Match on catch block at 0xc3 in for 0xa5
04-06 14:03:40.671 24335 24335 E ArmVmp : Match on catch block at 0xc3 in for 0xa5
04-06 14:03:40.675 24335 24335 E ArmVmp : Match on catch block at 0xc3 in for 0xa9
04-06 14:03:40.689 24335 24335 E ArmVmp : Match on catch block at 0xc3 in for 0xa9
04-06 14:03:40.693 24335 24335 E ArmVmp : Match on catch block at 0xc3 in for 0xa1
04-06 14:03:40.705 24335 24335 E ArmVmp : Match on catch block at 0xc3 in for 0xa1
04-06 14:03:40.708 24335 24335 E ArmVmp : Match on catch block at 0xc3 in for 0xa5
04-06 14:03:40.723 24335 24335 E ArmVmp : Match on catch block at 0xc3 in for 0xa5
04-06 14:03:40.726 24335 24335 E ArmVmp : Match on catch block at 0xc3 in for 0xa9
04-06 14:03:40.738 24335 24335 E ArmVmp : Match on catch block at 0xc3 in for 0xa9
04-06 14:03:40.741 24335 24335 E ArmVmp : Match on catch block at 0xc3 in for 0xa1
04-06 14:03:40.755 24335 24335 E ArmVmp : Match on catch block at 0xc3 in for 0xa1
04-06 14:03:40.759 24335 24335 E ArmVmp : Match on catch block at 0xc3 in for 0xa5
04-06 14:03:40.771 24335 24335 E ArmVmp : Match on catch block at 0xc3 in for 0xa5
04-06 14:03:40.774 24335 24335 E ArmVmp : Match on catch block at 0xc3 in for 0xa9
04-06 14:03:40.789 24335 24335 E ArmVmp : Match on catch block at 0xc3 in for 0xa9
04-06 14:03:40.792 24335 24335 E ArmVmp : Match on catch block at 0xc3 in for 0xa1
04-06 14:03:40.806 24335 24335 E ArmVmp : Match on catch block at 0xc3 in for 0xa1
04-06 14:03:40.809 24335 24335 E ArmVmp : Match on catch block at 0xc3 in for 0xa5
04-06 14:03:40.822 24335 24335 E ArmVmp : Match on catch block at 0xc3 in for 0xa5
04-06 14:03:40.826 24335 24335 E ArmVmp : Match on catch block at 0xc3 in for 0xa9
04-06 14:03:40.839 24335 24335 E ArmVmp : Match on catch block at 0xc3 in for 0xa9
04-06 14:03:40.843 24335 24335 E ArmVmp : Match on catch block at 0xc3 in for 0xa1
04-06 14:03:40.856 24335 24335 E ArmVmp : Match on catch block at 0xc3 in for 0xa1
04-06 14:03:40.859 24335 24335 E ArmVmp : Match on catch block at 0xc3 in for 0xa5
04-06 14:03:40.871 24335 24335 E ArmVmp : Match on catch block at 0xc3 in for 0xa5
04-06 14:03:40.874 24335 24335 E ArmVmp : Match on catch block at 0xc3 in for 0xa9
04-06 14:03:40.889 24335 24335 E ArmVmp : Match on catch block at 0xc3 in for 0xa9
04-06 14:03:40.892 24335 24335 E ArmVmp : Match on catch block at 0xc3 in for 0xa1
04-06 14:03:40.905 24335 24335 E ArmVmp : Match on catch block at 0xc3 in for 0xa1
04-06 14:03:40.908 24335 24335 E ArmVmp : Match on catch block at 0xc3 in for 0xa5
04-06 14:03:40.939 24335 24335 E ArmVmp : Match on catch block at 0xc3 in for 0xa5
04-06 14:03:40.943 24335 24335 E ArmVmp : Match on catch block at 0xc3 in for 0xa9
04-06 14:03:41.123 24335 24335 E ArmVmp : Match on catch block at 0xc3 in for 0xa9
04-06 14:03:41.127 24335 24335 E ArmVmp : Match on catch block at 0xc3 in for 0xa1
04-06 14:03:41.205 24335 24335 E ArmVmp : Match on catch block at 0xc3 in for 0xa1
04-06 14:03:41.209 24335 24335 E ArmVmp : Match on catch block at 0xc3 in for 0xa5
04-06 14:03:41.371 24335 24335 E ArmVmp : Match on catch block at 0xc3 in for 0xa9
04-06 14:03:41.375 24335 24335 E ArmVmp : Match on catch block at 0xc3 in for 0xa1
04-06 14:03:41.456 24335 24335 E ArmVmp : Match on catch block at 0xc3 in for 0xa1
04-06 14:03:41.460 24335 24335 E ArmVmp : Match on catch block at 0xc3 in for 0xa5
04-06 14:03:41.688 24335 24335 E ArmVmp : Match on catch block at 0xc3 in for 0xa5
04-06 14:03:41.692 24335 24335 E ArmVmp : Match on catch block at 0xc3 in for 0xa9
04-06 14:03:41.889 24335 24335 E ArmVmp : Match on catch block at 0xc3 in for 0xa9
04-06 14:03:41.893 24335 24335 E ArmVmp : Match on catch block at 0xc3 in for 0xa1
04-06 14:03:42.023 24335 24335 E ArmVmp : Match on catch block at 0xc3 in for 0xa1
04-06 14:03:42.027 24335 24335 E ArmVmp : Match on catch block at 0xc3 in for 0xa5
04-06 14:03:42.190 24335 24335 E ArmVmp : Match on catch block at 0xc3 in for 0xa5
04-06 14:03:42.194 24335 24335 E ArmVmp : Match on catch block at 0xc3 in for 0xa9
04-06 14:03:42.506 24335 24335 E ArmVmp : Match on catch block at 0xc3 in for 0xa9
04-06 14:03:42.510 24335 24335 E ArmVmp : Match on catch block at 0xc3 in for 0xa1
04-06 14:03:43.007 24335 24335 E ArmVmp : Match on catch block at 0xc3 in for 0xa1
04-06 14:03:43.010 24335 24335 E ArmVmp : Match on catch block at 0xc3 in for 0xa5
04-06 14:03:43.074 24335 24335 E ArmVmp : Match on catch block at 0xc3 in for 0xa5
04-06 14:03:43.079 24335 24335 E ArmVmp : Match on catch block at 0xc3 in for 0xa9
04-06 14:03:43.255 24335 24335 E ArmVmp : Match on catch block at 0xc3 in for 0xa9
04-06 14:03:43.258 24335 24335 E ArmVmp : Match on catch block at 0xc3 in for 0xa1
04-06 14:03:43.340 24335 24335 E ArmVmp : Match on catch block at 0xc3 in for 0xa1
04-06 14:03:43.343 24335 24335 E ArmVmp : Match on catch block at 0xc3 in for 0xa5
04-06 14:03:43.679 24335 24335 E ArmVmp : Match on catch block at 0xc3 in for 0xa5
04-06 14:03:43.682 24335 24335 E ArmVmp : Match on catch block at 0xc3 in for 0xa9
04-06 14:03:43.926 24335 24335 E ArmVmp : Match on catch block at 0xc3 in for 0xa9
04-06 14:03:43.929 24335 24335 E ArmVmp : Match on catch block at 0xc3 in for 0xa1
04-06 14:03:44.159 24335 24335 E ArmVmp : Match on catch block at 0xc3 in for 0xa1
04-06 14:03:44.162 24335 24335 E ArmVmp : Match on catch block at 0xc3 in for 0xa5
04-06 14:03:44.367 24335 24335 E ArmVmp : Match on catch block at 0xc3 in for 0xa5
04-06 14:03:44.369 24335 24335 E ArmVmp : Match on catch block at 0xc3 in for 0xa9
04-06 14:03:44.377 24335 24335 E ArmVmp : Match on catch block at 0xc3 in for 0xa9
04-06 14:03:44.380 24335 24335 E ArmVmp : Match on catch block at 0xc3 in for 0xa1
04-06 14:03:44.544 24335 24335 E ArmVmp : Match on catch block at 0xc3 in for 0xa1
04-06 14:03:44.552 24335 24335 E ArmVmp : Match on catch block at 0xc3 in for 0xa5
04-06 14:03:44.639 24335 24335 E ArmVmp : Match on catch block at 0xc3 in for 0xa5
04-06 14:03:44.641 24335 24335 E ArmVmp : Match on catch block at 0xc3 in for 0xa9
04-06 14:03:44.755 24335 24335 E ArmVmp : Match on catch block at 0xc3 in for 0xa9
04-06 14:03:44.757 24335 24335 E ArmVmp : Match on catch block at 0xc3 in for 0xa1
04-06 14:03:44.772 24335 24335 E ArmVmp : Match on catch block at 0xc3 in for 0xa1
04-06 14:03:44.774 24335 24335 E ArmVmp : Match on catch block at 0xc3 in for 0xa5
04-06 14:03:44.789 24335 24335 E ArmVmp : Match on catch block at 0xc3 in for 0xa5
04-06 14:03:44.792 24335 24335 E ArmVmp : Match on catch block at 0xc3 in for 0xa9
04-06 14:03:44.807 24335 24335 E ArmVmp : Match on catch block at 0xc3 in for 0xa9
04-06 14:03:44.811 24335 24335 E ArmVmp : Match on catch block at 0xc3 in for 0xa1
04-06 14:03:44.823 24335 24335 E ArmVmp : Match on catch block at 0xc3 in for 0xa1
04-06 14:03:44.826 24335 24335 E ArmVmp : Match on catch block at 0xc3 in for 0xa5
04-06 14:03:44.839 24335 24335 E ArmVmp : Match on catch block at 0xc3 in for 0xa5
04-06 14:03:44.843 24335 24335 E ArmVmp : Match on catch block at 0xc3 in for 0xa9
04-06 14:03:44.856 24335 24335 E ArmVmp : Match on catch block at 0xc3 in for 0xa9
04-06 14:03:44.859 24335 24335 E ArmVmp : Match on catch block at 0xc3 in for 0xa1
04-06 14:03:44.872 24335 24335 E ArmVmp : Match on catch block at 0xc3 in for 0xa1
04-06 14:03:44.876 24335 24335 E ArmVmp : Match on catch block at 0xc3 in for 0xa5
04-06 14:03:44.890 24335 24335 E ArmVmp : Match on catch block at 0xc3 in for 0xa5
04-06 14:03:44.894 24335 24335 E ArmVmp : Match on catch block at 0xc3 in for 0xa9
04-06 14:03:44.905 24335 24335 E ArmVmp : Match on catch block at 0xc3 in for 0xa9
04-06 14:03:44.908 24335 24335 E ArmVmp : Match on catch block at 0xc3 in for 0xa1
04-06 14:03:44.923 24335 24335 E ArmVmp : Match on catch block at 0xc3 in for 0xa1
04-06 14:03:44.926 24335 24335 E ArmVmp : Match on catch block at 0xc3 in for 0xa5
04-06 14:03:44.940 24335 24335 E ArmVmp : Match on catch block at 0xc3 in for 0xa5
04-06 14:03:44.943 24335 24335 E ArmVmp : Match on catch block at 0xc3 in for 0xa9
04-06 14:03:44.957 24335 24335 E ArmVmp : Match on catch block at 0xc3 in for 0xa9
04-06 14:03:44.961 24335 24335 E ArmVmp : Match on catch block at 0xc3 in for 0xa1
04-06 14:03:44.972 24335 24335 E ArmVmp : Match on catch block at 0xc3 in for 0xa1
04-06 14:03:44.976 24335 24335 E ArmVmp : Match on catch block at 0xc3 in for 0xa5
04-06 14:03:44.990 24335 24335 E ArmVmp : Match on catch block at 0xc3 in for 0xa5
04-06 14:03:44.994 24335 24335 E ArmVmp : Match on catch block at 0xc3 in for 0xa9
04-06 14:03:45.006 24335 24335 E ArmVmp : Match on catch block at 0xc3 in for 0xa9
04-06 14:03:45.010 24335 24335 E ArmVmp : Match on catch block at 0xc3 in for 0xa1
04-06 14:03:45.023 24335 24335 E ArmVmp : Match on catch block at 0xc3 in for 0xa1
04-06 14:03:45.027 24335 24335 E ArmVmp : Match on catch block at 0xc3 in for 0xa5
04-06 14:03:45.039 24335 24335 E ArmVmp : Match on catch block at 0xc3 in for 0xa5
04-06 14:03:45.043 24335 24335 E ArmVmp : Match on catch block at 0xc3 in for 0xa9
04-06 14:03:45.056 24335 24335 E ArmVmp : Match on catch block at 0xc3 in for 0xa9
04-06 14:03:45.060 24335 24335 E ArmVmp : Match on catch block at 0xc3 in for 0xa1
04-06 14:03:45.073 24335 24335 E ArmVmp : Match on catch block at 0xc3 in for 0xa1
04-06 14:03:45.077 24335 24335 E ArmVmp : Match on catch block at 0xc3 in for 0xa5
04-06 14:03:45.090 24335 24335 E ArmVmp : Match on catch block at 0xc3 in for 0xa5
04-06 14:03:45.094 24335 24335 E ArmVmp : Match on catch block at 0xc3 in for 0xa9
04-06 14:03:45.107 24335 24335 E ArmVmp : Match on catch block at 0xc3 in for 0xa9
04-06 14:03:45.111 24335 24335 E ArmVmp : Match on catch block at 0xc3 in for 0xa1
04-06 14:03:45.123 24335 24335 E ArmVmp : Match on catch block at 0xc3 in for 0xa1
04-06 14:03:45.127 24335 24335 E ArmVmp : Match on catch block at 0xc3 in for 0xa5
04-06 14:03:45.139 24335 24335 E ArmVmp : Match on catch block at 0xc3 in for 0xa5
04-06 14:03:45.143 24335 24335 E ArmVmp : Match on catch block at 0xc3 in for 0xa9
04-06 14:03:45.157 24335 24335 E ArmVmp : Match on catch block at 0xc3 in for 0xa9
04-06 14:03:45.161 24335 24335 E ArmVmp : Match on catch block at 0xc3 in for 0xa1
04-06 14:03:45.174 24335 24335 E ArmVmp : Match on catch block at 0xc3 in for 0xa1
04-06 14:03:45.178 24335 24335 E ArmVmp : Match on catch block at 0xc3 in for 0xa5
04-06 14:03:45.255 24335 24335 E ArmVmp : Match on catch block at 0xc3 in for 0xa1
04-06 14:03:45.258 24335 24335 E ArmVmp : Match on catch block at 0xc3 in for 0xa5
04-06 14:03:45.274 24335 24335 E ArmVmp : Match on catch block at 0xc3 in for 0xa9
04-06 14:03:45.278 24335 24335 E ArmVmp : Match on catch block at 0xc3 in for 0xa1
04-06 14:03:45.313 24335 24335 E ArmVmp : Match on catch block at 0xc3 in for 0xa5
04-06 14:03:45.320 24335 24335 E ArmVmp : Match on catch block at 0xc3 in for 0xa9
04-06 14:03:45.346 24335 24335 E ArmVmp : Match on catch block at 0xc3 in for 0xa9
04-06 14:03:45.351 24335 24335 E ArmVmp : Match on catch block at 0xc3 in for 0xa1
04-06 14:03:45.397 24335 24335 E ArmVmp : Match on catch block at 0xc3 in for 0xa9
04-06 14:03:45.400 24335 24335 E ArmVmp : Match on catch block at 0xc3 in for 0xa1
04-06 14:03:45.421 24335 24335 E ArmVmp : Match on catch block at 0xc3 in for 0xa9
04-06 14:03:45.423 24335 24335 E ArmVmp : Match on catch block at 0xc3 in for 0xa1
04-06 14:03:45.433 24335 24335 E ArmVmp : Match on catch block at 0xc3 in for 0xa5
04-06 14:03:45.436 24335 24335 E ArmVmp : Match on catch block at 0xc3 in for 0xa9
04-06 14:03:45.455 24335 24335 E ArmVmp : Match on catch block at 0xc3 in for 0xa9
04-06 14:03:45.458 24335 24335 E ArmVmp : Match on catch block at 0xc3 in for 0xa1
04-06 14:03:45.471 24335 24335 E ArmVmp : Match on catch block at 0xc3 in for 0xa1
04-06 14:03:45.473 24335 24335 E ArmVmp : Match on catch block at 0xc3 in for 0xa5
04-06 14:03:45.488 24335 24335 E ArmVmp : Match on catch block at 0xc3 in for 0xa5
04-06 14:03:45.491 24335 24335 E ArmVmp : Match on catch block at 0xc3 in for 0xa9
04-06 14:03:45.509 24335 24335 E ArmVmp : Match on catch block at 0xc3 in for 0xa1
04-06 14:03:45.512 24335 24335 E ArmVmp : Match on catch block at 0xc3 in for 0xa5
04-06 14:03:45.524 24335 24335 E ArmVmp : Match on catch block at 0xc3 in for 0xa1
04-06 14:03:45.526 24335 24335 E ArmVmp : Match on catch block at 0xc3 in for 0xa5
04-06 14:03:45.539 24335 24335 E ArmVmp : Match on catch block at 0xc3 in for 0xa5
04-06 14:03:45.541 24335 24335 E ArmVmp : Match on catch block at 0xc3 in for 0xa9
04-06 14:03:45.556 24335 24335 E ArmVmp : Match on catch block at 0xc3 in for 0xa9
04-06 14:03:45.560 24335 24335 E ArmVmp : Match on catch block at 0xc3 in for 0xa1
04-06 14:03:45.573 24335 24335 E ArmVmp : Match on catch block at 0xc3 in for 0xa1
04-06 14:03:45.577 24335 24335 E ArmVmp : Match on catch block at 0xc3 in for 0xa5
04-06 14:03:45.590 24335 24335 E ArmVmp : Match on catch block at 0xc3 in for 0xa5
04-06 14:03:45.592 24335 24335 E ArmVmp : Match on catch block at 0xc3 in for 0xa9
04-06 14:03:45.612 24335 24335 E ArmVmp : Match on catch block at 0xc3 in for 0xa1
04-06 14:03:45.615 24335 24335 E ArmVmp : Match on catch block at 0xc3 in for 0xa5
04-06 14:03:45.623 24335 24427 W MediaPlayer: Use of stream types is deprecated for
operations other than volume control
04-06 14:03:45.623 24335 24427 W MediaPlayer: See the documentation of
setAudioStreamType() for what to use instead with android.media.AudioAttributes to
qualify your playback use case
04-06 14:03:45.630 24335 24335 E ArmVmp : Match on catch block at 0xc3 in for 0xa5
04-06 14:03:45.632 24335 24335 E ArmVmp : Match on catch block at 0xc3 in for 0xa9
04-06 14:03:45.639 24335 24335 E ArmVmp : Match on catch block at 0xc3 in for 0xa1
04-06 14:03:45.641 24335 24335 E ArmVmp : Match on catch block at 0xc3 in for 0xa5
04-06 14:03:45.656 24335 24335 E ArmVmp : Match on catch block at 0xc3 in for 0xa5
04-06 14:03:45.659 24335 24335 E ArmVmp : Match on catch block at 0xc3 in for 0xa9
04-06 14:03:45.673 24335 24335 E ArmVmp : Match on catch block at 0xc3 in for 0xa9
04-06 14:03:45.676 24335 24335 E ArmVmp : Match on catch block at 0xc3 in for 0xa1
04-06 14:03:45.690 24335 24335 E ArmVmp : Match on catch block at 0xc3 in for 0xa9
04-06 14:03:45.694 24335 24335 E ArmVmp : Match on catch block at 0xc3 in for 0xa1
04-06 14:03:45.706 24335 24335 E ArmVmp : Match on catch block at 0xc3 in for 0xa1
04-06 14:03:45.710 24335 24335 E ArmVmp : Match on catch block at 0xc3 in for 0xa5
04-06 14:03:45.756 24335 24335 E ArmVmp : Match on catch block at 0xc3 in for 0xa5
04-06 14:03:45.759 24335 24335 E ArmVmp : Match on catch block at 0xc3 in for 0xa9
04-06 14:03:45.907 24335 24335 E ArmVmp : Match on catch block at 0xc3 in for 0xa9
04-06 14:03:45.910 24335 24335 E ArmVmp : Match on catch block at 0xc3 in for 0xa1
04-06 14:03:46.274 24335 24335 E ArmVmp : Match on catch block at 0xc3 in for 0xa1
04-06 14:03:46.278 24335 24335 E ArmVmp : Match on catch block at 0xc3 in for 0xa5
04-06 14:03:46.442 24335 24335 E ArmVmp : Match on catch block at 0xc3 in for 0xa5
04-06 14:03:46.447 24335 24335 E ArmVmp : Match on catch block at 0xc3 in for 0xa9
04-06 14:03:46.606 24335 24335 E ArmVmp : Match on catch block at 0xc3 in for 0xa9
04-06 14:03:46.608 24335 24335 E ArmVmp : Match on catch block at 0xc3 in for 0xa1
04-06 14:03:46.789 24335 24335 E ArmVmp : Match on catch block at 0xc3 in for 0xa1
04-06 14:03:46.792 24335 24335 E ArmVmp : Match on catch block at 0xc3 in for 0xa5
04-06 14:03:47.040 24335 24335 E ArmVmp : Match on catch block at 0xc3 in for 0xa5
04-06 14:03:47.042 24335 24335 E ArmVmp : Match on catch block at 0xc3 in for 0xa9
04-06 14:03:47.205 24335 24335 E ArmVmp : Match on catch block at 0xc3 in for 0xa9
04-06 14:03:47.207 24335 24335 E ArmVmp : Match on catch block at 0xc3 in for 0xa1
04-06 14:03:47.222 24335 24335 E ArmVmp : Match on catch block at 0xc3 in for 0xa1
04-06 14:03:47.224 24335 24335 E ArmVmp : Match on catch block at 0xc3 in for 0xa5
04-06 14:03:47.239 24335 24335 E ArmVmp : Match on catch block at 0xc3 in for 0xa5
04-06 14:03:47.240 24335 24335 E ArmVmp : Match on catch block at 0xc3 in for 0xa9
04-06 14:03:47.255 24335 24335 E ArmVmp : Match on catch block at 0xc3 in for 0xa9
04-06 14:03:47.258 24335 24335 E ArmVmp : Match on catch block at 0xc3 in for 0xa1
04-06 14:03:47.272 24335 24335 E ArmVmp : Match on catch block at 0xc3 in for 0xa1
04-06 14:03:47.274 24335 24335 E ArmVmp : Match on catch block at 0xc3 in for 0xa5
04-06 14:03:47.291 24335 24335 E ArmVmp : Match on catch block at 0xc3 in for 0xa5
04-06 14:03:47.296 24335 24335 E ArmVmp : Match on catch block at 0xc3 in for 0xa9
04-06 14:03:47.305 24335 24335 E ArmVmp : Match on catch block at 0xc3 in for 0xa9
04-06 14:03:47.308 24335 24335 E ArmVmp : Match on catch block at 0xc3 in for 0xa1
04-06 14:03:47.323 24335 24335 E ArmVmp : Match on catch block at 0xc3 in for 0xa1
04-06 14:03:47.328 24335 24335 E ArmVmp : Match on catch block at 0xc3 in for 0xa5
04-06 14:03:47.340 24335 24335 E ArmVmp : Match on catch block at 0xc3 in for 0xa5
04-06 14:03:47.343 24335 24335 E ArmVmp : Match on catch block at 0xc3 in for 0xa9
04-06 14:03:47.356 24335 24335 E ArmVmp : Match on catch block at 0xc3 in for 0xa9
04-06 14:03:47.359 24335 24335 E ArmVmp : Match on catch block at 0xc3 in for 0xa1
04-06 14:03:47.373 24335 24335 E ArmVmp : Match on catch block at 0xc3 in for 0xa1
04-06 14:03:47.376 24335 24335 E ArmVmp : Match on catch block at 0xc3 in for 0xa5
04-06 14:03:47.390 24335 24335 E ArmVmp : Match on catch block at 0xc3 in for 0xa5
04-06 14:03:47.394 24335 24335 E ArmVmp : Match on catch block at 0xc3 in for 0xa9
04-06 14:03:47.406 24335 24335 E ArmVmp : Match on catch block at 0xc3 in for 0xa9
04-06 14:03:47.409 24335 24335 E ArmVmp : Match on catch block at 0xc3 in for 0xa1
04-06 14:03:47.423 24335 24335 E ArmVmp : Match on catch block at 0xc3 in for 0xa1
04-06 14:03:47.427 24335 24335 E ArmVmp : Match on catch block at 0xc3 in for 0xa5
04-06 14:03:47.439 24335 24335 E ArmVmp : Match on catch block at 0xc3 in for 0xa5
04-06 14:03:47.443 24335 24335 E ArmVmp : Match on catch block at 0xc3 in for 0xa9
04-06 14:03:47.456 24335 24335 E ArmVmp : Match on catch block at 0xc3 in for 0xa9
04-06 14:03:47.459 24335 24335 E ArmVmp : Match on catch block at 0xc3 in for 0xa1
04-06 14:03:47.473 24335 24335 E ArmVmp : Match on catch block at 0xc3 in for 0xa1
04-06 14:03:47.475 24335 24335 E ArmVmp : Match on catch block at 0xc3 in for 0xa5
04-06 14:03:47.489 24335 24335 E ArmVmp : Match on catch block at 0xc3 in for 0xa5
04-06 14:03:47.492 24335 24335 E ArmVmp : Match on catch block at 0xc3 in for 0xa9
04-06 14:03:47.572 24335 24335 E ArmVmp : Match on catch block at 0xc3 in for 0xa9
04-06 14:03:47.576 24335 24335 E ArmVmp : Match on catch block at 0xc3 in for 0xa1
04-06 14:03:47.822 24335 24335 E ArmVmp : Match on catch block at 0xc3 in for 0xa1
04-06 14:03:47.825 24335 24335 E ArmVmp : Match on catch block at 0xc3 in for 0xa5
04-06 14:03:47.940 24335 24335 E ArmVmp : Match on catch block at 0xc3 in for 0xa5
04-06 14:03:47.942 24335 24335 E ArmVmp : Match on catch block at 0xc3 in for 0xa9
04-06 14:03:47.964 24335 24335 E ArmVmp : Match on catch block at 0xc3 in for 0xa1
04-06 14:03:47.969 24335 24335 E ArmVmp : Match on catch block at 0xc3 in for 0xa5
04-06 14:03:47.999 24335 24335 E ArmVmp : Match on catch block at 0xc3 in for 0xa1
04-06 14:03:48.003 24335 24335 E ArmVmp : Match on catch block at 0xc3 in for 0xa5
04-06 14:03:48.036 24335 24335 E ArmVmp : Match on catch block at 0xc3 in for 0xa5
04-06 14:03:48.038 24335 24335 E ArmVmp : Match on catch block at 0xc3 in for 0xa9
04-06 14:03:48.050 24335 24335 E ArmVmp : Match on catch block at 0xc3 in for 0xa9
04-06 14:03:48.052 24335 24335 E ArmVmp : Match on catch block at 0xc3 in for 0xa1
04-06 14:03:48.057 24335 24335 E ArmVmp : Match on catch block at 0xc3 in for 0xa5
04-06 14:03:48.061 24335 24335 E ArmVmp : Match on catch block at 0xc3 in for 0xa9
04-06 14:03:48.072 24335 24335 E ArmVmp : Match on catch block at 0xc3 in for 0xa9
04-06 14:03:48.074 24335 24335 E ArmVmp : Match on catch block at 0xc3 in for 0xa1
04-06 14:03:48.088 24335 24335 E ArmVmp : Match on catch block at 0xc3 in for 0xa1
04-06 14:03:48.091 24335 24335 E ArmVmp : Match on catch block at 0xc3 in for 0xa5
04-06 14:03:48.111 24335 24335 E ArmVmp : Match on catch block at 0xc3 in for 0xa5
04-06 14:03:48.113 24335 24335 E ArmVmp : Match on catch block at 0xc3 in for 0xa9
04-06 14:03:48.123 24335 24335 E ArmVmp : Match on catch block at 0xc3 in for 0xa9
04-06 14:03:48.126 24335 24335 E ArmVmp : Match on catch block at 0xc3 in for 0xa1
04-06 14:03:48.139 24335 24335 E ArmVmp : Match on catch block at 0xc3 in for 0xa1
04-06 14:03:48.141 24335 24335 E ArmVmp : Match on catch block at 0xc3 in for 0xa5
04-06 14:03:48.155 24335 24335 E ArmVmp : Match on catch block at 0xc3 in for 0xa5
04-06 14:03:48.156 24335 24349 W RefBase : CallStack::getCurrentInternal not
linked, returning null
04-06 14:03:48.156 24335 24349 W RefBase : CallStack::logStackInternal not linked
04-06 14:03:48.158 24335 24335 E ArmVmp : Match on catch block at 0xc3 in for 0xa9
04-06 14:03:48.310 24335 24335 E ArmVmp : Match on catch block at 0xc3 in for 0xa5
04-06 14:03:48.312 24335 24335 E ArmVmp : Match on catch block at 0xc3 in for 0xa9
04-06 14:03:48.317 24335 24427 W MediaPlayer: Use of stream types is deprecated for
operations other than volume control
04-06 14:03:48.317 24335 24427 W MediaPlayer: See the documentation of
setAudioStreamType() for what to use instead with android.media.AudioAttributes to
qualify your playback use case
04-06 14:03:48.322 24335 24335 E ArmVmp : Match on catch block at 0xc3 in for 0xa9
04-06 14:03:48.324 24335 24335 E ArmVmp : Match on catch block at 0xc3 in for 0xa1
04-06 14:03:48.455 24335 24335 E ArmVmp : Match on catch block at 0xc3 in for 0xa1
04-06 14:03:48.458 24335 24335 E ArmVmp : Match on catch block at 0xc3 in for 0xa5
04-06 14:03:48.693 24335 24335 E ArmVmp : Match on catch block at 0xc3 in for 0xa1
04-06 14:03:48.696 24335 24335 E ArmVmp : Match on catch block at 0xc3 in for 0xa5
04-06 14:03:48.704 24335 24335 E ArmVmp : Match on catch block at 0xc3 in for 0xa1
04-06 14:03:48.705 24335 24335 E ArmVmp : Match on catch block at 0xc3 in for 0xa5
04-06 14:03:48.955 24335 24335 E ArmVmp : Match on catch block at 0xc3 in for 0xa5
04-06 14:03:48.957 24335 24335 E ArmVmp : Match on catch block at 0xc3 in for 0xa9
04-06 14:03:49.025 24335 24335 E ArmVmp : Match on catch block at 0xc3 in for 0xa5
04-06 14:03:49.028 24335 24335 E ArmVmp : Match on catch block at 0xc3 in for 0xa9
04-06 14:03:49.038 24335 24335 E ArmVmp : Match on catch block at 0xc3 in for 0xa5
04-06 14:03:49.040 24335 24335 E ArmVmp : Match on catch block at 0xc3 in for 0xa9
04-06 14:03:49.069 24335 24335 E GraphicExt:
GraphicExtModuleLoader::CreateGraphicExtInstance false
04-06 14:03:49.147 24335 24335 E ArmVmp : Match on catch block at 0xc3 in for 0xa9
04-06 14:03:49.152 24335 24335 E ArmVmp : Match on catch block at 0xc3 in for 0xa1
04-06 14:03:49.686 24335 24335 E ArmVmp : Match on catch block at 0xc3 in for 0xa9
04-06 14:03:49.689 24335 24335 E ArmVmp : Match on catch block at 0xc3 in for 0xa1
04-06 14:03:55.065 24335 24335 W ActivityThread: handleWindowVisibility: no
activity for token android.os.BinderProxy@d5ef4c0
04-06 14:03:55.231 24335 24335 E ArmVmp : Match on catch block at 0x0a in for 0xc1
04-06 14:03:55.233 24335 24505 W System : ClassLoader referenced unknown path:
system/framework/mediatek-cta.jar
04-06 14:03:55.233 24335 24335 E ArmVmp : Match on catch block at 0x0a in for 0xc9
04-06 14:03:55.284 24335 24335 E GraphicExt:
GraphicExtModuleLoader::CreateGraphicExtInstance false
04-06 14:03:55.351 24335 24335 E ArmVmp : Match on catch block at 0xc3 in for 0xb5
04-06 14:03:55.353 24335 24335 E ArmVmp : Match on catch block at 0xc3 in for 0xb5
04-06 14:03:55.388 24335 24335 E ArmVmp : Match on catch block at 0xc3 in for 0xa5
04-06 14:03:55.390 24335 24335 E ArmVmp : Match on catch block at 0xc3 in for 0xa9
04-06 14:03:55.416 24335 24335 E ArmVmp : Match on catch block at 0xc3 in for 0xa5
04-06 14:03:55.418 24335 24335 E ArmVmp : Match on catch block at 0xc3 in for 0xa9
04-06 14:03:55.426 24335 24335 E ArmVmp : Match on catch block at 0xc3 in for 0xa9
04-06 14:03:55.428 24335 24335 E ArmVmp : Match on catch block at 0xc3 in for 0xa1
04-06 14:03:55.439 24335 24335 E ArmVmp : Match on catch block at 0xc3 in for 0xa1
04-06 14:03:55.441 24335 24335 E ArmVmp : Match on catch block at 0xc3 in for 0xa5
04-06 14:03:55.456 24335 24335 E ArmVmp : Match on catch block at 0xc3 in for 0xa5
04-06 14:03:55.458 24335 24335 E ArmVmp : Match on catch block at 0xc3 in for 0xa9
04-06 14:03:55.536 24335 24505 W System : ClassLoader referenced unknown path:
system/framework/mediatek-cta.jar
04-06 14:03:55.925 24335 24335 E ArmVmp : Match on catch block at 0xc3 in for 0xa9
04-06 14:03:55.929 24335 24335 E ArmVmp : Match on catch block at 0xc3 in for 0xa1
04-06 14:03:56.076 24335 24335 E ArmVmp : Match on catch block at 0xc3 in for 0xa1
04-06 14:03:56.081 24335 24335 E ArmVmp : Match on catch block at 0xc3 in for 0xa5
04-06 14:03:56.091 24335 24335 E ArmVmp : Match on catch block at 0xc3 in for 0xa5
04-06 14:03:56.095 24335 24335 E ArmVmp : Match on catch block at 0xc3 in for 0xa9
04-06 14:03:56.107 24335 24335 E ArmVmp : Match on catch block at 0xc3 in for 0xa9
04-06 14:03:56.111 24335 24335 E ArmVmp : Match on catch block at 0xc3 in for 0xa1
04-06 14:03:56.124 24335 24335 E ArmVmp : Match on catch block at 0xc3 in for 0xa1
04-06 14:03:56.128 24335 24335 E ArmVmp : Match on catch block at 0xc3 in for 0xa5
04-06 14:03:56.141 24335 24335 E ArmVmp : Match on catch block at 0xc3 in for 0xa5
04-06 14:03:56.145 24335 24335 E ArmVmp : Match on catch block at 0xc3 in for 0xa9
04-06 14:03:56.158 24335 24335 E ArmVmp : Match on catch block at 0xc3 in for 0xa9
04-06 14:03:56.162 24335 24335 E ArmVmp : Match on catch block at 0xc3 in for 0xa1
04-06 14:03:56.174 24335 24335 E ArmVmp : Match on catch block at 0xc3 in for 0xa1
04-06 14:03:56.177 24335 24335 E ArmVmp : Match on catch block at 0xc3 in for 0xa5
04-06 14:03:56.191 24335 24335 E ArmVmp : Match on catch block at 0xc3 in for 0xa5
04-06 14:03:56.195 24335 24335 E ArmVmp : Match on catch block at 0xc3 in for 0xa9
04-06 14:03:56.208 24335 24335 E ArmVmp : Match on catch block at 0xc3 in for 0xa9
04-06 14:03:56.211 24335 24335 E ArmVmp : Match on catch block at 0xc3 in for 0xa1
04-06 14:03:56.224 24335 24335 E ArmVmp : Match on catch block at 0xc3 in for 0xa1
04-06 14:03:56.229 24335 24335 E ArmVmp : Match on catch block at 0xc3 in for 0xa5
04-06 14:03:56.241 24335 24335 E ArmVmp : Match on catch block at 0xc3 in for 0xa5
